40.77.167.16 - - [14/Apr/2026:15:38:11 +0300] "GET /products/incompatible/remembrance175633658398 HTTP/1.1" 200 3831 "-" "Mozilla/5.0 AppleWebKit/537.36 (KHTML, like Gecko; compatible; bingbot/2.0; +http://www.bing.com/bingbot.htm) Chrome/116.0.1938.76 Safari/537.36"
40.77.167.16 - - [14/Apr/2026:15:38:14 +0300] "GET /products/detail/21988843649 HTTP/1.1" 200 3831 "-" "Mozilla/5.0 AppleWebKit/537.36 (KHTML, like Gecko; compatible; bingbot/2.0; +http://www.bing.com/bingbot.htm) Chrome/116.0.1938.76 Safari/537.36"
136.243.228.194 - - [14/Apr/2026:15:38:14 +0300] "GET /products/detail/21923407206 HTTP/1.1" 200 3831 "-" "Mozilla/5.0 (compatible; DataForSeoBot/1.0; +https://dataforseo.com/dataforseo-bot)"
40.77.167.16 - - [14/Apr/2026:15:38:17 +0300] "GET /products/detail/21954631358 HTTP/1.1" 200 3831 "-" "Mozilla/5.0 AppleWebKit/537.36 (KHTML, like Gecko; compatible; bingbot/2.0; +http://www.bing.com/bingbot.htm) Chrome/116.0.1938.76 Safari/537.36"
167.114.139.149 - - [14/Apr/2026:15:38:18 +0300] "GET /products/detail/21957684507 HTTP/1.1" 200 3831 "-" "Mozilla/5.0 (compatible; AhrefsBot/7.0; +http://ahrefs.com/robot/)"
136.243.228.194 - - [14/Apr/2026:15:38:18 +0300] "GET /products/detail/21972269861 HTTP/1.1" 200 3831 "-" "Mozilla/5.0 (compatible; DataForSeoBot/1.0; +https://dataforseo.com/dataforseo-bot)"
40.77.167.16 - - [14/Apr/2026:15:38:20 +0300] "GET /products/detail/219315920554 HTTP/1.1" 200 3836 "-" "Mozilla/5.0 AppleWebKit/537.36 (KHTML, like Gecko; compatible; bingbot/2.0; +http://www.bing.com/bingbot.htm) Chrome/116.0.1938.76 Safari/537.36"
136.243.228.194 - - [14/Apr/2026:15:38:22 +0300] "GET /products/detail/21972296327 HTTP/1.1" 200 3836 "-" "Mozilla/5.0 (compatible; DataForSeoBot/1.0; +https://dataforseo.com/dataforseo-bot)"
40.77.167.16 - - [14/Apr/2026:15:38:23 +0300] "GET /products/detail/21957702849 HTTP/1.1" 200 3831 "-" "Mozilla/5.0 AppleWebKit/537.36 (KHTML, like Gecko; compatible; bingbot/2.0; +http://www.bing.com/bingbot.htm) Chrome/116.0.1938.76 Safari/537.36"
40.77.167.16 - - [14/Apr/2026:15:38:26 +0300] "GET /products/detail/21923121704 HTTP/1.1" 200 3831 "-" "Mozilla/5.0 AppleWebKit/537.36 (KHTML, like Gecko; compatible; bingbot/2.0; +http://www.bing.com/bingbot.htm) Chrome/116.0.1938.76 Safari/537.36"
136.243.228.194 - - [14/Apr/2026:15:38:26 +0300] "GET /products/detail/21954573111 HTTP/1.1" 200 3831 "-" "Mozilla/5.0 (compatible; DataForSeoBot/1.0; +https://dataforseo.com/dataforseo-bot)"
40.77.167.16 - - [14/Apr/2026:15:38:29 +0300] "GET /products/detail/219292895888 HTTP/1.1" 200 3831 "-" "Mozilla/5.0 AppleWebKit/537.36 (KHTML, like Gecko; compatible; bingbot/2.0; +http://www.bing.com/bingbot.htm) Chrome/116.0.1938.76 Safari/537.36"
136.243.228.194 - - [14/Apr/2026:15:38:30 +0300] "GET /products/detail/21947365184 HTTP/1.1" 200 3831 "-" "Mozilla/5.0 (compatible; DataForSeoBot/1.0; +https://dataforseo.com/dataforseo-bot)"
40.77.167.16 - - [14/Apr/2026:15:38:32 +0300] "GET /products/profiles/articles176035740510 HTTP/1.1" 200 3831 "-" "Mozilla/5.0 AppleWebKit/537.36 (KHTML, like Gecko; compatible; bingbot/2.0; +http://www.bing.com/bingbot.htm) Chrome/116.0.1938.76 Safari/537.36"
136.243.228.194 - - [14/Apr/2026:15:38:34 +0300] "GET /products/detail/21954532134 HTTP/1.1" 200 3831 "-" "Mozilla/5.0 (compatible; DataForSeoBot/1.0; +https://dataforseo.com/dataforseo-bot)"
40.77.167.16 - - [14/Apr/2026:15:38:35 +0300] "GET /products/detail/219570418410 HTTP/1.1" 200 3836 "-" "Mozilla/5.0 AppleWebKit/537.36 (KHTML, like Gecko; compatible; bingbot/2.0; +http://www.bing.com/bingbot.htm) Chrome/116.0.1938.76 Safari/537.36"
136.243.228.194 - - [14/Apr/2026:15:38:38 +0300] "GET /products/detail/21982820061 HTTP/1.1" 200 3831 "-" "Mozilla/5.0 (compatible; DataForSeoBot/1.0; +https://dataforseo.com/dataforseo-bot)"
136.243.228.194 - - [14/Apr/2026:15:38:42 +0300] "GET /products/detail/21944235134 HTTP/1.1" 200 3831 "-" "Mozilla/5.0 (compatible; DataForSeoBot/1.0; +https://dataforseo.com/dataforseo-bot)"
40.77.167.16 - - [14/Apr/2026:15:38:44 +0300] "GET /products/if/courts172058123844 HTTP/1.1" 200 3831 "-" "Mozilla/5.0 AppleWebKit/537.36 (KHTML, like Gecko; compatible; bingbot/2.0; +http://www.bing.com/bingbot.htm) Chrome/116.0.1938.76 Safari/537.36"
136.243.228.194 - - [14/Apr/2026:15:38:46 +0300] "GET /products/detail/21944437781 HTTP/1.1" 200 3831 "-" "Mozilla/5.0 (compatible; DataForSeoBot/1.0; +https://dataforseo.com/dataforseo-bot)"
136.243.228.194 - - [14/Apr/2026:15:38:50 +0300] "GET /products/detail/21947006432 HTTP/1.1" 200 3831 "-" "Mozilla/5.0 (compatible; DataForSeoBot/1.0; +https://dataforseo.com/dataforseo-bot)"
40.77.167.16 - - [14/Apr/2026:15:38:50 +0300] "GET /products/ops/transferable16911099938 HTTP/1.1" 200 3831 "-" "Mozilla/5.0 AppleWebKit/537.36 (KHTML, like Gecko; compatible; bingbot/2.0; +http://www.bing.com/bingbot.htm) Chrome/116.0.1938.76 Safari/537.36"
40.77.167.16 - - [14/Apr/2026:15:38:53 +0300] "GET /products/detail/21982835084 HTTP/1.1" 200 3836 "-" "Mozilla/5.0 AppleWebKit/537.36 (KHTML, like Gecko; compatible; bingbot/2.0; +http://www.bing.com/bingbot.htm) Chrome/116.0.1938.76 Safari/537.36"
136.243.228.194 - - [14/Apr/2026:15:38:54 +0300] "GET /products/detail/21944047259 HTTP/1.1" 200 3831 "-" "Mozilla/5.0 (compatible; DataForSeoBot/1.0; +https://dataforseo.com/dataforseo-bot)"
136.243.228.194 - - [14/Apr/2026:15:38:58 +0300] "GET /products/detail/21982573527 HTTP/1.1" 200 3831 "-" "Mozilla/5.0 (compatible; DataForSeoBot/1.0; +https://dataforseo.com/dataforseo-bot)"
136.243.228.194 - - [14/Apr/2026:15:39:02 +0300] "GET /products/detail/21926397087 HTTP/1.1" 200 3831 "-" "Mozilla/5.0 (compatible; DataForSeoBot/1.0; +https://dataforseo.com/dataforseo-bot)"
136.243.228.194 - - [14/Apr/2026:15:39:06 +0300] "GET /products/detail/21933532234 HTTP/1.1" 200 3831 "-" "Mozilla/5.0 (compatible; DataForSeoBot/1.0; +https://dataforseo.com/dataforseo-bot)"
136.243.228.194 - - [14/Apr/2026:15:39:10 +0300] "GET /products/detail/21933537556 HTTP/1.1" 200 3831 "-" "Mozilla/5.0 (compatible; DataForSeoBot/1.0; +https://dataforseo.com/dataforseo-bot)"
136.243.228.194 - - [14/Apr/2026:15:39:14 +0300] "GET /products/detail/21944332109 HTTP/1.1" 200 3831 "-" "Mozilla/5.0 (compatible; DataForSeoBot/1.0; +https://dataforseo.com/dataforseo-bot)"
136.243.228.194 - - [14/Apr/2026:15:39:18 +0300] "GET /products/detail/21954934497 HTTP/1.1" 200 3831 "-" "Mozilla/5.0 (compatible; DataForSeoBot/1.0; +https://dataforseo.com/dataforseo-bot)"
54.39.6.45 - - [14/Apr/2026:15:39:21 +0300] "GET /products/detail/21957681301 HTTP/1.1" 200 3836 "-" "Mozilla/5.0 (compatible; AhrefsBot/7.0; +http://ahrefs.com/robot/)"
136.243.228.194 - - [14/Apr/2026:15:39:22 +0300] "GET /products/detail/21972396134 HTTP/1.1" 200 3831 "-" "Mozilla/5.0 (compatible; DataForSeoBot/1.0; +https://dataforseo.com/dataforseo-bot)"
40.77.167.16 - - [14/Apr/2026:15:39:25 +0300] "GET /products/detail/219461263763 HTTP/1.1" 200 3836 "-" "Mozilla/5.0 AppleWebKit/537.36 (KHTML, like Gecko; compatible; bingbot/2.0; +http://www.bing.com/bingbot.htm) Chrome/116.0.1938.76 Safari/537.36"
136.243.228.194 - - [14/Apr/2026:15:39:26 +0300] "GET /products/detail/21982988817 HTTP/1.1" 200 3831 "-" "Mozilla/5.0 (compatible; DataForSeoBot/1.0; +https://dataforseo.com/dataforseo-bot)"
40.77.167.16 - - [14/Apr/2026:15:39:28 +0300] "GET /products/detail/219494358654 HTTP/1.1" 200 3831 "-" "Mozilla/5.0 AppleWebKit/537.36 (KHTML, like Gecko; compatible; bingbot/2.0; +http://www.bing.com/bingbot.htm) Chrome/116.0.1938.76 Safari/537.36"
136.243.228.194 - - [14/Apr/2026:15:39:30 +0300] "GET /products/detail/21957624651 HTTP/1.1" 200 3831 "-" "Mozilla/5.0 (compatible; DataForSeoBot/1.0; +https://dataforseo.com/dataforseo-bot)"
136.243.228.194 - - [14/Apr/2026:15:39:34 +0300] "GET /products/detail/21978161837 HTTP/1.1" 200 3831 "-" "Mozilla/5.0 (compatible; DataForSeoBot/1.0; +https://dataforseo.com/dataforseo-bot)"
136.243.228.194 - - [14/Apr/2026:15:39:38 +0300] "GET /products/detail/21954586842 HTTP/1.1" 200 3831 "-" "Mozilla/5.0 (compatible; DataForSeoBot/1.0; +https://dataforseo.com/dataforseo-bot)"
40.77.167.16 - - [14/Apr/2026:15:38:56 +0300] "GET /products/detail/219410131115 HTTP/1.1" 200 187 "-" "Mozilla/5.0 AppleWebKit/537.36 (KHTML, like Gecko; compatible; bingbot/2.0; +http://www.bing.com/bingbot.htm) Chrome/116.0.1938.76 Safari/537.36"
136.243.228.194 - - [14/Apr/2026:15:39:42 +0300] "GET /products/detail/21923210346 HTTP/1.1" 200 3831 "-" "Mozilla/5.0 (compatible; DataForSeoBot/1.0; +https://dataforseo.com/dataforseo-bot)"
136.243.228.194 - - [14/Apr/2026:15:39:46 +0300] "GET /products/detail/21972439109 HTTP/1.1" 200 3831 "-" "Mozilla/5.0 (compatible; DataForSeoBot/1.0; +https://dataforseo.com/dataforseo-bot)"
136.243.228.194 - - [14/Apr/2026:15:39:50 +0300] "GET /products/detail/21978342734 HTTP/1.1" 200 3831 "-" "Mozilla/5.0 (compatible; DataForSeoBot/1.0; +https://dataforseo.com/dataforseo-bot)"
136.243.228.194 - - [14/Apr/2026:15:39:55 +0300] "GET /products/detail/21982534341 HTTP/1.1" 200 3836 "-" "Mozilla/5.0 (compatible; DataForSeoBot/1.0; +https://dataforseo.com/dataforseo-bot)"
136.243.228.194 - - [14/Apr/2026:15:39:59 +0300] "GET /products/detail/21972339371 HTTP/1.1" 200 3831 "-" "Mozilla/5.0 (compatible; DataForSeoBot/1.0; +https://dataforseo.com/dataforseo-bot)"
136.243.228.194 - - [14/Apr/2026:15:40:03 +0300] "GET /products/detail/21926021181 HTTP/1.1" 200 3831 "-" "Mozilla/5.0 (compatible; DataForSeoBot/1.0; +https://dataforseo.com/dataforseo-bot)"
136.243.228.194 - - [14/Apr/2026:15:40:07 +0300] "GET /products/detail/21923067684 HTTP/1.1" 200 3831 "-" "Mozilla/5.0 (compatible; DataForSeoBot/1.0; +https://dataforseo.com/dataforseo-bot)"
136.243.228.194 - - [14/Apr/2026:15:40:11 +0300] "GET /products/detail/21972165197 HTTP/1.1" 200 3831 "-" "Mozilla/5.0 (compatible; DataForSeoBot/1.0; +https://dataforseo.com/dataforseo-bot)"
136.243.228.194 - - [14/Apr/2026:15:40:15 +0300] "GET /products/detail/21936808297 HTTP/1.1" 200 3831 "-" "Mozilla/5.0 (compatible; DataForSeoBot/1.0; +https://dataforseo.com/dataforseo-bot)"
142.44.228.130 - - [14/Apr/2026:15:40:18 +0300] "GET /products/detail/21957676279 HTTP/1.1" 200 3831 "-" "Mozilla/5.0 (compatible; AhrefsBot/7.0; +http://ahrefs.com/robot/)"
136.243.228.194 - - [14/Apr/2026:15:40:20 +0300] "GET /products/detail/21972213761 HTTP/1.1" 200 3831 "-" "Mozilla/5.0 (compatible; DataForSeoBot/1.0; +https://dataforseo.com/dataforseo-bot)"
136.243.228.194 - - [14/Apr/2026:15:40:23 +0300] "GET /products/detail/21972196997 HTTP/1.1" 200 3831 "-" "Mozilla/5.0 (compatible; DataForSeoBot/1.0; +https://dataforseo.com/dataforseo-bot)"
136.243.228.194 - - [14/Apr/2026:15:40:27 +0300] "GET /products/detail/21982942056 HTTP/1.1" 200 3836 "-" "Mozilla/5.0 (compatible; DataForSeoBot/1.0; +https://dataforseo.com/dataforseo-bot)"
136.243.228.194 - - [14/Apr/2026:15:40:31 +0300] "GET /products/detail/21954663006 HTTP/1.1" 200 3831 "-" "Mozilla/5.0 (compatible; DataForSeoBot/1.0; +https://dataforseo.com/dataforseo-bot)"
136.243.228.194 - - [14/Apr/2026:15:40:35 +0300] "GET /products/detail/21933684652 HTTP/1.1" 200 3831 "-" "Mozilla/5.0 (compatible; DataForSeoBot/1.0; +https://dataforseo.com/dataforseo-bot)"
136.243.228.194 - - [14/Apr/2026:15:40:39 +0300] "GET /products/detail/21985694634 HTTP/1.1" 200 3831 "-" "Mozilla/5.0 (compatible; DataForSeoBot/1.0; +https://dataforseo.com/dataforseo-bot)"
136.243.228.194 - - [14/Apr/2026:15:40:43 +0300] "GET /products/detail/21944260796 HTTP/1.1" 200 3836 "-" "Mozilla/5.0 (compatible; DataForSeoBot/1.0; +https://dataforseo.com/dataforseo-bot)"
136.243.228.194 - - [14/Apr/2026:15:40:47 +0300] "GET /products/detail/21985645611 HTTP/1.1" 200 3836 "-" "Mozilla/5.0 (compatible; DataForSeoBot/1.0; +https://dataforseo.com/dataforseo-bot)"
136.243.228.194 - - [14/Apr/2026:15:40:51 +0300] "GET /products/detail/21972347237 HTTP/1.1" 200 3836 "-" "Mozilla/5.0 (compatible; DataForSeoBot/1.0; +https://dataforseo.com/dataforseo-bot)"
136.243.228.194 - - [14/Apr/2026:15:40:55 +0300] "GET /products/detail/21923163381 HTTP/1.1" 200 3831 "-" "Mozilla/5.0 (compatible; DataForSeoBot/1.0; +https://dataforseo.com/dataforseo-bot)"
136.243.228.194 - - [14/Apr/2026:15:40:59 +0300] "GET /products/detail/21975366101 HTTP/1.1" 200 3836 "-" "Mozilla/5.0 (compatible; DataForSeoBot/1.0; +https://dataforseo.com/dataforseo-bot)"
136.243.228.194 - - [14/Apr/2026:15:41:03 +0300] "GET /products/detail/21975211331 HTTP/1.1" 200 3836 "-" "Mozilla/5.0 (compatible; DataForSeoBot/1.0; +https://dataforseo.com/dataforseo-bot)"
136.243.228.194 - - [14/Apr/2026:15:41:07 +0300] "GET /products/detail/21972125234 HTTP/1.1" 200 3831 "-" "Mozilla/5.0 (compatible; DataForSeoBot/1.0; +https://dataforseo.com/dataforseo-bot)"
54.39.203.45 - - [14/Apr/2026:15:41:10 +0300] "GET /products/detail/21957670928 HTTP/1.1" 200 3831 "-" "Mozilla/5.0 (compatible; AhrefsBot/7.0; +http://ahrefs.com/robot/)"
136.243.228.194 - - [14/Apr/2026:15:41:11 +0300] "GET /products/detail/21962094226 HTTP/1.1" 200 3831 "-" "Mozilla/5.0 (compatible; DataForSeoBot/1.0; +https://dataforseo.com/dataforseo-bot)"
136.243.228.194 - - [14/Apr/2026:15:41:15 +0300] "GET /products/detail/21944491481 HTTP/1.1" 200 3831 "-" "Mozilla/5.0 (compatible; DataForSeoBot/1.0; +https://dataforseo.com/dataforseo-bot)"
136.243.228.194 - - [14/Apr/2026:15:41:19 +0300] "GET /products/detail/21985556577 HTTP/1.1" 200 3831 "-" "Mozilla/5.0 (compatible; DataForSeoBot/1.0; +https://dataforseo.com/dataforseo-bot)"
136.243.228.194 - - [14/Apr/2026:15:41:23 +0300] "GET /products/detail/21972487181 HTTP/1.1" 200 3831 "-" "Mozilla/5.0 (compatible; DataForSeoBot/1.0; +https://dataforseo.com/dataforseo-bot)"
136.243.228.194 - - [14/Apr/2026:15:41:27 +0300] "GET /products/detail/21944203259 HTTP/1.1" 200 3831 "-" "Mozilla/5.0 (compatible; DataForSeoBot/1.0; +https://dataforseo.com/dataforseo-bot)"
136.243.228.194 - - [14/Apr/2026:15:41:31 +0300] "GET /products/detail/21972374042 HTTP/1.1" 200 3836 "-" "Mozilla/5.0 (compatible; DataForSeoBot/1.0; +https://dataforseo.com/dataforseo-bot)"
52.167.144.210 - - [14/Apr/2026:15:41:32 +0300] "GET /products/detail/21954813316 HTTP/1.1" 200 3831 "-" "Mozilla/5.0 AppleWebKit/537.36 (KHTML, like Gecko; compatible; bingbot/2.0; +http://www.bing.com/bingbot.htm) Chrome/116.0.1938.76 Safari/537.36"
136.243.228.194 - - [14/Apr/2026:15:41:35 +0300] "GET /products/detail/21982954701 HTTP/1.1" 200 3831 "-" "Mozilla/5.0 (compatible; DataForSeoBot/1.0; +https://dataforseo.com/dataforseo-bot)"
136.243.228.194 - - [14/Apr/2026:15:41:39 +0300] "GET /products/detail/21985793652 HTTP/1.1" 200 3831 "-" "Mozilla/5.0 (compatible; DataForSeoBot/1.0; +https://dataforseo.com/dataforseo-bot)"
136.243.228.194 - - [14/Apr/2026:15:41:43 +0300] "GET /products/detail/21982680756 HTTP/1.1" 200 3836 "-" "Mozilla/5.0 (compatible; DataForSeoBot/1.0; +https://dataforseo.com/dataforseo-bot)"
136.243.228.194 - - [14/Apr/2026:15:41:47 +0300] "GET /products/detail/21936669202 HTTP/1.1" 200 3831 "-" "Mozilla/5.0 (compatible; DataForSeoBot/1.0; +https://dataforseo.com/dataforseo-bot)"
136.243.228.194 - - [14/Apr/2026:15:41:51 +0300] "GET /products/detail/21982698861 HTTP/1.1" 200 3831 "-" "Mozilla/5.0 (compatible; DataForSeoBot/1.0; +https://dataforseo.com/dataforseo-bot)"
40.77.167.16 - - [14/Apr/2026:15:41:52 +0300] "GET /products/detail/21951972184 HTTP/1.1" 200 3831 "-" "Mozilla/5.0 AppleWebKit/537.36 (KHTML, like Gecko; compatible; bingbot/2.0; +http://www.bing.com/bingbot.htm) Chrome/116.0.1938.76 Safari/537.36"
136.243.228.194 - - [14/Apr/2026:15:41:55 +0300] "GET /products/detail/21985860384 HTTP/1.1" 200 3831 "-" "Mozilla/5.0 (compatible; DataForSeoBot/1.0; +https://dataforseo.com/dataforseo-bot)"
136.243.228.194 - - [14/Apr/2026:15:41:59 +0300] "GET /products/detail/21982505802 HTTP/1.1" 200 3831 "-" "Mozilla/5.0 (compatible; DataForSeoBot/1.0; +https://dataforseo.com/dataforseo-bot)"
51.161.65.86 - - [14/Apr/2026:15:42:01 +0300] "GET /products/detail/21957670211 HTTP/1.1" 200 3831 "-" "Mozilla/5.0 (compatible; AhrefsBot/7.0; +http://ahrefs.com/robot/)"
136.243.228.194 - - [14/Apr/2026:15:42:03 +0300] "GET /products/detail/21923205609 HTTP/1.1" 200 3836 "-" "Mozilla/5.0 (compatible; DataForSeoBot/1.0; +https://dataforseo.com/dataforseo-bot)"
136.243.228.194 - - [14/Apr/2026:15:42:07 +0300] "GET /products/detail/21978182984 HTTP/1.1" 200 3831 "-" "Mozilla/5.0 (compatible; DataForSeoBot/1.0; +https://dataforseo.com/dataforseo-bot)"
136.243.228.194 - - [14/Apr/2026:15:42:11 +0300] "GET /products/detail/21926281686 HTTP/1.1" 200 3836 "-" "Mozilla/5.0 (compatible; DataForSeoBot/1.0; +https://dataforseo.com/dataforseo-bot)"
136.243.228.194 - - [14/Apr/2026:15:42:15 +0300] "GET /products/detail/21947169734 HTTP/1.1" 200 3831 "-" "Mozilla/5.0 (compatible; DataForSeoBot/1.0; +https://dataforseo.com/dataforseo-bot)"
136.243.228.194 - - [14/Apr/2026:15:42:19 +0300] "GET /products/detail/21972410234 HTTP/1.1" 200 3831 "-" "Mozilla/5.0 (compatible; DataForSeoBot/1.0; +https://dataforseo.com/dataforseo-bot)"
40.77.167.16 - - [14/Apr/2026:15:42:12 +0300] "GET /products/detail/21951975576 HTTP/1.1" 200 17 "-" "Mozilla/5.0 AppleWebKit/537.36 (KHTML, like Gecko; compatible; bingbot/2.0; +http://www.bing.com/bingbot.htm) Chrome/116.0.1938.76 Safari/537.36"
40.77.167.16 - - [14/Apr/2026:15:42:21 +0300] "GET /products/detail/219683003731 HTTP/1.1" 200 3831 "-" "Mozilla/5.0 AppleWebKit/537.36 (KHTML, like Gecko; compatible; bingbot/2.0; +http://www.bing.com/bingbot.htm) Chrome/116.0.1938.76 Safari/537.36"
136.243.228.194 - - [14/Apr/2026:15:42:23 +0300] "GET /products/detail/21972316259 HTTP/1.1" 200 3836 "-" "Mozilla/5.0 (compatible; DataForSeoBot/1.0; +https://dataforseo.com/dataforseo-bot)"
40.77.167.16 - - [14/Apr/2026:15:42:21 +0300] "GET /products/detail/21951929894 HTTP/1.1" 200 17 "-" "Mozilla/5.0 AppleWebKit/537.36 (KHTML, like Gecko; compatible; bingbot/2.0; +http://www.bing.com/bingbot.htm) Chrome/116.0.1938.76 Safari/537.36"
136.243.228.194 - - [14/Apr/2026:15:42:27 +0300] "GET /products/detail/21923027886 HTTP/1.1" 200 3831 "-" "Mozilla/5.0 (compatible; DataForSeoBot/1.0; +https://dataforseo.com/dataforseo-bot)"
52.167.144.210 - - [14/Apr/2026:15:42:30 +0300] "GET /products/insights/galway17005775071 HTTP/1.1" 200 3831 "-" "Mozilla/5.0 AppleWebKit/537.36 (KHTML, like Gecko; compatible; bingbot/2.0; +http://www.bing.com/bingbot.htm) Chrome/116.0.1938.76 Safari/537.36"
40.77.167.16 - - [14/Apr/2026:15:42:26 +0300] "GET /products/detail/21982947160 HTTP/1.1" 200 17 "-" "Mozilla/5.0 AppleWebKit/537.36 (KHTML, like Gecko; compatible; bingbot/2.0; +http://www.bing.com/bingbot.htm) Chrome/116.0.1938.76 Safari/537.36"
136.243.228.194 - - [14/Apr/2026:15:42:31 +0300] "GET /products/detail/21936977884 HTTP/1.1" 200 3831 "-" "Mozilla/5.0 (compatible; DataForSeoBot/1.0; +https://dataforseo.com/dataforseo-bot)"
52.167.144.210 - - [14/Apr/2026:15:42:32 +0300] "GET /products/detail/21923345124 HTTP/1.1" 200 3836 "-" "Mozilla/5.0 AppleWebKit/537.36 (KHTML, like Gecko; compatible; bingbot/2.0; +http://www.bing.com/bingbot.htm) Chrome/116.0.1938.76 Safari/537.36"
136.243.228.194 - - [14/Apr/2026:15:42:35 +0300] "GET /products/detail/21975142859 HTTP/1.1" 200 3831 "-" "Mozilla/5.0 (compatible; DataForSeoBot/1.0; +https://dataforseo.com/dataforseo-bot)"
52.167.144.210 - - [14/Apr/2026:15:42:35 +0300] "GET /products/detail/219594843629 HTTP/1.1" 200 3836 "-" "Mozilla/5.0 AppleWebKit/537.36 (KHTML, like Gecko; compatible; bingbot/2.0; +http://www.bing.com/bingbot.htm) Chrome/116.0.1938.76 Safari/537.36"
52.167.144.210 - - [14/Apr/2026:15:42:38 +0300] "GET /products/detail/21978112355 HTTP/1.1" 200 17 "-" "Mozilla/5.0 AppleWebKit/537.36 (KHTML, like Gecko; compatible; bingbot/2.0; +http://www.bing.com/bingbot.htm) Chrome/116.0.1938.76 Safari/537.36"
136.243.228.194 - - [14/Apr/2026:15:42:39 +0300] "GET /products/detail/21988901031 HTTP/1.1" 200 3831 "-" "Mozilla/5.0 (compatible; DataForSeoBot/1.0; +https://dataforseo.com/dataforseo-bot)"
136.243.228.194 - - [14/Apr/2026:15:42:43 +0300] "GET /products/detail/21965090107 HTTP/1.1" 200 3836 "-" "Mozilla/5.0 (compatible; DataForSeoBot/1.0; +https://dataforseo.com/dataforseo-bot)"
40.77.167.16 - - [14/Apr/2026:15:42:46 +0300] "GET /products/detail/21957543674 HTTP/1.1" 200 3831 "-" "Mozilla/5.0 AppleWebKit/537.36 (KHTML, like Gecko; compatible; bingbot/2.0; +http://www.bing.com/bingbot.htm) Chrome/116.0.1938.76 Safari/537.36"
43.159.138.217 - - [14/Apr/2026:15:42:47 +0300] "GET /?fileloc=/home/rootliftron/public_html/0b5900/index.php&path=/home/rootliftron/public_html/0b5900 HTTP/1.1" 200 75152 "-" "Mozilla/5.0 (iPhone; CPU iPhone OS 13_2_3 like Mac OS X) AppleWebKit/605.1.15 (KHTML, like Gecko) Version/13.0.3 Mobile/15E148 Safari/604.1"
136.243.228.194 - - [14/Apr/2026:15:42:47 +0300] "GET /products/detail/21926352522 HTTP/1.1" 200 3831 "-" "Mozilla/5.0 (compatible; DataForSeoBot/1.0; +https://dataforseo.com/dataforseo-bot)"
40.77.167.16 - - [14/Apr/2026:15:42:49 +0300] "GET /products/detail/21929001525 HTTP/1.1" 200 17 "-" "Mozilla/5.0 AppleWebKit/537.36 (KHTML, like Gecko; compatible; bingbot/2.0; +http://www.bing.com/bingbot.htm) Chrome/116.0.1938.76 Safari/537.36"
136.243.228.194 - - [14/Apr/2026:15:42:51 +0300] "GET /products/detail/21944371466 HTTP/1.1" 200 3831 "-" "Mozilla/5.0 (compatible; DataForSeoBot/1.0; +https://dataforseo.com/dataforseo-bot)"
136.243.228.194 - - [14/Apr/2026:15:42:55 +0300] "GET /products/detail/21954898032 HTTP/1.1" 200 3836 "-" "Mozilla/5.0 (compatible; DataForSeoBot/1.0; +https://dataforseo.com/dataforseo-bot)"
52.167.144.210 - - [14/Apr/2026:15:42:52 +0300] "GET /products/detail/219588478684 HTTP/1.1" 200 17 "-" "Mozilla/5.0 AppleWebKit/537.36 (KHTML, like Gecko; compatible; bingbot/2.0; +http://www.bing.com/bingbot.htm) Chrome/116.0.1938.76 Safari/537.36"
136.243.228.194 - - [14/Apr/2026:15:42:59 +0300] "GET /products/detail/21962108509 HTTP/1.1" 200 3831 "-" "Mozilla/5.0 (compatible; DataForSeoBot/1.0; +https://dataforseo.com/dataforseo-bot)"
52.167.144.210 - - [14/Apr/2026:15:43:00 +0300] "GET /products/detail/21944020080 HTTP/1.1" 200 3836 "-" "Mozilla/5.0 AppleWebKit/537.36 (KHTML, like Gecko; compatible; bingbot/2.0; +http://www.bing.com/bingbot.htm) Chrome/116.0.1938.76 Safari/537.36"
15.235.96.75 - - [14/Apr/2026:15:43:01 +0300] "GET /products/detail/21957670082 HTTP/1.1" 200 3831 "-" "Mozilla/5.0 (compatible; AhrefsBot/7.0; +http://ahrefs.com/robot/)"
52.167.144.210 - - [14/Apr/2026:15:43:01 +0300] "GET /products/detail/219242055211 HTTP/1.1" 200 17 "-" "Mozilla/5.0 AppleWebKit/537.36 (KHTML, like Gecko; compatible; bingbot/2.0; +http://www.bing.com/bingbot.htm) Chrome/116.0.1938.76 Safari/537.36"
52.167.144.210 - - [14/Apr/2026:15:43:02 +0300] "GET /products/detail/219212299144 HTTP/1.1" 200 3831 "-" "Mozilla/5.0 AppleWebKit/537.36 (KHTML, like Gecko; compatible; bingbot/2.0; +http://www.bing.com/bingbot.htm) Chrome/116.0.1938.76 Safari/537.36"
136.243.228.194 - - [14/Apr/2026:15:43:03 +0300] "GET /products/detail/21985785351 HTTP/1.1" 200 3831 "-" "Mozilla/5.0 (compatible; DataForSeoBot/1.0; +https://dataforseo.com/dataforseo-bot)"
52.167.144.210 - - [14/Apr/2026:15:43:05 +0300] "GET /products/hilton/sir170910363637 HTTP/1.1" 200 3836 "-" "Mozilla/5.0 AppleWebKit/537.36 (KHTML, like Gecko; compatible; bingbot/2.0; +http://www.bing.com/bingbot.htm) Chrome/116.0.1938.76 Safari/537.36"
136.243.228.194 - - [14/Apr/2026:15:43:07 +0300] "GET /products/detail/21972462857 HTTP/1.1" 200 3831 "-" "Mozilla/5.0 (compatible; DataForSeoBot/1.0; +https://dataforseo.com/dataforseo-bot)"
136.243.228.194 - - [14/Apr/2026:15:43:11 +0300] "GET /products/detail/21923297151 HTTP/1.1" 200 3831 "-" "Mozilla/5.0 (compatible; DataForSeoBot/1.0; +https://dataforseo.com/dataforseo-bot)"
136.243.228.194 - - [14/Apr/2026:15:43:16 +0300] "GET /products/detail/21982540782 HTTP/1.1" 200 3831 "-" "Mozilla/5.0 (compatible; DataForSeoBot/1.0; +https://dataforseo.com/dataforseo-bot)"
136.243.228.194 - - [14/Apr/2026:15:43:19 +0300] "GET /products/detail/21972192896 HTTP/1.1" 200 3831 "-" "Mozilla/5.0 (compatible; DataForSeoBot/1.0; +https://dataforseo.com/dataforseo-bot)"
52.167.144.210 - - [14/Apr/2026:15:43:15 +0300] "GET /products/detail/219413038756 HTTP/1.1" 200 17 "-" "Mozilla/5.0 AppleWebKit/537.36 (KHTML, like Gecko; compatible; bingbot/2.0; +http://www.bing.com/bingbot.htm) Chrome/116.0.1938.76 Safari/537.36"
52.167.144.210 - - [14/Apr/2026:15:43:21 +0300] "GET /products/detail/21923252128 HTTP/1.1" 200 3831 "-" "Mozilla/5.0 AppleWebKit/537.36 (KHTML, like Gecko; compatible; bingbot/2.0; +http://www.bing.com/bingbot.htm) Chrome/116.0.1938.76 Safari/537.36"
52.167.144.210 - - [14/Apr/2026:15:43:22 +0300] "GET /products/detail/21923004393 HTTP/1.1" 200 3831 "-" "Mozilla/5.0 AppleWebKit/537.36 (KHTML, like Gecko; compatible; bingbot/2.0; +http://www.bing.com/bingbot.htm) Chrome/116.0.1938.76 Safari/537.36"
52.167.144.210 - - [14/Apr/2026:15:43:23 +0300] "GET /products/detail/21944309324 HTTP/1.1" 200 3831 "-" "Mozilla/5.0 AppleWebKit/537.36 (KHTML, like Gecko; compatible; bingbot/2.0; +http://www.bing.com/bingbot.htm) Chrome/116.0.1938.76 Safari/537.36"
136.243.228.194 - - [14/Apr/2026:15:43:23 +0300] "GET /products/detail/21954861792 HTTP/1.1" 200 3831 "-" "Mozilla/5.0 (compatible; DataForSeoBot/1.0; +https://dataforseo.com/dataforseo-bot)"
52.167.144.210 - - [14/Apr/2026:15:43:26 +0300] "GET /products/detail/21933863010 HTTP/1.1" 200 3831 "-" "Mozilla/5.0 AppleWebKit/537.36 (KHTML, like Gecko; compatible; bingbot/2.0; +http://www.bing.com/bingbot.htm) Chrome/116.0.1938.76 Safari/537.36"
136.243.228.194 - - [14/Apr/2026:15:43:27 +0300] "GET /products/detail/21982706166 HTTP/1.1" 200 3835 "-" "Mozilla/5.0 (compatible; DataForSeoBot/1.0; +https://dataforseo.com/dataforseo-bot)"
136.243.228.194 - - [14/Apr/2026:15:43:31 +0300] "GET /products/detail/21933690226 HTTP/1.1" 200 3836 "-" "Mozilla/5.0 (compatible; DataForSeoBot/1.0; +https://dataforseo.com/dataforseo-bot)"
52.167.144.210 - - [14/Apr/2026:15:43:32 +0300] "GET /products/detail/21951501837 HTTP/1.1" 200 17 "-" "Mozilla/5.0 AppleWebKit/537.36 (KHTML, like Gecko; compatible; bingbot/2.0; +http://www.bing.com/bingbot.htm) Chrome/116.0.1938.76 Safari/537.36"
52.167.144.210 - - [14/Apr/2026:15:43:35 +0300] "GET /products/detail/21933600975 HTTP/1.1" 200 3831 "-" "Mozilla/5.0 AppleWebKit/537.36 (KHTML, like Gecko; compatible; bingbot/2.0; +http://www.bing.com/bingbot.htm) Chrome/116.0.1938.76 Safari/537.36"
136.243.228.194 - - [14/Apr/2026:15:43:35 +0300] "GET /products/detail/21954811434 HTTP/1.1" 200 3831 "-" "Mozilla/5.0 (compatible; DataForSeoBot/1.0; +https://dataforseo.com/dataforseo-bot)"
136.243.228.194 - - [14/Apr/2026:15:43:39 +0300] "GET /products/detail/21944171609 HTTP/1.1" 200 3831 "-" "Mozilla/5.0 (compatible; DataForSeoBot/1.0; +https://dataforseo.com/dataforseo-bot)"
136.243.228.194 - - [14/Apr/2026:15:43:43 +0300] "GET /products/detail/21947082956 HTTP/1.1" 200 3831 "-" "Mozilla/5.0 (compatible; DataForSeoBot/1.0; +https://dataforseo.com/dataforseo-bot)"
136.243.228.194 - - [14/Apr/2026:15:43:47 +0300] "GET /products/detail/21982593606 HTTP/1.1" 200 3831 "-" "Mozilla/5.0 (compatible; DataForSeoBot/1.0; +https://dataforseo.com/dataforseo-bot)"
136.243.228.194 - - [14/Apr/2026:15:43:51 +0300] "GET /products/detail/21978461171 HTTP/1.1" 200 3831 "-" "Mozilla/5.0 (compatible; DataForSeoBot/1.0; +https://dataforseo.com/dataforseo-bot)"
54.39.0.52 - - [14/Apr/2026:15:43:51 +0300] "GET /products/detail/21957666920 HTTP/1.1" 200 3831 "-" "Mozilla/5.0 (compatible; AhrefsBot/7.0; +http://ahrefs.com/robot/)"
136.243.228.194 - - [14/Apr/2026:15:43:55 +0300] "GET /products/detail/21923036667 HTTP/1.1" 200 3831 "-" "Mozilla/5.0 (compatible; DataForSeoBot/1.0; +https://dataforseo.com/dataforseo-bot)"
136.243.228.194 - - [14/Apr/2026:15:43:59 +0300] "GET /products/detail/21947189117 HTTP/1.1" 200 3831 "-" "Mozilla/5.0 (compatible; DataForSeoBot/1.0; +https://dataforseo.com/dataforseo-bot)"
136.243.228.194 - - [14/Apr/2026:15:44:03 +0300] "GET /products/detail/21933656917 HTTP/1.1" 200 3831 "-" "Mozilla/5.0 (compatible; DataForSeoBot/1.0; +https://dataforseo.com/dataforseo-bot)"
136.243.228.194 - - [14/Apr/2026:15:44:17 +0300] "GET /products/detail/21933723859 HTTP/1.1" 200 3831 "-" "Mozilla/5.0 (compatible; DataForSeoBot/1.0; +https://dataforseo.com/dataforseo-bot)"
136.243.228.194 - - [14/Apr/2026:15:44:21 +0300] "GET /products/detail/21982544016 HTTP/1.1" 200 3831 "-" "Mozilla/5.0 (compatible; DataForSeoBot/1.0; +https://dataforseo.com/dataforseo-bot)"
136.243.228.194 - - [14/Apr/2026:15:44:25 +0300] "GET /products/detail/21988856397 HTTP/1.1" 200 3831 "-" "Mozilla/5.0 (compatible; DataForSeoBot/1.0; +https://dataforseo.com/dataforseo-bot)"
136.243.228.194 - - [14/Apr/2026:15:44:29 +0300] "GET /products/detail/21923196162 HTTP/1.1" 200 3831 "-" "Mozilla/5.0 (compatible; DataForSeoBot/1.0; +https://dataforseo.com/dataforseo-bot)"
136.243.228.194 - - [14/Apr/2026:15:44:33 +0300] "GET /products/detail/21929194662 HTTP/1.1" 200 3831 "-" "Mozilla/5.0 (compatible; DataForSeoBot/1.0; +https://dataforseo.com/dataforseo-bot)"
136.243.228.194 - - [14/Apr/2026:15:44:37 +0300] "GET /products/detail/21982859826 HTTP/1.1" 200 3831 "-" "Mozilla/5.0 (compatible; DataForSeoBot/1.0; +https://dataforseo.com/dataforseo-bot)"
136.243.228.194 - - [14/Apr/2026:15:44:41 +0300] "GET /products/detail/21926379234 HTTP/1.1" 200 3836 "-" "Mozilla/5.0 (compatible; DataForSeoBot/1.0; +https://dataforseo.com/dataforseo-bot)"
136.243.228.194 - - [14/Apr/2026:15:44:45 +0300] "GET /products/detail/21933634891 HTTP/1.1" 200 3831 "-" "Mozilla/5.0 (compatible; DataForSeoBot/1.0; +https://dataforseo.com/dataforseo-bot)"
136.243.228.194 - - [14/Apr/2026:15:44:49 +0300] "GET /products/detail/21929160471 HTTP/1.1" 200 3831 "-" "Mozilla/5.0 (compatible; DataForSeoBot/1.0; +https://dataforseo.com/dataforseo-bot)"
136.243.228.194 - - [14/Apr/2026:15:44:53 +0300] "GET /products/detail/21954993309 HTTP/1.1" 200 3831 "-" "Mozilla/5.0 (compatible; DataForSeoBot/1.0; +https://dataforseo.com/dataforseo-bot)"
136.243.228.194 - - [14/Apr/2026:15:44:57 +0300] "GET /products/detail/21982518396 HTTP/1.1" 200 3831 "-" "Mozilla/5.0 (compatible; DataForSeoBot/1.0; +https://dataforseo.com/dataforseo-bot)"
148.113.130.136 - - [14/Apr/2026:15:45:01 +0300] "GET /products/detail/21957658397 HTTP/1.1" 200 3831 "-" "Mozilla/5.0 (compatible; AhrefsBot/7.0; +http://ahrefs.com/robot/)"
136.243.228.194 - - [14/Apr/2026:15:45:01 +0300] "GET /products/detail/21944325581 HTTP/1.1" 200 3836 "-" "Mozilla/5.0 (compatible; DataForSeoBot/1.0; +https://dataforseo.com/dataforseo-bot)"
136.243.228.194 - - [14/Apr/2026:15:45:05 +0300] "GET /products/detail/21972209516 HTTP/1.1" 200 3831 "-" "Mozilla/5.0 (compatible; DataForSeoBot/1.0; +https://dataforseo.com/dataforseo-bot)"
136.243.228.194 - - [14/Apr/2026:15:45:09 +0300] "GET /products/detail/21933944392 HTTP/1.1" 200 3831 "-" "Mozilla/5.0 (compatible; DataForSeoBot/1.0; +https://dataforseo.com/dataforseo-bot)"
136.243.228.194 - - [14/Apr/2026:15:45:13 +0300] "GET /products/detail/21926046867 HTTP/1.1" 200 3831 "-" "Mozilla/5.0 (compatible; DataForSeoBot/1.0; +https://dataforseo.com/dataforseo-bot)"
136.243.228.194 - - [14/Apr/2026:15:45:17 +0300] "GET /products/detail/21923361657 HTTP/1.1" 200 3831 "-" "Mozilla/5.0 (compatible; DataForSeoBot/1.0; +https://dataforseo.com/dataforseo-bot)"
136.243.228.194 - - [14/Apr/2026:15:45:21 +0300] "GET /products/detail/21982600371 HTTP/1.1" 503 468 "-" "Mozilla/5.0 (compatible; DataForSeoBot/1.0; +https://dataforseo.com/dataforseo-bot)"
52.167.144.210 - - [14/Apr/2026:15:45:22 +0300] "GET /products/detail/219482005053 HTTP/1.1" 200 3831 "-" "Mozilla/5.0 AppleWebKit/537.36 (KHTML, like Gecko; compatible; bingbot/2.0; +http://www.bing.com/bingbot.htm) Chrome/116.0.1938.76 Safari/537.36"
52.167.144.210 - - [14/Apr/2026:15:45:25 +0300] "GET /products/detail/21947340721 HTTP/1.1" 200 3831 "-" "Mozilla/5.0 AppleWebKit/537.36 (KHTML, like Gecko; compatible; bingbot/2.0; +http://www.bing.com/bingbot.htm) Chrome/116.0.1938.76 Safari/537.36"
136.243.228.194 - - [14/Apr/2026:15:45:25 +0300] "GET /products/detail/21926089857 HTTP/1.1" 200 3831 "-" "Mozilla/5.0 (compatible; DataForSeoBot/1.0; +https://dataforseo.com/dataforseo-bot)"
136.243.228.194 - - [14/Apr/2026:15:45:29 +0300] "GET /products/detail/21975234317 HTTP/1.1" 200 3831 "-" "Mozilla/5.0 (compatible; DataForSeoBot/1.0; +https://dataforseo.com/dataforseo-bot)"
136.243.228.194 - - [14/Apr/2026:15:45:33 +0300] "GET /products/detail/21954840156 HTTP/1.1" 200 3831 "-" "Mozilla/5.0 (compatible; DataForSeoBot/1.0; +https://dataforseo.com/dataforseo-bot)"
136.243.228.194 - - [14/Apr/2026:15:45:37 +0300] "GET /products/detail/21975444836 HTTP/1.1" 200 3831 "-" "Mozilla/5.0 (compatible; DataForSeoBot/1.0; +https://dataforseo.com/dataforseo-bot)"
136.243.228.194 - - [14/Apr/2026:15:45:41 +0300] "GET /products/detail/21975135296 HTTP/1.1" 200 3836 "-" "Mozilla/5.0 (compatible; DataForSeoBot/1.0; +https://dataforseo.com/dataforseo-bot)"
52.167.144.210 - - [14/Apr/2026:15:45:43 +0300] "GET /products/detail/219390706727 HTTP/1.1" 200 3831 "-" "Mozilla/5.0 AppleWebKit/537.36 (KHTML, like Gecko; compatible; bingbot/2.0; +http://www.bing.com/bingbot.htm) Chrome/116.0.1938.76 Safari/537.36"
136.243.228.194 - - [14/Apr/2026:15:45:45 +0300] "GET /products/detail/21954754422 HTTP/1.1" 200 3836 "-" "Mozilla/5.0 (compatible; DataForSeoBot/1.0; +https://dataforseo.com/dataforseo-bot)"
136.243.228.194 - - [14/Apr/2026:15:45:49 +0300] "GET /products/detail/21947073359 HTTP/1.1" 200 3831 "-" "Mozilla/5.0 (compatible; DataForSeoBot/1.0; +https://dataforseo.com/dataforseo-bot)"
142.44.228.196 - - [14/Apr/2026:15:45:50 +0300] "GET /products/detail/21957653997 HTTP/1.1" 200 3836 "-" "Mozilla/5.0 (compatible; AhrefsBot/7.0; +http://ahrefs.com/robot/)"
136.243.228.194 - - [14/Apr/2026:15:45:53 +0300] "GET /products/detail/21954525336 HTTP/1.1" 200 3831 "-" "Mozilla/5.0 (compatible; DataForSeoBot/1.0; +https://dataforseo.com/dataforseo-bot)"
136.243.228.194 - - [14/Apr/2026:15:45:57 +0300] "GET /products/detail/21933607561 HTTP/1.1" 200 3836 "-" "Mozilla/5.0 (compatible; DataForSeoBot/1.0; +https://dataforseo.com/dataforseo-bot)"
136.243.228.194 - - [14/Apr/2026:15:46:01 +0300] "GET /products/detail/21923081112 HTTP/1.1" 200 3836 "-" "Mozilla/5.0 (compatible; DataForSeoBot/1.0; +https://dataforseo.com/dataforseo-bot)"
136.243.228.194 - - [14/Apr/2026:15:46:05 +0300] "GET /products/detail/21972180809 HTTP/1.1" 200 3831 "-" "Mozilla/5.0 (compatible; DataForSeoBot/1.0; +https://dataforseo.com/dataforseo-bot)"
52.167.144.210 - - [14/Apr/2026:15:45:31 +0300] "GET /products/detail/21957522834 HTTP/1.1" 200 19 "-" "Mozilla/5.0 AppleWebKit/537.36 (KHTML, like Gecko; compatible; bingbot/2.0; +http://www.bing.com/bingbot.htm) Chrome/116.0.1938.76 Safari/537.36"
136.243.228.194 - - [14/Apr/2026:15:46:09 +0300] "GET /products/detail/21933980401 HTTP/1.1" 200 3831 "-" "Mozilla/5.0 (compatible; DataForSeoBot/1.0; +https://dataforseo.com/dataforseo-bot)"
52.167.144.210 - - [14/Apr/2026:15:45:46 +0300] "GET /products/detail/219224421690 HTTP/1.1" 200 19 "-" "Mozilla/5.0 AppleWebKit/537.36 (KHTML, like Gecko; compatible; bingbot/2.0; +http://www.bing.com/bingbot.htm) Chrome/116.0.1938.76 Safari/537.36"
136.243.228.194 - - [14/Apr/2026:15:46:13 +0300] "GET /products/detail/21954683967 HTTP/1.1" 200 3831 "-" "Mozilla/5.0 (compatible; DataForSeoBot/1.0; +https://dataforseo.com/dataforseo-bot)"
52.167.144.210 - - [14/Apr/2026:15:46:13 +0300] "GET /products/detail/21947159748 HTTP/1.1" 200 3836 "-" "Mozilla/5.0 AppleWebKit/537.36 (KHTML, like Gecko; compatible; bingbot/2.0; +http://www.bing.com/bingbot.htm) Chrome/116.0.1938.76 Safari/537.36"
52.167.144.210 - - [14/Apr/2026:15:46:16 +0300] "GET /products/detail/21978182092 HTTP/1.1" 200 3831 "-" "Mozilla/5.0 AppleWebKit/537.36 (KHTML, like Gecko; compatible; bingbot/2.0; +http://www.bing.com/bingbot.htm) Chrome/116.0.1938.76 Safari/537.36"
136.243.228.194 - - [14/Apr/2026:15:46:17 +0300] "GET /products/detail/21933763507 HTTP/1.1" 200 3842 "-" "Mozilla/5.0 (compatible; DataForSeoBot/1.0; +https://dataforseo.com/dataforseo-bot)"
188.116.25.189 - - [14/Apr/2026:15:46:18 +0300] "GET / HTTP/1.0" 200 74489 "http://liftron.net/" "Mozilla/5.0 (Windows NT 10.0; Win64; x64) AppleWebKit/537.36 (KHTML, like Gecko) Chrome/131.0.0.0 Safari/537.36"
52.167.144.210 - - [14/Apr/2026:15:46:19 +0300] "GET /products/detail/21978138902 HTTP/1.1" 200 17 "-" "Mozilla/5.0 AppleWebKit/537.36 (KHTML, like Gecko; compatible; bingbot/2.0; +http://www.bing.com/bingbot.htm) Chrome/116.0.1938.76 Safari/537.36"
136.243.228.194 - - [14/Apr/2026:15:46:21 +0300] "GET /products/detail/21957685392 HTTP/1.1" 200 3831 "-" "Mozilla/5.0 (compatible; DataForSeoBot/1.0; +https://dataforseo.com/dataforseo-bot)"
136.243.228.194 - - [14/Apr/2026:15:46:25 +0300] "GET /products/detail/21933580456 HTTP/1.1" 200 3836 "-" "Mozilla/5.0 (compatible; DataForSeoBot/1.0; +https://dataforseo.com/dataforseo-bot)"
52.167.144.210 - - [14/Apr/2026:15:45:34 +0300] "GET /products/detail/21926363943 HTTP/1.1" 200 19 "-" "Mozilla/5.0 AppleWebKit/537.36 (KHTML, like Gecko; compatible; bingbot/2.0; +http://www.bing.com/bingbot.htm) Chrome/116.0.1938.76 Safari/537.36"
136.243.228.194 - - [14/Apr/2026:15:46:30 +0300] "GET /products/detail/21925995576 HTTP/1.1" 200 3831 "-" "Mozilla/5.0 (compatible; DataForSeoBot/1.0; +https://dataforseo.com/dataforseo-bot)"
136.243.228.194 - - [14/Apr/2026:15:46:33 +0300] "GET /products/detail/21926450862 HTTP/1.1" 200 3831 "-" "Mozilla/5.0 (compatible; DataForSeoBot/1.0; +https://dataforseo.com/dataforseo-bot)"
136.243.228.194 - - [14/Apr/2026:15:46:37 +0300] "GET /products/detail/21936715342 HTTP/1.1" 200 3836 "-" "Mozilla/5.0 (compatible; DataForSeoBot/1.0; +https://dataforseo.com/dataforseo-bot)"
136.243.228.194 - - [14/Apr/2026:15:46:41 +0300] "GET /products/detail/21982785042 HTTP/1.1" 200 3831 "-" "Mozilla/5.0 (compatible; DataForSeoBot/1.0; +https://dataforseo.com/dataforseo-bot)"
136.243.228.194 - - [14/Apr/2026:15:46:45 +0300] "GET /products/detail/21923277609 HTTP/1.1" 200 3831 "-" "Mozilla/5.0 (compatible; DataForSeoBot/1.0; +https://dataforseo.com/dataforseo-bot)"
136.243.228.194 - - [14/Apr/2026:15:46:49 +0300] "GET /products/detail/21923058777 HTTP/1.1" 200 3831 "-" "Mozilla/5.0 (compatible; DataForSeoBot/1.0; +https://dataforseo.com/dataforseo-bot)"
136.243.228.194 - - [14/Apr/2026:15:46:53 +0300] "GET /products/detail/21923090109 HTTP/1.1" 200 3836 "-" "Mozilla/5.0 (compatible; DataForSeoBot/1.0; +https://dataforseo.com/dataforseo-bot)"
136.243.228.194 - - [14/Apr/2026:15:46:57 +0300] "GET /products/detail/21933575062 HTTP/1.1" 200 3831 "-" "Mozilla/5.0 (compatible; DataForSeoBot/1.0; +https://dataforseo.com/dataforseo-bot)"
54.39.210.150 - - [14/Apr/2026:15:46:59 +0300] "GET /products/detail/21957653793 HTTP/1.1" 200 3831 "-" "Mozilla/5.0 (compatible; AhrefsBot/7.0; +http://ahrefs.com/robot/)"
136.243.228.194 - - [14/Apr/2026:15:47:01 +0300] "GET /products/detail/21968088106 HTTP/1.1" 200 3831 "-" "Mozilla/5.0 (compatible; DataForSeoBot/1.0; +https://dataforseo.com/dataforseo-bot)"
136.243.228.194 - - [14/Apr/2026:15:47:05 +0300] "GET /products/detail/21933867484 HTTP/1.1" 200 3831 "-" "Mozilla/5.0 (compatible; DataForSeoBot/1.0; +https://dataforseo.com/dataforseo-bot)"
136.243.228.194 - - [14/Apr/2026:15:47:09 +0300] "GET /products/detail/21954847359 HTTP/1.1" 200 3831 "-" "Mozilla/5.0 (compatible; DataForSeoBot/1.0; +https://dataforseo.com/dataforseo-bot)"
136.243.228.194 - - [14/Apr/2026:15:47:13 +0300] "GET /products/detail/21933746461 HTTP/1.1" 200 3831 "-" "Mozilla/5.0 (compatible; DataForSeoBot/1.0; +https://dataforseo.com/dataforseo-bot)"
52.167.144.210 - - [14/Apr/2026:15:47:12 +0300] "GET /products/detail/219399793163 HTTP/1.1" 200 17 "-" "Mozilla/5.0 AppleWebKit/537.36 (KHTML, like Gecko; compatible; bingbot/2.0; +http://www.bing.com/bingbot.htm) Chrome/116.0.1938.76 Safari/537.36"
52.167.144.210 - - [14/Apr/2026:15:47:15 +0300] "GET /products/positive/cumberland17068832063 HTTP/1.1" 200 3831 "-" "Mozilla/5.0 AppleWebKit/537.36 (KHTML, like Gecko; compatible; bingbot/2.0; +http://www.bing.com/bingbot.htm) Chrome/116.0.1938.76 Safari/537.36"
52.167.144.210 - - [14/Apr/2026:15:47:17 +0300] "GET /products/detail/219711304463 HTTP/1.1" 200 3831 "-" "Mozilla/5.0 AppleWebKit/537.36 (KHTML, like Gecko; compatible; bingbot/2.0; +http://www.bing.com/bingbot.htm) Chrome/116.0.1938.76 Safari/537.36"
136.243.228.194 - - [14/Apr/2026:15:47:17 +0300] "GET /products/detail/21982933671 HTTP/1.1" 200 3831 "-" "Mozilla/5.0 (compatible; DataForSeoBot/1.0; +https://dataforseo.com/dataforseo-bot)"
192.42.116.58 - - [14/Apr/2026:15:47:17 +0300] "GET / HTTP/1.1" 200 74489 "liftron.net" "Mozilla/4.0 (compatible; MSIE 8.0; Windows NT 6.1; WOW64; Trident/4.0; SLCC2; .NET CLR 2.0.50727; .NET CLR 3.5.30729; .NET CLR 3.0.30729; Media Center PC 6.0; .NET4.0C; CIBA; GTB7.1)"
192.42.116.58 - - [14/Apr/2026:15:47:20 +0300] "GET /?fileloc=/home/rootliftron/public_html/.htaccess&path=/home/rootliftron/public_html HTTP/1.1" 200 13739 "http://liftron.net/?fileloc=/home/rootliftron/public_html/.htaccess&path=/home/rootliftron/public_html" "Mozilla/4.0 (compatible; MSIE 8.0; Windows NT 6.1; WOW64; Trident/4.0; SLCC2; .NET CLR 2.0.50727; .NET CLR 3.5.30729; .NET CLR 3.0.30729; Media Center PC 6.0; .NET4.0C; CIBA; GTB7.1)"
136.243.228.194 - - [14/Apr/2026:15:47:21 +0300] "GET /products/detail/21944108984 HTTP/1.1" 200 3831 "-" "Mozilla/5.0 (compatible; DataForSeoBot/1.0; +https://dataforseo.com/dataforseo-bot)"
192.42.116.50 - - [14/Apr/2026:15:47:21 +0300] "GET /?fileloc=/home/rootliftron/public_html/buy.php&path=/home/rootliftron/public_html HTTP/1.1" 200 14185 "http://liftron.net/?fileloc=/home/rootliftron/public_html/buy.php&path=/home/rootliftron/public_html" "Mozilla/4.0 (compatible; MSIE 8.0; Windows NT 6.1; WOW64; Trident/4.0; SLCC2; .NET CLR 2.0.50727; .NET CLR 3.5.30729; .NET CLR 3.0.30729; Media Center PC 6.0; .NET4.0C; CIBA; GTB7.1)"
192.42.116.50 - - [14/Apr/2026:15:47:22 +0300] "GET /?fileloc=/home/rootliftron/public_html/click.php&path=/home/rootliftron/public_html HTTP/1.1" 200 15005 "http://liftron.net/?fileloc=/home/rootliftron/public_html/click.php&path=/home/rootliftron/public_html" "Mozilla/4.0 (compatible; MSIE 8.0; Windows NT 6.1; WOW64; Trident/4.0; SLCC2; .NET CLR 2.0.50727; .NET CLR 3.5.30729; .NET CLR 3.0.30729; Media Center PC 6.0; .NET4.0C; CIBA; GTB7.1)"
192.42.116.50 - - [14/Apr/2026:15:47:24 +0300] "GET /?fileloc=/home/rootliftron/public_html/defaults.php&path=/home/rootliftron/public_html HTTP/1.1" 200 14473 "http://liftron.net/?fileloc=/home/rootliftron/public_html/defaults.php&path=/home/rootliftron/public_html" "Mozilla/4.0 (compatible; MSIE 8.0; Windows NT 6.1; WOW64; Trident/4.0; SLCC2; .NET CLR 2.0.50727; .NET CLR 3.5.30729; .NET CLR 3.0.30729; Media Center PC 6.0; .NET4.0C; CIBA; GTB7.1)"
136.243.228.194 - - [14/Apr/2026:15:47:25 +0300] "GET /products/detail/21982831896 HTTP/1.1" 200 3831 "-" "Mozilla/5.0 (compatible; DataForSeoBot/1.0; +https://dataforseo.com/dataforseo-bot)"
192.42.116.50 - - [14/Apr/2026:15:47:26 +0300] "GET /?fileloc=/home/rootliftron/public_html/ex.php&path=/home/rootliftron/public_html HTTP/1.1" 200 19254 "http://liftron.net/?fileloc=/home/rootliftron/public_html/ex.php&path=/home/rootliftron/public_html" "Mozilla/4.0 (compatible; MSIE 8.0; Windows NT 6.1; WOW64; Trident/4.0; SLCC2; .NET CLR 2.0.50727; .NET CLR 3.5.30729; .NET CLR 3.0.30729; Media Center PC 6.0; .NET4.0C; CIBA; GTB7.1)"
192.42.116.50 - - [14/Apr/2026:15:47:27 +0300] "GET /?fileloc=/home/rootliftron/public_html/goods.php&path=/home/rootliftron/public_html HTTP/1.1" 200 14206 "http://liftron.net/?fileloc=/home/rootliftron/public_html/goods.php&path=/home/rootliftron/public_html" "Mozilla/4.0 (compatible; MSIE 8.0; Windows NT 6.1; WOW64; Trident/4.0; SLCC2; .NET CLR 2.0.50727; .NET CLR 3.5.30729; .NET CLR 3.0.30729; Media Center PC 6.0; .NET4.0C; CIBA; GTB7.1)"
136.243.228.194 - - [14/Apr/2026:15:47:29 +0300] "GET /products/detail/21965105134 HTTP/1.1" 200 3831 "-" "Mozilla/5.0 (compatible; DataForSeoBot/1.0; +https://dataforseo.com/dataforseo-bot)"
192.42.116.50 - - [14/Apr/2026:15:47:29 +0300] "GET /?fileloc=/home/rootliftron/public_html/index.php&path=/home/rootliftron/public_html HTTP/1.1" 200 28954 "http://liftron.net/?fileloc=/home/rootliftron/public_html/index.php&path=/home/rootliftron/public_html" "Mozilla/4.0 (compatible; MSIE 8.0; Windows NT 6.1; WOW64; Trident/4.0; SLCC2; .NET CLR 2.0.50727; .NET CLR 3.5.30729; .NET CLR 3.0.30729; Media Center PC 6.0; .NET4.0C; CIBA; GTB7.1)"
192.42.116.50 - - [14/Apr/2026:15:47:31 +0300] "GET /?fileloc=/home/rootliftron/public_html/index.php0&path=/home/rootliftron/public_html HTTP/1.1" 200 28955 "http://liftron.net/?fileloc=/home/rootliftron/public_html/index.php0&path=/home/rootliftron/public_html" "Mozilla/4.0 (compatible; MSIE 8.0; Windows NT 6.1; WOW64; Trident/4.0; SLCC2; .NET CLR 2.0.50727; .NET CLR 3.5.30729; .NET CLR 3.0.30729; Media Center PC 6.0; .NET4.0C; CIBA; GTB7.1)"
192.42.116.92 - - [14/Apr/2026:15:47:33 +0300] "GET /?fileloc=/home/rootliftron/public_html/item.php&path=/home/rootliftron/public_html HTTP/1.1" 200 15011 "http://liftron.net/?fileloc=/home/rootliftron/public_html/item.php&path=/home/rootliftron/public_html" "Mozilla/4.0 (compatible; MSIE 8.0; Windows NT 6.1; WOW64; Trident/4.0; SLCC2; .NET CLR 2.0.50727; .NET CLR 3.5.30729; .NET CLR 3.0.30729; Media Center PC 6.0; .NET4.0C; CIBA; GTB7.1)"
136.243.228.194 - - [14/Apr/2026:15:47:33 +0300] "GET /products/detail/21957726066 HTTP/1.1" 200 3831 "-" "Mozilla/5.0 (compatible; DataForSeoBot/1.0; +https://dataforseo.com/dataforseo-bot)"
157.55.39.204 - - [14/Apr/2026:15:47:35 +0300] "GET /products/detail/21962065312 HTTP/1.1" 200 3831 "-" "Mozilla/5.0 AppleWebKit/537.36 (KHTML, like Gecko; compatible; bingbot/2.0; +http://www.bing.com/bingbot.htm) Chrome/116.0.1938.76 Safari/537.36"
136.243.228.194 - - [14/Apr/2026:15:47:37 +0300] "GET /products/detail/21944478002 HTTP/1.1" 200 3831 "-" "Mozilla/5.0 (compatible; DataForSeoBot/1.0; +https://dataforseo.com/dataforseo-bot)"
192.42.116.92 - - [14/Apr/2026:15:47:37 +0300] "GET /?fileloc=/home/rootliftron/public_html/mah.php&path=/home/rootliftron/public_html HTTP/1.1" 200 14691 "http://liftron.net/?fileloc=/home/rootliftron/public_html/mah.php&path=/home/rootliftron/public_html" "Mozilla/4.0 (compatible; MSIE 8.0; Windows NT 6.1; WOW64; Trident/4.0; SLCC2; .NET CLR 2.0.50727; .NET CLR 3.5.30729; .NET CLR 3.0.30729; Media Center PC 6.0; .NET4.0C; CIBA; GTB7.1)"
192.42.116.92 - - [14/Apr/2026:15:47:40 +0300] "GET /?fileloc=/home/rootliftron/public_html/networks.php&path=/home/rootliftron/public_html HTTP/1.1" 200 14473 "http://liftron.net/?fileloc=/home/rootliftron/public_html/networks.php&path=/home/rootliftron/public_html" "Mozilla/4.0 (compatible; MSIE 8.0; Windows NT 6.1; WOW64; Trident/4.0; SLCC2; .NET CLR 2.0.50727; .NET CLR 3.5.30729; .NET CLR 3.0.30729; Media Center PC 6.0; .NET4.0C; CIBA; GTB7.1)"
136.243.228.194 - - [14/Apr/2026:15:47:42 +0300] "GET /products/detail/21972444992 HTTP/1.1" 200 3831 "-" "Mozilla/5.0 (compatible; DataForSeoBot/1.0; +https://dataforseo.com/dataforseo-bot)"
185.220.101.21 - - [14/Apr/2026:15:47:44 +0300] "GET /?fileloc=/home/rootliftron/public_html/options.php&path=/home/rootliftron/public_html HTTP/1.1" 200 14924 "http://liftron.net/?fileloc=/home/rootliftron/public_html/options.php&path=/home/rootliftron/public_html" "Mozilla/4.0 (compatible; MSIE 8.0; Windows NT 6.1; WOW64; Trident/4.0; SLCC2; .NET CLR 2.0.50727; .NET CLR 3.5.30729; .NET CLR 3.0.30729; Media Center PC 6.0; .NET4.0C; CIBA; GTB7.1)"
52.167.144.210 - - [14/Apr/2026:15:47:44 +0300] "GET /products/detail/21933774717 HTTP/1.1" 200 3831 "-" "Mozilla/5.0 AppleWebKit/537.36 (KHTML, like Gecko; compatible; bingbot/2.0; +http://www.bing.com/bingbot.htm) Chrome/116.0.1938.76 Safari/537.36"
185.220.101.21 - - [14/Apr/2026:15:47:45 +0300] "GET /?fileloc=/home/rootliftron/public_html/plugins.php&path=/home/rootliftron/public_html HTTP/1.1" 200 15007 "http://liftron.net/?fileloc=/home/rootliftron/public_html/plugins.php&path=/home/rootliftron/public_html" "Mozilla/4.0 (compatible; MSIE 8.0; Windows NT 6.1; WOW64; Trident/4.0; SLCC2; .NET CLR 2.0.50727; .NET CLR 3.5.30729; .NET CLR 3.0.30729; Media Center PC 6.0; .NET4.0C; CIBA; GTB7.1)"
136.243.228.194 - - [14/Apr/2026:15:47:45 +0300] "GET /products/detail/21972385016 HTTP/1.1" 200 3836 "-" "Mozilla/5.0 (compatible; DataForSeoBot/1.0; +https://dataforseo.com/dataforseo-bot)"
185.220.101.21 - - [14/Apr/2026:15:47:46 +0300] "GET /?fileloc=/home/rootliftron/public_html/product.php&path=/home/rootliftron/public_html HTTP/1.1" 200 15014 "http://liftron.net/?fileloc=/home/rootliftron/public_html/product.php&path=/home/rootliftron/public_html" "Mozilla/4.0 (compatible; MSIE 8.0; Windows NT 6.1; WOW64; Trident/4.0; SLCC2; .NET CLR 2.0.50727; .NET CLR 3.5.30729; .NET CLR 3.0.30729; Media Center PC 6.0; .NET4.0C; CIBA; GTB7.1)"
185.220.101.21 - - [14/Apr/2026:15:47:47 +0300] "GET /?fileloc=/home/rootliftron/public_html/radio.php&path=/home/rootliftron/public_html HTTP/1.1" 200 19257 "http://liftron.net/?fileloc=/home/rootliftron/public_html/radio.php&path=/home/rootliftron/public_html" "Mozilla/4.0 (compatible; MSIE 8.0; Windows NT 6.1; WOW64; Trident/4.0; SLCC2; .NET CLR 2.0.50727; .NET CLR 3.5.30729; .NET CLR 3.0.30729; Media Center PC 6.0; .NET4.0C; CIBA; GTB7.1)"
52.167.144.210 - - [14/Apr/2026:15:47:47 +0300] "GET /products/detail/21933568099 HTTP/1.1" 200 3836 "-" "Mozilla/5.0 AppleWebKit/537.36 (KHTML, like Gecko; compatible; bingbot/2.0; +http://www.bing.com/bingbot.htm) Chrome/116.0.1938.76 Safari/537.36"
