136.243.228.194 - - [14/Apr/2026:18:07:15 +0300] "GET /products/detail/21965095200 HTTP/1.1" 200 3831 "-" "Mozilla/5.0 (compatible; DataForSeoBot/1.0; +https://dataforseo.com/dataforseo-bot)"
136.243.228.194 - - [14/Apr/2026:18:07:19 +0300] "GET /products/detail/21954895220 HTTP/1.1" 200 3836 "-" "Mozilla/5.0 (compatible; DataForSeoBot/1.0; +https://dataforseo.com/dataforseo-bot)"
136.243.228.194 - - [14/Apr/2026:18:07:23 +0300] "GET /products/detail/21923037584 HTTP/1.1" 200 3831 "-" "Mozilla/5.0 (compatible; DataForSeoBot/1.0; +https://dataforseo.com/dataforseo-bot)"
136.243.228.194 - - [14/Apr/2026:18:07:27 +0300] "GET /products/detail/21968065812 HTTP/1.1" 200 3831 "-" "Mozilla/5.0 (compatible; DataForSeoBot/1.0; +https://dataforseo.com/dataforseo-bot)"
136.243.228.194 - - [14/Apr/2026:18:07:31 +0300] "GET /products/detail/21923495015 HTTP/1.1" 200 3831 "-" "Mozilla/5.0 (compatible; DataForSeoBot/1.0; +https://dataforseo.com/dataforseo-bot)"
136.243.228.194 - - [14/Apr/2026:18:07:35 +0300] "GET /products/detail/21926249312 HTTP/1.1" 200 3831 "-" "Mozilla/5.0 (compatible; DataForSeoBot/1.0; +https://dataforseo.com/dataforseo-bot)"
136.243.228.194 - - [14/Apr/2026:18:07:39 +0300] "GET /products/detail/21972173389 HTTP/1.1" 200 3831 "-" "Mozilla/5.0 (compatible; DataForSeoBot/1.0; +https://dataforseo.com/dataforseo-bot)"
136.243.228.194 - - [14/Apr/2026:18:07:44 +0300] "GET /products/detail/21985762670 HTTP/1.1" 200 3831 "-" "Mozilla/5.0 (compatible; DataForSeoBot/1.0; +https://dataforseo.com/dataforseo-bot)"
136.243.228.194 - - [14/Apr/2026:18:07:47 +0300] "GET /products/detail/21975283069 HTTP/1.1" 200 3831 "-" "Mozilla/5.0 (compatible; DataForSeoBot/1.0; +https://dataforseo.com/dataforseo-bot)"
136.243.228.194 - - [14/Apr/2026:18:07:51 +0300] "GET /products/detail/21944303695 HTTP/1.1" 200 3836 "-" "Mozilla/5.0 (compatible; DataForSeoBot/1.0; +https://dataforseo.com/dataforseo-bot)"
136.243.228.194 - - [14/Apr/2026:18:07:55 +0300] "GET /products/detail/21923347562 HTTP/1.1" 200 3836 "-" "Mozilla/5.0 (compatible; DataForSeoBot/1.0; +https://dataforseo.com/dataforseo-bot)"
136.243.228.194 - - [14/Apr/2026:18:07:59 +0300] "GET /products/detail/21923156354 HTTP/1.1" 200 3831 "-" "Mozilla/5.0 (compatible; DataForSeoBot/1.0; +https://dataforseo.com/dataforseo-bot)"
136.243.228.194 - - [14/Apr/2026:18:08:03 +0300] "GET /products/detail/21972134887 HTTP/1.1" 200 3831 "-" "Mozilla/5.0 (compatible; DataForSeoBot/1.0; +https://dataforseo.com/dataforseo-bot)"
94.23.188.194 - - [14/Apr/2026:18:08:03 +0300] "GET /products/detail/21954797159 HTTP/1.1" 200 3831 "-" "Mozilla/5.0 (compatible; AhrefsBot/7.0; +http://ahrefs.com/robot/)"
136.243.228.194 - - [14/Apr/2026:18:08:07 +0300] "GET /products/detail/21923162387 HTTP/1.1" 200 3831 "-" "Mozilla/5.0 (compatible; DataForSeoBot/1.0; +https://dataforseo.com/dataforseo-bot)"
136.243.228.194 - - [14/Apr/2026:18:08:11 +0300] "GET /products/detail/21972316189 HTTP/1.1" 200 3836 "-" "Mozilla/5.0 (compatible; DataForSeoBot/1.0; +https://dataforseo.com/dataforseo-bot)"
136.243.228.194 - - [14/Apr/2026:18:08:15 +0300] "GET /products/detail/21951629837 HTTP/1.1" 200 3831 "-" "Mozilla/5.0 (compatible; DataForSeoBot/1.0; +https://dataforseo.com/dataforseo-bot)"
136.243.228.194 - - [14/Apr/2026:18:08:19 +0300] "GET /products/detail/21982973795 HTTP/1.1" 200 3831 "-" "Mozilla/5.0 (compatible; DataForSeoBot/1.0; +https://dataforseo.com/dataforseo-bot)"
136.243.228.194 - - [14/Apr/2026:18:08:23 +0300] "GET /products/detail/21941311654 HTTP/1.1" 200 3831 "-" "Mozilla/5.0 (compatible; DataForSeoBot/1.0; +https://dataforseo.com/dataforseo-bot)"
136.243.228.194 - - [14/Apr/2026:18:08:27 +0300] "GET /products/detail/21975231400 HTTP/1.1" 200 3836 "-" "Mozilla/5.0 (compatible; DataForSeoBot/1.0; +https://dataforseo.com/dataforseo-bot)"
136.243.228.194 - - [14/Apr/2026:18:08:32 +0300] "GET /products/detail/21923284937 HTTP/1.1" 200 3836 "-" "Mozilla/5.0 (compatible; DataForSeoBot/1.0; +https://dataforseo.com/dataforseo-bot)"
136.243.228.194 - - [14/Apr/2026:18:08:35 +0300] "GET /products/detail/21982761812 HTTP/1.1" 200 3831 "-" "Mozilla/5.0 (compatible; DataForSeoBot/1.0; +https://dataforseo.com/dataforseo-bot)"
136.243.228.194 - - [14/Apr/2026:18:08:39 +0300] "GET /products/detail/21968043495 HTTP/1.1" 200 3836 "-" "Mozilla/5.0 (compatible; DataForSeoBot/1.0; +https://dataforseo.com/dataforseo-bot)"
136.243.228.194 - - [14/Apr/2026:18:08:43 +0300] "GET /products/detail/21985635809 HTTP/1.1" 200 3831 "-" "Mozilla/5.0 (compatible; DataForSeoBot/1.0; +https://dataforseo.com/dataforseo-bot)"
136.243.228.194 - - [14/Apr/2026:18:08:47 +0300] "GET /products/detail/21933790365 HTTP/1.1" 200 3831 "-" "Mozilla/5.0 (compatible; DataForSeoBot/1.0; +https://dataforseo.com/dataforseo-bot)"
136.243.228.194 - - [14/Apr/2026:18:08:51 +0300] "GET /products/detail/21923096519 HTTP/1.1" 200 3831 "-" "Mozilla/5.0 (compatible; DataForSeoBot/1.0; +https://dataforseo.com/dataforseo-bot)"
136.243.228.194 - - [14/Apr/2026:18:08:55 +0300] "GET /products/detail/21947086834 HTTP/1.1" 200 3836 "-" "Mozilla/5.0 (compatible; DataForSeoBot/1.0; +https://dataforseo.com/dataforseo-bot)"
136.243.228.194 - - [14/Apr/2026:18:08:59 +0300] "GET /products/detail/21941429539 HTTP/1.1" 200 3831 "-" "Mozilla/5.0 (compatible; DataForSeoBot/1.0; +https://dataforseo.com/dataforseo-bot)"
136.243.228.194 - - [14/Apr/2026:18:09:03 +0300] "GET /products/detail/21962080560 HTTP/1.1" 200 3836 "-" "Mozilla/5.0 (compatible; DataForSeoBot/1.0; +https://dataforseo.com/dataforseo-bot)"
136.243.228.194 - - [14/Apr/2026:18:09:07 +0300] "GET /products/detail/21951838829 HTTP/1.1" 200 3831 "-" "Mozilla/5.0 (compatible; DataForSeoBot/1.0; +https://dataforseo.com/dataforseo-bot)"
92.222.108.122 - - [14/Apr/2026:18:09:08 +0300] "GET /products/detail/21954795820 HTTP/1.1" 200 3831 "-" "Mozilla/5.0 (compatible; AhrefsBot/7.0; +http://ahrefs.com/robot/)"
136.243.228.194 - - [14/Apr/2026:18:09:11 +0300] "GET /products/detail/21933627105 HTTP/1.1" 200 3836 "-" "Mozilla/5.0 (compatible; DataForSeoBot/1.0; +https://dataforseo.com/dataforseo-bot)"
136.243.228.194 - - [14/Apr/2026:18:09:15 +0300] "GET /products/detail/21951810689 HTTP/1.1" 200 3831 "-" "Mozilla/5.0 (compatible; DataForSeoBot/1.0; +https://dataforseo.com/dataforseo-bot)"
136.243.228.194 - - [14/Apr/2026:18:09:19 +0300] "GET /products/detail/21951930479 HTTP/1.1" 200 3836 "-" "Mozilla/5.0 (compatible; DataForSeoBot/1.0; +https://dataforseo.com/dataforseo-bot)"
136.243.228.194 - - [14/Apr/2026:18:09:23 +0300] "GET /products/detail/21951860312 HTTP/1.1" 200 3831 "-" "Mozilla/5.0 (compatible; DataForSeoBot/1.0; +https://dataforseo.com/dataforseo-bot)"
136.243.228.194 - - [14/Apr/2026:18:09:27 +0300] "GET /products/detail/21954557729 HTTP/1.1" 200 3831 "-" "Mozilla/5.0 (compatible; DataForSeoBot/1.0; +https://dataforseo.com/dataforseo-bot)"
136.243.228.194 - - [14/Apr/2026:18:09:31 +0300] "GET /products/detail/21933633804 HTTP/1.1" 200 3836 "-" "Mozilla/5.0 (compatible; DataForSeoBot/1.0; +https://dataforseo.com/dataforseo-bot)"
136.243.228.194 - - [14/Apr/2026:18:09:35 +0300] "GET /products/detail/21975171529 HTTP/1.1" 200 3836 "-" "Mozilla/5.0 (compatible; DataForSeoBot/1.0; +https://dataforseo.com/dataforseo-bot)"
136.243.228.194 - - [14/Apr/2026:18:09:39 +0300] "GET /products/detail/21982639820 HTTP/1.1" 200 3831 "-" "Mozilla/5.0 (compatible; DataForSeoBot/1.0; +https://dataforseo.com/dataforseo-bot)"
136.243.228.194 - - [14/Apr/2026:18:09:43 +0300] "GET /products/detail/21951999950 HTTP/1.1" 200 3831 "-" "Mozilla/5.0 (compatible; DataForSeoBot/1.0; +https://dataforseo.com/dataforseo-bot)"
136.243.228.194 - - [14/Apr/2026:18:09:47 +0300] "GET /products/detail/21985909814 HTTP/1.1" 200 3831 "-" "Mozilla/5.0 (compatible; DataForSeoBot/1.0; +https://dataforseo.com/dataforseo-bot)"
136.243.228.194 - - [14/Apr/2026:18:09:51 +0300] "GET /products/detail/21933534264 HTTP/1.1" 200 3831 "-" "Mozilla/5.0 (compatible; DataForSeoBot/1.0; +https://dataforseo.com/dataforseo-bot)"
136.243.228.194 - - [14/Apr/2026:18:09:55 +0300] "GET /products/detail/21941274859 HTTP/1.1" 200 3831 "-" "Mozilla/5.0 (compatible; DataForSeoBot/1.0; +https://dataforseo.com/dataforseo-bot)"
136.243.228.194 - - [14/Apr/2026:18:09:59 +0300] "GET /products/detail/21923078744 HTTP/1.1" 200 3836 "-" "Mozilla/5.0 (compatible; DataForSeoBot/1.0; +https://dataforseo.com/dataforseo-bot)"
136.243.228.194 - - [14/Apr/2026:18:10:03 +0300] "GET /products/detail/21951641819 HTTP/1.1" 200 3831 "-" "Mozilla/5.0 (compatible; DataForSeoBot/1.0; +https://dataforseo.com/dataforseo-bot)"
136.243.228.194 - - [14/Apr/2026:18:10:07 +0300] "GET /products/detail/21926384489 HTTP/1.1" 200 3831 "-" "Mozilla/5.0 (compatible; DataForSeoBot/1.0; +https://dataforseo.com/dataforseo-bot)"
136.243.228.194 - - [14/Apr/2026:18:10:11 +0300] "GET /products/detail/21968021214 HTTP/1.1" 200 3836 "-" "Mozilla/5.0 (compatible; DataForSeoBot/1.0; +https://dataforseo.com/dataforseo-bot)"
136.243.228.194 - - [14/Apr/2026:18:10:15 +0300] "GET /products/detail/21982838399 HTTP/1.1" 200 3831 "-" "Mozilla/5.0 (compatible; DataForSeoBot/1.0; +https://dataforseo.com/dataforseo-bot)"
136.243.228.194 - - [14/Apr/2026:18:10:19 +0300] "GET /products/detail/21933749064 HTTP/1.1" 200 3831 "-" "Mozilla/5.0 (compatible; DataForSeoBot/1.0; +https://dataforseo.com/dataforseo-bot)"
136.243.228.194 - - [14/Apr/2026:18:10:23 +0300] "GET /products/detail/21933607062 HTTP/1.1" 200 3831 "-" "Mozilla/5.0 (compatible; DataForSeoBot/1.0; +https://dataforseo.com/dataforseo-bot)"
136.243.228.194 - - [14/Apr/2026:18:10:27 +0300] "GET /products/detail/21944081260 HTTP/1.1" 200 3831 "-" "Mozilla/5.0 (compatible; DataForSeoBot/1.0; +https://dataforseo.com/dataforseo-bot)"
5.39.1.239 - - [14/Apr/2026:18:10:30 +0300] "GET /products/detail/21954795575 HTTP/1.1" 200 3831 "-" "Mozilla/5.0 (compatible; AhrefsBot/7.0; +http://ahrefs.com/robot/)"
136.243.228.194 - - [14/Apr/2026:18:10:31 +0300] "GET /products/detail/21933994554 HTTP/1.1" 200 3831 "-" "Mozilla/5.0 (compatible; DataForSeoBot/1.0; +https://dataforseo.com/dataforseo-bot)"
136.243.228.194 - - [14/Apr/2026:18:10:35 +0300] "GET /products/detail/21982734887 HTTP/1.1" 200 3831 "-" "Mozilla/5.0 (compatible; DataForSeoBot/1.0; +https://dataforseo.com/dataforseo-bot)"
136.243.228.194 - - [14/Apr/2026:18:10:39 +0300] "GET /products/detail/21972376834 HTTP/1.1" 200 3836 "-" "Mozilla/5.0 (compatible; DataForSeoBot/1.0; +https://dataforseo.com/dataforseo-bot)"
136.243.228.194 - - [14/Apr/2026:18:10:43 +0300] "GET /products/detail/21941434144 HTTP/1.1" 200 3833 "-" "Mozilla/5.0 (compatible; DataForSeoBot/1.0; +https://dataforseo.com/dataforseo-bot)"
136.243.228.194 - - [14/Apr/2026:18:10:47 +0300] "GET /products/detail/21982542635 HTTP/1.1" 200 3836 "-" "Mozilla/5.0 (compatible; DataForSeoBot/1.0; +https://dataforseo.com/dataforseo-bot)"
40.77.167.61 - - [14/Apr/2026:18:10:47 +0300] "GET /products/detail/21936682544 HTTP/1.1" 200 17 "-" "Mozilla/5.0 AppleWebKit/537.36 (KHTML, like Gecko; compatible; bingbot/2.0; +http://www.bing.com/bingbot.htm) Chrome/116.0.1938.76 Safari/537.36"
40.77.167.61 - - [14/Apr/2026:18:10:48 +0300] "GET /products/detail/219576526185 HTTP/1.1" 200 3831 "-" "Mozilla/5.0 AppleWebKit/537.36 (KHTML, like Gecko; compatible; bingbot/2.0; +http://www.bing.com/bingbot.htm) Chrome/116.0.1938.76 Safari/537.36"
40.77.167.61 - - [14/Apr/2026:18:10:49 +0300] "GET /products/detail/21939721981 HTTP/1.1" 200 3831 "-" "Mozilla/5.0 AppleWebKit/537.36 (KHTML, like Gecko; compatible; bingbot/2.0; +http://www.bing.com/bingbot.htm) Chrome/116.0.1938.76 Safari/537.36"
136.243.228.194 - - [14/Apr/2026:18:10:51 +0300] "GET /products/detail/21941381260 HTTP/1.1" 200 3831 "-" "Mozilla/5.0 (compatible; DataForSeoBot/1.0; +https://dataforseo.com/dataforseo-bot)"
52.167.144.17 - - [14/Apr/2026:18:10:51 +0300] "GET /products/detail/21944067740 HTTP/1.1" 200 3831 "-" "Mozilla/5.0 AppleWebKit/537.36 (KHTML, like Gecko; compatible; bingbot/2.0; +http://www.bing.com/bingbot.htm) Chrome/116.0.1938.76 Safari/537.36"
52.167.144.17 - - [14/Apr/2026:18:10:53 +0300] "GET /products/detail/21988814821 HTTP/1.1" 200 3831 "-" "Mozilla/5.0 AppleWebKit/537.36 (KHTML, like Gecko; compatible; bingbot/2.0; +http://www.bing.com/bingbot.htm) Chrome/116.0.1938.76 Safari/537.36"
136.243.228.194 - - [14/Apr/2026:18:10:55 +0300] "GET /products/detail/21975387379 HTTP/1.1" 200 3831 "-" "Mozilla/5.0 (compatible; DataForSeoBot/1.0; +https://dataforseo.com/dataforseo-bot)"
136.243.228.194 - - [14/Apr/2026:18:10:59 +0300] "GET /products/detail/21957658775 HTTP/1.1" 200 3836 "-" "Mozilla/5.0 (compatible; DataForSeoBot/1.0; +https://dataforseo.com/dataforseo-bot)"
157.55.39.63 - - [14/Apr/2026:18:10:59 +0300] "GET /products/detail/21982867726 HTTP/1.1" 200 3836 "-" "Mozilla/5.0 AppleWebKit/537.36 (KHTML, like Gecko; compatible; bingbot/2.0; +http://www.bing.com/bingbot.htm) Chrome/116.0.1938.76 Safari/537.36"
157.55.39.63 - - [14/Apr/2026:18:11:00 +0300] "GET /products/detail/21939496878 HTTP/1.1" 200 3831 "-" "Mozilla/5.0 AppleWebKit/537.36 (KHTML, like Gecko; compatible; bingbot/2.0; +http://www.bing.com/bingbot.htm) Chrome/116.0.1938.76 Safari/537.36"
157.55.39.63 - - [14/Apr/2026:18:11:01 +0300] "GET /products/detail/21951912111 HTTP/1.1" 200 3831 "-" "Mozilla/5.0 AppleWebKit/537.36 (KHTML, like Gecko; compatible; bingbot/2.0; +http://www.bing.com/bingbot.htm) Chrome/116.0.1938.76 Safari/537.36"
94.23.188.207 - - [14/Apr/2026:18:11:02 +0300] "GET /products/detail/21954795549 HTTP/1.1" 200 3831 "-" "Mozilla/5.0 (compatible; AhrefsBot/7.0; +http://ahrefs.com/robot/)"
40.77.167.61 - - [14/Apr/2026:18:11:03 +0300] "GET /products/detail/21936967767 HTTP/1.1" 200 3831 "-" "Mozilla/5.0 AppleWebKit/537.36 (KHTML, like Gecko; compatible; bingbot/2.0; +http://www.bing.com/bingbot.htm) Chrome/116.0.1938.76 Safari/537.36"
157.55.39.63 - - [14/Apr/2026:18:11:03 +0300] "GET /products/detail/21939711278 HTTP/1.1" 200 3831 "-" "Mozilla/5.0 AppleWebKit/537.36 (KHTML, like Gecko; compatible; bingbot/2.0; +http://www.bing.com/bingbot.htm) Chrome/116.0.1938.76 Safari/537.36"
136.243.228.194 - - [14/Apr/2026:18:11:03 +0300] "GET /products/detail/21944169262 HTTP/1.1" 200 3831 "-" "Mozilla/5.0 (compatible; DataForSeoBot/1.0; +https://dataforseo.com/dataforseo-bot)"
40.77.167.61 - - [14/Apr/2026:18:11:04 +0300] "GET /products/detail/219425469994 HTTP/1.1" 200 3831 "-" "Mozilla/5.0 AppleWebKit/537.36 (KHTML, like Gecko; compatible; bingbot/2.0; +http://www.bing.com/bingbot.htm) Chrome/116.0.1938.76 Safari/537.36"
40.77.167.61 - - [14/Apr/2026:18:11:06 +0300] "GET /products/detail/21975331627 HTTP/1.1" 200 3831 "-" "Mozilla/5.0 AppleWebKit/537.36 (KHTML, like Gecko; compatible; bingbot/2.0; +http://www.bing.com/bingbot.htm) Chrome/116.0.1938.76 Safari/537.36"
157.55.39.63 - - [14/Apr/2026:18:11:06 +0300] "GET /products/detail/21923243376 HTTP/1.1" 200 3831 "-" "Mozilla/5.0 AppleWebKit/537.36 (KHTML, like Gecko; compatible; bingbot/2.0; +http://www.bing.com/bingbot.htm) Chrome/116.0.1938.76 Safari/537.36"
40.77.167.61 - - [14/Apr/2026:18:11:08 +0300] "GET /products/detail/21954521343 HTTP/1.1" 200 17 "-" "Mozilla/5.0 AppleWebKit/537.36 (KHTML, like Gecko; compatible; bingbot/2.0; +http://www.bing.com/bingbot.htm) Chrome/116.0.1938.76 Safari/537.36"
136.243.228.194 - - [14/Apr/2026:18:11:07 +0300] "GET /products/detail/21923138309 HTTP/1.1" 200 3831 "-" "Mozilla/5.0 (compatible; DataForSeoBot/1.0; +https://dataforseo.com/dataforseo-bot)"
157.55.39.63 - - [14/Apr/2026:18:11:10 +0300] "GET /products/detail/2192382912 HTTP/1.1" 200 3831 "-" "Mozilla/5.0 AppleWebKit/537.36 (KHTML, like Gecko; compatible; bingbot/2.0; +http://www.bing.com/bingbot.htm) Chrome/116.0.1938.76 Safari/537.36"
136.243.228.194 - - [14/Apr/2026:18:11:11 +0300] "GET /products/detail/21951681755 HTTP/1.1" 200 3831 "-" "Mozilla/5.0 (compatible; DataForSeoBot/1.0; +https://dataforseo.com/dataforseo-bot)"
40.77.167.61 - - [14/Apr/2026:18:11:14 +0300] "GET /products/detail/21933605563 HTTP/1.1" 200 3831 "-" "Mozilla/5.0 AppleWebKit/537.36 (KHTML, like Gecko; compatible; bingbot/2.0; +http://www.bing.com/bingbot.htm) Chrome/116.0.1938.76 Safari/537.36"
136.243.228.194 - - [14/Apr/2026:18:11:15 +0300] "GET /products/detail/21944016109 HTTP/1.1" 200 3836 "-" "Mozilla/5.0 (compatible; DataForSeoBot/1.0; +https://dataforseo.com/dataforseo-bot)"
40.77.167.61 - - [14/Apr/2026:18:11:16 +0300] "GET /products/detail/219375628071 HTTP/1.1" 200 17 "-" "Mozilla/5.0 AppleWebKit/537.36 (KHTML, like Gecko; compatible; bingbot/2.0; +http://www.bing.com/bingbot.htm) Chrome/116.0.1938.76 Safari/537.36"
40.77.167.61 - - [14/Apr/2026:18:11:17 +0300] "GET /products/detail/219281187956 HTTP/1.1" 200 17 "-" "Mozilla/5.0 AppleWebKit/537.36 (KHTML, like Gecko; compatible; bingbot/2.0; +http://www.bing.com/bingbot.htm) Chrome/116.0.1938.76 Safari/537.36"
52.167.144.17 - - [14/Apr/2026:18:11:17 +0300] "GET /products/detail/21923361561 HTTP/1.1" 200 3831 "-" "Mozilla/5.0 AppleWebKit/537.36 (KHTML, like Gecko; compatible; bingbot/2.0; +http://www.bing.com/bingbot.htm) Chrome/116.0.1938.76 Safari/537.36"
40.77.167.61 - - [14/Apr/2026:18:11:18 +0300] "GET /products/rumor/panama170550625754 HTTP/1.1" 200 3836 "-" "Mozilla/5.0 AppleWebKit/537.36 (KHTML, like Gecko; compatible; bingbot/2.0; +http://www.bing.com/bingbot.htm) Chrome/116.0.1938.76 Safari/537.36"
136.243.228.194 - - [14/Apr/2026:18:11:19 +0300] "GET /products/detail/21982671185 HTTP/1.1" 200 3831 "-" "Mozilla/5.0 (compatible; DataForSeoBot/1.0; +https://dataforseo.com/dataforseo-bot)"
52.167.144.17 - - [14/Apr/2026:18:11:19 +0300] "GET /products/detail/219410128958 HTTP/1.1" 200 3831 "-" "Mozilla/5.0 AppleWebKit/537.36 (KHTML, like Gecko; compatible; bingbot/2.0; +http://www.bing.com/bingbot.htm) Chrome/116.0.1938.76 Safari/537.36"
52.167.144.17 - - [14/Apr/2026:18:11:21 +0300] "GET /products/detail/21936949149 HTTP/1.1" 200 3831 "-" "Mozilla/5.0 AppleWebKit/537.36 (KHTML, like Gecko; compatible; bingbot/2.0; +http://www.bing.com/bingbot.htm) Chrome/116.0.1938.76 Safari/537.36"
52.167.144.17 - - [14/Apr/2026:18:11:21 +0300] "GET /products/malpractice/generosity176379179234 HTTP/1.1" 200 3831 "-" "Mozilla/5.0 AppleWebKit/537.36 (KHTML, like Gecko; compatible; bingbot/2.0; +http://www.bing.com/bingbot.htm) Chrome/116.0.1938.76 Safari/537.36"
136.243.228.194 - - [14/Apr/2026:18:11:23 +0300] "GET /products/detail/21978155440 HTTP/1.1" 200 3831 "-" "Mozilla/5.0 (compatible; DataForSeoBot/1.0; +https://dataforseo.com/dataforseo-bot)"
52.167.144.17 - - [14/Apr/2026:18:11:25 +0300] "GET /products/exhibits/genie173523239812 HTTP/1.1" 200 17 "-" "Mozilla/5.0 AppleWebKit/537.36 (KHTML, like Gecko; compatible; bingbot/2.0; +http://www.bing.com/bingbot.htm) Chrome/116.0.1938.76 Safari/537.36"
136.243.228.194 - - [14/Apr/2026:18:11:27 +0300] "GET /products/detail/21957811340 HTTP/1.1" 200 3831 "-" "Mozilla/5.0 (compatible; DataForSeoBot/1.0; +https://dataforseo.com/dataforseo-bot)"
157.55.39.63 - - [14/Apr/2026:18:11:30 +0300] "GET /products/detail/21936856523 HTTP/1.1" 200 3831 "-" "Mozilla/5.0 AppleWebKit/537.36 (KHTML, like Gecko; compatible; bingbot/2.0; +http://www.bing.com/bingbot.htm) Chrome/116.0.1938.76 Safari/537.36"
157.55.39.63 - - [14/Apr/2026:18:11:30 +0300] "GET /products/detail/219212022661 HTTP/1.1" 200 3831 "-" "Mozilla/5.0 AppleWebKit/537.36 (KHTML, like Gecko; compatible; bingbot/2.0; +http://www.bing.com/bingbot.htm) Chrome/116.0.1938.76 Safari/537.36"
136.243.228.194 - - [14/Apr/2026:18:11:31 +0300] "GET /products/detail/21926287754 HTTP/1.1" 200 3831 "-" "Mozilla/5.0 (compatible; DataForSeoBot/1.0; +https://dataforseo.com/dataforseo-bot)"
157.55.39.63 - - [14/Apr/2026:18:11:32 +0300] "GET /products/rifle/missouri176680882606 HTTP/1.1" 200 3831 "-" "Mozilla/5.0 AppleWebKit/537.36 (KHTML, like Gecko; compatible; bingbot/2.0; +http://www.bing.com/bingbot.htm) Chrome/116.0.1938.76 Safari/537.36"
157.55.39.63 - - [14/Apr/2026:18:11:33 +0300] "GET /products/passenger/floating175030586974 HTTP/1.1" 200 3831 "-" "Mozilla/5.0 AppleWebKit/537.36 (KHTML, like Gecko; compatible; bingbot/2.0; +http://www.bing.com/bingbot.htm) Chrome/116.0.1938.76 Safari/537.36"
136.243.228.194 - - [14/Apr/2026:18:11:35 +0300] "GET /products/detail/21923341259 HTTP/1.1" 200 3831 "-" "Mozilla/5.0 (compatible; DataForSeoBot/1.0; +https://dataforseo.com/dataforseo-bot)"
136.243.228.194 - - [14/Apr/2026:18:11:39 +0300] "GET /products/detail/21972492790 HTTP/1.1" 200 3836 "-" "Mozilla/5.0 (compatible; DataForSeoBot/1.0; +https://dataforseo.com/dataforseo-bot)"
136.243.228.194 - - [14/Apr/2026:18:11:43 +0300] "GET /products/detail/21951766190 HTTP/1.1" 200 3836 "-" "Mozilla/5.0 (compatible; DataForSeoBot/1.0; +https://dataforseo.com/dataforseo-bot)"
136.243.228.194 - - [14/Apr/2026:18:11:47 +0300] "GET /products/detail/21982517600 HTTP/1.1" 200 3831 "-" "Mozilla/5.0 (compatible; DataForSeoBot/1.0; +https://dataforseo.com/dataforseo-bot)"
51.75.236.154 - - [14/Apr/2026:18:11:47 +0300] "GET /products/detail/21954795036 HTTP/1.1" 200 3831 "-" "Mozilla/5.0 (compatible; AhrefsBot/7.0; +http://ahrefs.com/robot/)"
136.243.228.194 - - [14/Apr/2026:18:11:51 +0300] "GET /products/detail/21944441044 HTTP/1.1" 200 3831 "-" "Mozilla/5.0 (compatible; DataForSeoBot/1.0; +https://dataforseo.com/dataforseo-bot)"
136.243.228.194 - - [14/Apr/2026:18:11:55 +0300] "GET /products/detail/21926394212 HTTP/1.1" 200 3831 "-" "Mozilla/5.0 (compatible; DataForSeoBot/1.0; +https://dataforseo.com/dataforseo-bot)"
43.131.23.154 - - [14/Apr/2026:18:11:56 +0300] "GET /?path=/home/rootliftron/public_html/8cacac HTTP/1.1" 200 15892 "-" "Mozilla/5.0 (iPhone; CPU iPhone OS 13_2_3 like Mac OS X) AppleWebKit/605.1.15 (KHTML, like Gecko) Version/13.0.3 Mobile/15E148 Safari/604.1"
136.243.228.194 - - [14/Apr/2026:18:11:59 +0300] "GET /products/detail/21957723944 HTTP/1.1" 200 3831 "-" "Mozilla/5.0 (compatible; DataForSeoBot/1.0; +https://dataforseo.com/dataforseo-bot)"
37.59.204.129 - - [14/Apr/2026:18:12:31 +0300] "GET /products/detail/21954794844 HTTP/1.1" 200 3836 "-" "Mozilla/5.0 (compatible; AhrefsBot/7.0; +http://ahrefs.com/robot/)"
136.243.228.194 - - [14/Apr/2026:18:12:50 +0300] "GET /products/detail/21978166684 HTTP/1.1" 200 3831 "-" "Mozilla/5.0 (compatible; DataForSeoBot/1.0; +https://dataforseo.com/dataforseo-bot)"
136.243.228.194 - - [14/Apr/2026:18:12:54 +0300] "GET /products/detail/21951786539 HTTP/1.1" 200 3831 "-" "Mozilla/5.0 (compatible; DataForSeoBot/1.0; +https://dataforseo.com/dataforseo-bot)"
136.243.228.194 - - [14/Apr/2026:18:12:58 +0300] "GET /products/detail/21972275095 HTTP/1.1" 200 3831 "-" "Mozilla/5.0 (compatible; DataForSeoBot/1.0; +https://dataforseo.com/dataforseo-bot)"
40.77.167.41 - - [14/Apr/2026:18:12:58 +0300] "GET /products/system/empirical17026769147 HTTP/1.1" 200 3831 "-" "Mozilla/5.0 AppleWebKit/537.36 (KHTML, like Gecko; compatible; bingbot/2.0; +http://www.bing.com/bingbot.htm) Chrome/116.0.1938.76 Safari/537.36"
136.243.228.194 - - [14/Apr/2026:18:13:02 +0300] "GET /products/detail/21951719969 HTTP/1.1" 200 3831 "-" "Mozilla/5.0 (compatible; DataForSeoBot/1.0; +https://dataforseo.com/dataforseo-bot)"
52.167.144.208 - - [14/Apr/2026:18:13:02 +0300] "GET /products/detail/21923453391 HTTP/1.1" 200 3831 "-" "Mozilla/5.0 AppleWebKit/537.36 (KHTML, like Gecko; compatible; bingbot/2.0; +http://www.bing.com/bingbot.htm) Chrome/116.0.1938.76 Safari/537.36"
136.243.228.194 - - [14/Apr/2026:18:13:07 +0300] "GET /products/detail/21954526415 HTTP/1.1" 200 3831 "-" "Mozilla/5.0 (compatible; DataForSeoBot/1.0; +https://dataforseo.com/dataforseo-bot)"
157.55.39.63 - - [14/Apr/2026:18:13:07 +0300] "GET /products/detail/219299375012 HTTP/1.1" 200 17 "-" "Mozilla/5.0 AppleWebKit/537.36 (KHTML, like Gecko; compatible; bingbot/2.0; +http://www.bing.com/bingbot.htm) Chrome/116.0.1938.76 Safari/537.36"
157.55.39.63 - - [14/Apr/2026:18:13:10 +0300] "GET /products/detail/21978313754 HTTP/1.1" 200 3831 "-" "Mozilla/5.0 AppleWebKit/537.36 (KHTML, like Gecko; compatible; bingbot/2.0; +http://www.bing.com/bingbot.htm) Chrome/116.0.1938.76 Safari/537.36"
157.55.39.63 - - [14/Apr/2026:18:13:10 +0300] "GET /products/detail/21923120669 HTTP/1.1" 200 3831 "-" "Mozilla/5.0 AppleWebKit/537.36 (KHTML, like Gecko; compatible; bingbot/2.0; +http://www.bing.com/bingbot.htm) Chrome/116.0.1938.76 Safari/537.36"
136.243.228.194 - - [14/Apr/2026:18:13:10 +0300] "GET /products/detail/21944030524 HTTP/1.1" 200 3831 "-" "Mozilla/5.0 (compatible; DataForSeoBot/1.0; +https://dataforseo.com/dataforseo-bot)"
157.55.39.63 - - [14/Apr/2026:18:13:11 +0300] "GET /products/detail/21954569376 HTTP/1.1" 200 3836 "-" "Mozilla/5.0 AppleWebKit/537.36 (KHTML, like Gecko; compatible; bingbot/2.0; +http://www.bing.com/bingbot.htm) Chrome/116.0.1938.76 Safari/537.36"
52.167.144.208 - - [14/Apr/2026:18:13:04 +0300] "GET /products/deploying/onboard17058115552 HTTP/1.1" 200 17 "-" "Mozilla/5.0 AppleWebKit/537.36 (KHTML, like Gecko; compatible; bingbot/2.0; +http://www.bing.com/bingbot.htm) Chrome/116.0.1938.76 Safari/537.36"
157.55.39.63 - - [14/Apr/2026:18:13:12 +0300] "GET /products/detail/219212094967 HTTP/1.1" 200 3831 "-" "Mozilla/5.0 AppleWebKit/537.36 (KHTML, like Gecko; compatible; bingbot/2.0; +http://www.bing.com/bingbot.htm) Chrome/116.0.1938.76 Safari/537.36"
136.243.228.194 - - [14/Apr/2026:18:13:14 +0300] "GET /products/detail/21954903449 HTTP/1.1" 200 3831 "-" "Mozilla/5.0 (compatible; DataForSeoBot/1.0; +https://dataforseo.com/dataforseo-bot)"
157.55.39.63 - - [14/Apr/2026:18:13:14 +0300] "GET /products/detail/21929232828 HTTP/1.1" 200 3831 "-" "Mozilla/5.0 AppleWebKit/537.36 (KHTML, like Gecko; compatible; bingbot/2.0; +http://www.bing.com/bingbot.htm) Chrome/116.0.1938.76 Safari/537.36"
157.55.39.63 - - [14/Apr/2026:18:13:16 +0300] "GET /products/detail/219811697913 HTTP/1.1" 200 3831 "-" "Mozilla/5.0 AppleWebKit/537.36 (KHTML, like Gecko; compatible; bingbot/2.0; +http://www.bing.com/bingbot.htm) Chrome/116.0.1938.76 Safari/537.36"
157.55.39.63 - - [14/Apr/2026:18:13:16 +0300] "GET /products/detail/21982980289 HTTP/1.1" 200 3842 "-" "Mozilla/5.0 AppleWebKit/537.36 (KHTML, like Gecko; compatible; bingbot/2.0; +http://www.bing.com/bingbot.htm) Chrome/116.0.1938.76 Safari/537.36"
157.55.39.63 - - [14/Apr/2026:18:13:18 +0300] "GET /products/detail/219410396939 HTTP/1.1" 200 3836 "-" "Mozilla/5.0 AppleWebKit/537.36 (KHTML, like Gecko; compatible; bingbot/2.0; +http://www.bing.com/bingbot.htm) Chrome/116.0.1938.76 Safari/537.36"
136.243.228.194 - - [14/Apr/2026:18:13:18 +0300] "GET /products/detail/21982619090 HTTP/1.1" 200 3831 "-" "Mozilla/5.0 (compatible; DataForSeoBot/1.0; +https://dataforseo.com/dataforseo-bot)"
157.55.39.63 - - [14/Apr/2026:18:13:19 +0300] "GET /products/detail/21923183473 HTTP/1.1" 200 3831 "-" "Mozilla/5.0 AppleWebKit/537.36 (KHTML, like Gecko; compatible; bingbot/2.0; +http://www.bing.com/bingbot.htm) Chrome/116.0.1938.76 Safari/537.36"
52.167.144.208 - - [14/Apr/2026:18:13:21 +0300] "GET /products/detail/21951616284 HTTP/1.1" 200 3836 "-" "Mozilla/5.0 AppleWebKit/537.36 (KHTML, like Gecko; compatible; bingbot/2.0; +http://www.bing.com/bingbot.htm) Chrome/116.0.1938.76 Safari/537.36"
157.55.39.63 - - [14/Apr/2026:18:13:20 +0300] "GET /products/detail/21988732794 HTTP/1.1" 200 17 "-" "Mozilla/5.0 AppleWebKit/537.36 (KHTML, like Gecko; compatible; bingbot/2.0; +http://www.bing.com/bingbot.htm) Chrome/116.0.1938.76 Safari/537.36"
136.243.228.194 - - [14/Apr/2026:18:13:22 +0300] "GET /products/detail/21985974914 HTTP/1.1" 200 3836 "-" "Mozilla/5.0 (compatible; DataForSeoBot/1.0; +https://dataforseo.com/dataforseo-bot)"
52.167.144.208 - - [14/Apr/2026:18:13:23 +0300] "GET /products/signs/conrad171010812538 HTTP/1.1" 200 3831 "-" "Mozilla/5.0 AppleWebKit/537.36 (KHTML, like Gecko; compatible; bingbot/2.0; +http://www.bing.com/bingbot.htm) Chrome/116.0.1938.76 Safari/537.36"
157.55.39.63 - - [14/Apr/2026:18:13:23 +0300] "GET /products/detail/219263313296 HTTP/1.1" 200 3831 "-" "Mozilla/5.0 AppleWebKit/537.36 (KHTML, like Gecko; compatible; bingbot/2.0; +http://www.bing.com/bingbot.htm) Chrome/116.0.1938.76 Safari/537.36"
52.167.144.208 - - [14/Apr/2026:18:13:24 +0300] "GET /products/detail/21929232376 HTTP/1.1" 200 3831 "-" "Mozilla/5.0 AppleWebKit/537.36 (KHTML, like Gecko; compatible; bingbot/2.0; +http://www.bing.com/bingbot.htm) Chrome/116.0.1938.76 Safari/537.36"
92.222.104.200 - - [14/Apr/2026:18:13:25 +0300] "GET /products/detail/21954793978 HTTP/1.1" 200 3836 "-" "Mozilla/5.0 (compatible; AhrefsBot/7.0; +http://ahrefs.com/robot/)"
136.243.228.194 - - [14/Apr/2026:18:13:26 +0300] "GET /products/detail/21951776324 HTTP/1.1" 200 3831 "-" "Mozilla/5.0 (compatible; DataForSeoBot/1.0; +https://dataforseo.com/dataforseo-bot)"
52.167.144.208 - - [14/Apr/2026:18:13:26 +0300] "GET /products/detail/219275338606 HTTP/1.1" 200 3836 "-" "Mozilla/5.0 AppleWebKit/537.36 (KHTML, like Gecko; compatible; bingbot/2.0; +http://www.bing.com/bingbot.htm) Chrome/116.0.1938.76 Safari/537.36"
52.167.144.208 - - [14/Apr/2026:18:13:27 +0300] "GET /products/detail/219422209873 HTTP/1.1" 200 3832 "-" "Mozilla/5.0 AppleWebKit/537.36 (KHTML, like Gecko; compatible; bingbot/2.0; +http://www.bing.com/bingbot.htm) Chrome/116.0.1938.76 Safari/537.36"
52.167.144.208 - - [14/Apr/2026:18:13:29 +0300] "GET /products/detail/21972194969 HTTP/1.1" 200 17 "-" "Mozilla/5.0 AppleWebKit/537.36 (KHTML, like Gecko; compatible; bingbot/2.0; +http://www.bing.com/bingbot.htm) Chrome/116.0.1938.76 Safari/537.36"
52.167.144.208 - - [14/Apr/2026:18:13:28 +0300] "GET /products/detail/219792009107 HTTP/1.1" 200 3831 "-" "Mozilla/5.0 AppleWebKit/537.36 (KHTML, like Gecko; compatible; bingbot/2.0; +http://www.bing.com/bingbot.htm) Chrome/116.0.1938.76 Safari/537.36"
136.243.228.194 - - [14/Apr/2026:18:13:30 +0300] "GET /products/detail/21947159494 HTTP/1.1" 200 3831 "-" "Mozilla/5.0 (compatible; DataForSeoBot/1.0; +https://dataforseo.com/dataforseo-bot)"
136.243.228.194 - - [14/Apr/2026:18:13:34 +0300] "GET /products/detail/21933818079 HTTP/1.1" 200 3831 "-" "Mozilla/5.0 (compatible; DataForSeoBot/1.0; +https://dataforseo.com/dataforseo-bot)"
136.243.228.194 - - [14/Apr/2026:18:13:38 +0300] "GET /products/detail/21923072837 HTTP/1.1" 200 3831 "-" "Mozilla/5.0 (compatible; DataForSeoBot/1.0; +https://dataforseo.com/dataforseo-bot)"
136.243.228.194 - - [14/Apr/2026:18:13:42 +0300] "GET /products/detail/21982598504 HTTP/1.1" 200 3831 "-" "Mozilla/5.0 (compatible; DataForSeoBot/1.0; +https://dataforseo.com/dataforseo-bot)"
136.243.228.194 - - [14/Apr/2026:18:13:46 +0300] "GET /products/detail/21951520559 HTTP/1.1" 200 3836 "-" "Mozilla/5.0 (compatible; DataForSeoBot/1.0; +https://dataforseo.com/dataforseo-bot)"
136.243.228.194 - - [14/Apr/2026:18:13:50 +0300] "GET /products/detail/21985735337 HTTP/1.1" 200 3831 "-" "Mozilla/5.0 (compatible; DataForSeoBot/1.0; +https://dataforseo.com/dataforseo-bot)"
136.243.228.194 - - [14/Apr/2026:18:13:54 +0300] "GET /products/detail/21944456485 HTTP/1.1" 200 3831 "-" "Mozilla/5.0 (compatible; DataForSeoBot/1.0; +https://dataforseo.com/dataforseo-bot)"
136.243.228.194 - - [14/Apr/2026:18:13:58 +0300] "GET /products/detail/21985771799 HTTP/1.1" 200 3831 "-" "Mozilla/5.0 (compatible; DataForSeoBot/1.0; +https://dataforseo.com/dataforseo-bot)"
40.77.167.41 - - [14/Apr/2026:18:13:59 +0300] "GET /products/detail/21968100918 HTTP/1.1" 200 3831 "-" "Mozilla/5.0 AppleWebKit/537.36 (KHTML, like Gecko; compatible; bingbot/2.0; +http://www.bing.com/bingbot.htm) Chrome/116.0.1938.76 Safari/537.36"
40.77.167.41 - - [14/Apr/2026:18:14:02 +0300] "GET /products/detail/219410181992 HTTP/1.1" 200 3831 "-" "Mozilla/5.0 AppleWebKit/537.36 (KHTML, like Gecko; compatible; bingbot/2.0; +http://www.bing.com/bingbot.htm) Chrome/116.0.1938.76 Safari/537.36"
136.243.228.194 - - [14/Apr/2026:18:14:02 +0300] "GET /products/detail/21951502394 HTTP/1.1" 200 3831 "-" "Mozilla/5.0 (compatible; DataForSeoBot/1.0; +https://dataforseo.com/dataforseo-bot)"
136.243.228.194 - - [14/Apr/2026:18:14:06 +0300] "GET /products/detail/21957767570 HTTP/1.1" 200 3831 "-" "Mozilla/5.0 (compatible; DataForSeoBot/1.0; +https://dataforseo.com/dataforseo-bot)"
136.243.228.194 - - [14/Apr/2026:18:14:10 +0300] "GET /products/detail/21982871762 HTTP/1.1" 200 3831 "-" "Mozilla/5.0 (compatible; DataForSeoBot/1.0; +https://dataforseo.com/dataforseo-bot)"
136.243.228.194 - - [14/Apr/2026:18:14:14 +0300] "GET /products/detail/21951800285 HTTP/1.1" 200 3831 "-" "Mozilla/5.0 (compatible; DataForSeoBot/1.0; +https://dataforseo.com/dataforseo-bot)"
136.243.228.194 - - [14/Apr/2026:18:14:18 +0300] "GET /products/detail/21933951687 HTTP/1.1" 200 3831 "-" "Mozilla/5.0 (compatible; DataForSeoBot/1.0; +https://dataforseo.com/dataforseo-bot)"
136.243.228.194 - - [14/Apr/2026:18:14:22 +0300] "GET /products/detail/21933567219 HTTP/1.1" 200 3831 "-" "Mozilla/5.0 (compatible; DataForSeoBot/1.0; +https://dataforseo.com/dataforseo-bot)"
54.37.118.67 - - [14/Apr/2026:18:14:22 +0300] "GET /products/detail/21954793386 HTTP/1.1" 200 3836 "-" "Mozilla/5.0 (compatible; AhrefsBot/7.0; +http://ahrefs.com/robot/)"
136.243.228.194 - - [14/Apr/2026:18:14:26 +0300] "GET /products/detail/21951814175 HTTP/1.1" 200 3836 "-" "Mozilla/5.0 (compatible; DataForSeoBot/1.0; +https://dataforseo.com/dataforseo-bot)"
40.77.167.41 - - [14/Apr/2026:18:14:00 +0300] "GET /products/detail/21941137100 HTTP/1.1" 200 17 "-" "Mozilla/5.0 AppleWebKit/537.36 (KHTML, like Gecko; compatible; bingbot/2.0; +http://www.bing.com/bingbot.htm) Chrome/116.0.1938.76 Safari/537.36"
136.243.228.194 - - [14/Apr/2026:18:14:30 +0300] "GET /products/detail/21954756704 HTTP/1.1" 200 3831 "-" "Mozilla/5.0 (compatible; DataForSeoBot/1.0; +https://dataforseo.com/dataforseo-bot)"
136.243.228.194 - - [14/Apr/2026:18:14:34 +0300] "GET /products/detail/21951663134 HTTP/1.1" 200 3831 "-" "Mozilla/5.0 (compatible; DataForSeoBot/1.0; +https://dataforseo.com/dataforseo-bot)"
136.243.228.194 - - [14/Apr/2026:18:14:38 +0300] "GET /products/detail/21972252580 HTTP/1.1" 200 3831 "-" "Mozilla/5.0 (compatible; DataForSeoBot/1.0; +https://dataforseo.com/dataforseo-bot)"
136.243.228.194 - - [14/Apr/2026:18:14:42 +0300] "GET /products/detail/21957844262 HTTP/1.1" 200 3831 "-" "Mozilla/5.0 (compatible; DataForSeoBot/1.0; +https://dataforseo.com/dataforseo-bot)"
136.243.228.194 - - [14/Apr/2026:18:14:46 +0300] "GET /products/detail/21923303630 HTTP/1.1" 200 3831 "-" "Mozilla/5.0 (compatible; DataForSeoBot/1.0; +https://dataforseo.com/dataforseo-bot)"
136.243.228.194 - - [14/Apr/2026:18:14:50 +0300] "GET /products/detail/21972473104 HTTP/1.1" 200 3831 "-" "Mozilla/5.0 (compatible; DataForSeoBot/1.0; +https://dataforseo.com/dataforseo-bot)"
136.243.228.194 - - [14/Apr/2026:18:14:54 +0300] "GET /products/detail/21962031762 HTTP/1.1" 200 3836 "-" "Mozilla/5.0 (compatible; DataForSeoBot/1.0; +https://dataforseo.com/dataforseo-bot)"
136.243.228.194 - - [14/Apr/2026:18:14:58 +0300] "GET /products/detail/21941457709 HTTP/1.1" 200 3831 "-" "Mozilla/5.0 (compatible; DataForSeoBot/1.0; +https://dataforseo.com/dataforseo-bot)"
136.243.228.194 - - [14/Apr/2026:18:15:02 +0300] "GET /products/detail/21941313430 HTTP/1.1" 200 3831 "-" "Mozilla/5.0 (compatible; DataForSeoBot/1.0; +https://dataforseo.com/dataforseo-bot)"
136.243.228.194 - - [14/Apr/2026:18:15:06 +0300] "GET /products/detail/21982911095 HTTP/1.1" 200 3831 "-" "Mozilla/5.0 (compatible; DataForSeoBot/1.0; +https://dataforseo.com/dataforseo-bot)"
54.37.118.78 - - [14/Apr/2026:18:15:06 +0300] "GET /products/detail/21954793142 HTTP/1.1" 200 3831 "-" "Mozilla/5.0 (compatible; AhrefsBot/7.0; +http://ahrefs.com/robot/)"
136.243.228.194 - - [14/Apr/2026:18:15:10 +0300] "GET /products/detail/21972325420 HTTP/1.1" 200 3831 "-" "Mozilla/5.0 (compatible; DataForSeoBot/1.0; +https://dataforseo.com/dataforseo-bot)"
136.243.228.194 - - [14/Apr/2026:18:15:14 +0300] "GET /products/detail/21951691187 HTTP/1.1" 200 3831 "-" "Mozilla/5.0 (compatible; DataForSeoBot/1.0; +https://dataforseo.com/dataforseo-bot)"
136.243.228.194 - - [14/Apr/2026:18:15:18 +0300] "GET /products/detail/21954597074 HTTP/1.1" 200 3836 "-" "Mozilla/5.0 (compatible; DataForSeoBot/1.0; +https://dataforseo.com/dataforseo-bot)"
136.243.228.194 - - [14/Apr/2026:18:15:22 +0300] "GET /products/detail/21947454544 HTTP/1.1" 200 3831 "-" "Mozilla/5.0 (compatible; DataForSeoBot/1.0; +https://dataforseo.com/dataforseo-bot)"
136.243.228.194 - - [14/Apr/2026:18:15:26 +0300] "GET /products/detail/21926239724 HTTP/1.1" 200 3831 "-" "Mozilla/5.0 (compatible; DataForSeoBot/1.0; +https://dataforseo.com/dataforseo-bot)"
136.243.228.194 - - [14/Apr/2026:18:15:30 +0300] "GET /products/detail/21967998969 HTTP/1.1" 200 3831 "-" "Mozilla/5.0 (compatible; DataForSeoBot/1.0; +https://dataforseo.com/dataforseo-bot)"
157.55.39.63 - - [14/Apr/2026:18:15:32 +0300] "GET /products/detail/219898674551 HTTP/1.1" 200 3831 "-" "Mozilla/5.0 AppleWebKit/537.36 (KHTML, like Gecko; compatible; bingbot/2.0; +http://www.bing.com/bingbot.htm) Chrome/116.0.1938.76 Safari/537.36"
136.243.228.194 - - [14/Apr/2026:18:15:34 +0300] "GET /products/detail/21936963300 HTTP/1.1" 200 3831 "-" "Mozilla/5.0 (compatible; DataForSeoBot/1.0; +https://dataforseo.com/dataforseo-bot)"
52.167.144.208 - - [14/Apr/2026:18:15:36 +0300] "GET /products/detail/21982593648 HTTP/1.1" 200 17 "-" "Mozilla/5.0 AppleWebKit/537.36 (KHTML, like Gecko; compatible; bingbot/2.0; +http://www.bing.com/bingbot.htm) Chrome/116.0.1938.76 Safari/537.36"
52.167.144.208 - - [14/Apr/2026:18:15:32 +0300] "GET /products/detail/21975240753 HTTP/1.1" 200 17 "-" "Mozilla/5.0 AppleWebKit/537.36 (KHTML, like Gecko; compatible; bingbot/2.0; +http://www.bing.com/bingbot.htm) Chrome/116.0.1938.76 Safari/537.36"
52.167.144.208 - - [14/Apr/2026:18:15:38 +0300] "GET /products/detail/219482048268 HTTP/1.1" 200 3831 "-" "Mozilla/5.0 AppleWebKit/537.36 (KHTML, like Gecko; compatible; bingbot/2.0; +http://www.bing.com/bingbot.htm) Chrome/116.0.1938.76 Safari/537.36"
136.243.228.194 - - [14/Apr/2026:18:15:38 +0300] "GET /products/detail/21957965669 HTTP/1.1" 200 3831 "-" "Mozilla/5.0 (compatible; DataForSeoBot/1.0; +https://dataforseo.com/dataforseo-bot)"
52.167.144.208 - - [14/Apr/2026:18:15:40 +0300] "GET /products/detail/2193751736 HTTP/1.1" 200 3831 "-" "Mozilla/5.0 AppleWebKit/537.36 (KHTML, like Gecko; compatible; bingbot/2.0; +http://www.bing.com/bingbot.htm) Chrome/116.0.1938.76 Safari/537.36"
52.167.144.208 - - [14/Apr/2026:18:15:42 +0300] "GET /products/detail/219470228134 HTTP/1.1" 200 3831 "-" "Mozilla/5.0 AppleWebKit/537.36 (KHTML, like Gecko; compatible; bingbot/2.0; +http://www.bing.com/bingbot.htm) Chrome/116.0.1938.76 Safari/537.36"
136.243.228.194 - - [14/Apr/2026:18:15:42 +0300] "GET /products/detail/21944132437 HTTP/1.1" 200 3831 "-" "Mozilla/5.0 (compatible; DataForSeoBot/1.0; +https://dataforseo.com/dataforseo-bot)"
52.167.144.208 - - [14/Apr/2026:18:15:44 +0300] "GET /products/detail/219588530914 HTTP/1.1" 200 3831 "-" "Mozilla/5.0 AppleWebKit/537.36 (KHTML, like Gecko; compatible; bingbot/2.0; +http://www.bing.com/bingbot.htm) Chrome/116.0.1938.76 Safari/537.36"
136.243.228.194 - - [14/Apr/2026:18:15:46 +0300] "GET /products/detail/21975466462 HTTP/1.1" 200 3831 "-" "Mozilla/5.0 (compatible; DataForSeoBot/1.0; +https://dataforseo.com/dataforseo-bot)"
52.167.144.208 - - [14/Apr/2026:18:15:47 +0300] "GET /products/detail/219476345961 HTTP/1.1" 200 3831 "-" "Mozilla/5.0 AppleWebKit/537.36 (KHTML, like Gecko; compatible; bingbot/2.0; +http://www.bing.com/bingbot.htm) Chrome/116.0.1938.76 Safari/537.36"
157.55.39.63 - - [14/Apr/2026:18:15:47 +0300] "GET /products/detail/21944164503 HTTP/1.1" 200 3831 "-" "Mozilla/5.0 AppleWebKit/537.36 (KHTML, like Gecko; compatible; bingbot/2.0; +http://www.bing.com/bingbot.htm) Chrome/116.0.1938.76 Safari/537.36"
157.55.39.63 - - [14/Apr/2026:18:15:49 +0300] "GET /products/detail/21982643539 HTTP/1.1" 200 3834 "-" "Mozilla/5.0 AppleWebKit/537.36 (KHTML, like Gecko; compatible; bingbot/2.0; +http://www.bing.com/bingbot.htm) Chrome/116.0.1938.76 Safari/537.36"
136.243.228.194 - - [14/Apr/2026:18:15:50 +0300] "GET /products/detail/21923120345 HTTP/1.1" 200 3836 "-" "Mozilla/5.0 (compatible; DataForSeoBot/1.0; +https://dataforseo.com/dataforseo-bot)"
157.55.39.63 - - [14/Apr/2026:18:15:50 +0300] "GET /products/detail/21926041836 HTTP/1.1" 200 3831 "-" "Mozilla/5.0 AppleWebKit/537.36 (KHTML, like Gecko; compatible; bingbot/2.0; +http://www.bing.com/bingbot.htm) Chrome/116.0.1938.76 Safari/537.36"
157.55.39.63 - - [14/Apr/2026:18:15:52 +0300] "GET /products/detail/219242006309 HTTP/1.1" 200 3831 "-" "Mozilla/5.0 AppleWebKit/537.36 (KHTML, like Gecko; compatible; bingbot/2.0; +http://www.bing.com/bingbot.htm) Chrome/116.0.1938.76 Safari/537.36"
136.243.228.194 - - [14/Apr/2026:18:15:54 +0300] "GET /products/detail/21975154504 HTTP/1.1" 200 3831 "-" "Mozilla/5.0 (compatible; DataForSeoBot/1.0; +https://dataforseo.com/dataforseo-bot)"
157.55.39.63 - - [14/Apr/2026:18:15:54 +0300] "GET /products/detail/21944018909 HTTP/1.1" 200 3836 "-" "Mozilla/5.0 AppleWebKit/537.36 (KHTML, like Gecko; compatible; bingbot/2.0; +http://www.bing.com/bingbot.htm) Chrome/116.0.1938.76 Safari/537.36"
136.243.228.194 - - [14/Apr/2026:18:15:58 +0300] "GET /products/detail/21941489689 HTTP/1.1" 200 3831 "-" "Mozilla/5.0 (compatible; DataForSeoBot/1.0; +https://dataforseo.com/dataforseo-bot)"
157.55.39.63 - - [14/Apr/2026:18:15:58 +0300] "GET /products/detail/21988812272 HTTP/1.1" 200 3831 "-" "Mozilla/5.0 AppleWebKit/537.36 (KHTML, like Gecko; compatible; bingbot/2.0; +http://www.bing.com/bingbot.htm) Chrome/116.0.1938.76 Safari/537.36"
51.68.247.193 - - [14/Apr/2026:18:16:02 +0300] "GET /products/detail/21954792868 HTTP/1.1" 200 3831 "-" "Mozilla/5.0 (compatible; AhrefsBot/7.0; +http://ahrefs.com/robot/)"
136.243.228.194 - - [14/Apr/2026:18:16:02 +0300] "GET /products/detail/21985519589 HTTP/1.1" 200 3831 "-" "Mozilla/5.0 (compatible; DataForSeoBot/1.0; +https://dataforseo.com/dataforseo-bot)"
40.77.167.41 - - [14/Apr/2026:18:16:05 +0300] "GET /products/detail/21975260247 HTTP/1.1" 200 17 "-" "Mozilla/5.0 AppleWebKit/537.36 (KHTML, like Gecko; compatible; bingbot/2.0; +http://www.bing.com/bingbot.htm) Chrome/116.0.1938.76 Safari/537.36"
40.77.167.41 - - [14/Apr/2026:18:16:06 +0300] "GET /products/detail/219369767301 HTTP/1.1" 200 3831 "-" "Mozilla/5.0 AppleWebKit/537.36 (KHTML, like Gecko; compatible; bingbot/2.0; +http://www.bing.com/bingbot.htm) Chrome/116.0.1938.76 Safari/537.36"
136.243.228.194 - - [14/Apr/2026:18:16:07 +0300] "GET /products/detail/21982860605 HTTP/1.1" 200 3831 "-" "Mozilla/5.0 (compatible; DataForSeoBot/1.0; +https://dataforseo.com/dataforseo-bot)"
136.243.228.194 - - [14/Apr/2026:18:16:10 +0300] "GET /products/detail/21975248587 HTTP/1.1" 200 3836 "-" "Mozilla/5.0 (compatible; DataForSeoBot/1.0; +https://dataforseo.com/dataforseo-bot)"
40.77.167.41 - - [14/Apr/2026:18:16:12 +0300] "GET /products/detail/21975422131 HTTP/1.1" 200 17 "-" "Mozilla/5.0 AppleWebKit/537.36 (KHTML, like Gecko; compatible; bingbot/2.0; +http://www.bing.com/bingbot.htm) Chrome/116.0.1938.76 Safari/537.36"
40.77.167.41 - - [14/Apr/2026:18:16:14 +0300] "GET /products/essentials/che16963830241 HTTP/1.1" 200 3836 "-" "Mozilla/5.0 AppleWebKit/537.36 (KHTML, like Gecko; compatible; bingbot/2.0; +http://www.bing.com/bingbot.htm) Chrome/116.0.1938.76 Safari/537.36"
136.243.228.194 - - [14/Apr/2026:18:16:15 +0300] "GET /products/detail/21975404890 HTTP/1.1" 200 3831 "-" "Mozilla/5.0 (compatible; DataForSeoBot/1.0; +https://dataforseo.com/dataforseo-bot)"
40.77.167.41 - - [14/Apr/2026:18:16:15 +0300] "GET /products/detail/21923433440 HTTP/1.1" 200 3831 "-" "Mozilla/5.0 AppleWebKit/537.36 (KHTML, like Gecko; compatible; bingbot/2.0; +http://www.bing.com/bingbot.htm) Chrome/116.0.1938.76 Safari/537.36"
40.77.167.41 - - [14/Apr/2026:18:16:16 +0300] "GET /products/detail/21929392609 HTTP/1.1" 200 3836 "-" "Mozilla/5.0 AppleWebKit/537.36 (KHTML, like Gecko; compatible; bingbot/2.0; +http://www.bing.com/bingbot.htm) Chrome/116.0.1938.76 Safari/537.36"
136.243.228.194 - - [14/Apr/2026:18:16:18 +0300] "GET /products/detail/21982729529 HTTP/1.1" 200 3831 "-" "Mozilla/5.0 (compatible; DataForSeoBot/1.0; +https://dataforseo.com/dataforseo-bot)"
136.243.228.194 - - [14/Apr/2026:18:16:22 +0300] "GET /products/detail/21975352465 HTTP/1.1" 200 3831 "-" "Mozilla/5.0 (compatible; DataForSeoBot/1.0; +https://dataforseo.com/dataforseo-bot)"
40.77.167.41 - - [14/Apr/2026:18:16:17 +0300] "GET /products/detail/21975467396 HTTP/1.1" 200 17 "-" "Mozilla/5.0 AppleWebKit/537.36 (KHTML, like Gecko; compatible; bingbot/2.0; +http://www.bing.com/bingbot.htm) Chrome/116.0.1938.76 Safari/537.36"
136.243.228.194 - - [14/Apr/2026:18:16:26 +0300] "GET /products/detail/21944191465 HTTP/1.1" 200 3831 "-" "Mozilla/5.0 (compatible; DataForSeoBot/1.0; +https://dataforseo.com/dataforseo-bot)"
136.243.228.194 - - [14/Apr/2026:18:16:30 +0300] "GET /products/detail/21926482124 HTTP/1.1" 200 3831 "-" "Mozilla/5.0 (compatible; DataForSeoBot/1.0; +https://dataforseo.com/dataforseo-bot)"
136.243.228.194 - - [14/Apr/2026:18:16:34 +0300] "GET /products/detail/21936881664 HTTP/1.1" 200 3836 "-" "Mozilla/5.0 (compatible; DataForSeoBot/1.0; +https://dataforseo.com/dataforseo-bot)"
136.243.228.194 - - [14/Apr/2026:18:16:38 +0300] "GET /products/detail/21933880962 HTTP/1.1" 200 3831 "-" "Mozilla/5.0 (compatible; DataForSeoBot/1.0; +https://dataforseo.com/dataforseo-bot)"
136.243.228.194 - - [14/Apr/2026:18:16:42 +0300] "GET /products/detail/21951656999 HTTP/1.1" 200 3836 "-" "Mozilla/5.0 (compatible; DataForSeoBot/1.0; +https://dataforseo.com/dataforseo-bot)"
136.243.228.194 - - [14/Apr/2026:18:16:46 +0300] "GET /products/detail/21933987387 HTTP/1.1" 200 3831 "-" "Mozilla/5.0 (compatible; DataForSeoBot/1.0; +https://dataforseo.com/dataforseo-bot)"
136.243.228.194 - - [14/Apr/2026:18:16:50 +0300] "GET /products/detail/21951574889 HTTP/1.1" 200 3836 "-" "Mozilla/5.0 (compatible; DataForSeoBot/1.0; +https://dataforseo.com/dataforseo-bot)"
176.31.139.21 - - [14/Apr/2026:18:16:52 +0300] "GET /products/detail/21954792431 HTTP/1.1" 200 3831 "-" "Mozilla/5.0 (compatible; AhrefsBot/7.0; +http://ahrefs.com/robot/)"
136.243.228.194 - - [14/Apr/2026:18:16:54 +0300] "GET /products/detail/21972429337 HTTP/1.1" 200 3831 "-" "Mozilla/5.0 (compatible; DataForSeoBot/1.0; +https://dataforseo.com/dataforseo-bot)"
136.243.228.194 - - [14/Apr/2026:18:16:58 +0300] "GET /products/detail/21978370615 HTTP/1.1" 200 3831 "-" "Mozilla/5.0 (compatible; DataForSeoBot/1.0; +https://dataforseo.com/dataforseo-bot)"
136.243.228.194 - - [14/Apr/2026:18:17:02 +0300] "GET /products/detail/21951700700 HTTP/1.1" 200 3836 "-" "Mozilla/5.0 (compatible; DataForSeoBot/1.0; +https://dataforseo.com/dataforseo-bot)"
136.243.228.194 - - [14/Apr/2026:18:17:06 +0300] "GET /products/detail/21941294389 HTTP/1.1" 200 3831 "-" "Mozilla/5.0 (compatible; DataForSeoBot/1.0; +https://dataforseo.com/dataforseo-bot)"
136.243.228.194 - - [14/Apr/2026:18:17:10 +0300] "GET /products/detail/21957833279 HTTP/1.1" 200 3831 "-" "Mozilla/5.0 (compatible; DataForSeoBot/1.0; +https://dataforseo.com/dataforseo-bot)"
136.243.228.194 - - [14/Apr/2026:18:17:14 +0300] "GET /products/detail/21954748637 HTTP/1.1" 200 3836 "-" "Mozilla/5.0 (compatible; DataForSeoBot/1.0; +https://dataforseo.com/dataforseo-bot)"
136.243.228.194 - - [14/Apr/2026:18:17:18 +0300] "GET /products/detail/21978223039 HTTP/1.1" 200 3836 "-" "Mozilla/5.0 (compatible; DataForSeoBot/1.0; +https://dataforseo.com/dataforseo-bot)"
136.243.228.194 - - [14/Apr/2026:18:17:22 +0300] "GET /products/detail/21982939460 HTTP/1.1" 200 3831 "-" "Mozilla/5.0 (compatible; DataForSeoBot/1.0; +https://dataforseo.com/dataforseo-bot)"
136.243.228.194 - - [14/Apr/2026:18:17:26 +0300] "GET /products/detail/21941281225 HTTP/1.1" 200 3831 "-" "Mozilla/5.0 (compatible; DataForSeoBot/1.0; +https://dataforseo.com/dataforseo-bot)"
136.243.228.194 - - [14/Apr/2026:18:17:30 +0300] "GET /products/detail/21933593745 HTTP/1.1" 200 3836 "-" "Mozilla/5.0 (compatible; DataForSeoBot/1.0; +https://dataforseo.com/dataforseo-bot)"
136.243.228.194 - - [14/Apr/2026:18:17:34 +0300] "GET /products/detail/21933811137 HTTP/1.1" 200 3831 "-" "Mozilla/5.0 (compatible; DataForSeoBot/1.0; +https://dataforseo.com/dataforseo-bot)"
136.243.228.194 - - [14/Apr/2026:18:17:38 +0300] "GET /products/detail/21954870587 HTTP/1.1" 200 3831 "-" "Mozilla/5.0 (compatible; DataForSeoBot/1.0; +https://dataforseo.com/dataforseo-bot)"
51.75.236.154 - - [14/Apr/2026:18:17:39 +0300] "GET /products/detail/21954791995 HTTP/1.1" 200 3836 "-" "Mozilla/5.0 (compatible; AhrefsBot/7.0; +http://ahrefs.com/robot/)"
136.243.228.194 - - [14/Apr/2026:18:17:42 +0300] "GET /products/detail/21941287735 HTTP/1.1" 200 3831 "-" "Mozilla/5.0 (compatible; DataForSeoBot/1.0; +https://dataforseo.com/dataforseo-bot)"
136.243.228.194 - - [14/Apr/2026:18:17:46 +0300] "GET /products/detail/21941452924 HTTP/1.1" 200 3831 "-" "Mozilla/5.0 (compatible; DataForSeoBot/1.0; +https://dataforseo.com/dataforseo-bot)"
136.243.228.194 - - [14/Apr/2026:18:17:51 +0300] "GET /products/detail/21951817670 HTTP/1.1" 200 3836 "-" "Mozilla/5.0 (compatible; DataForSeoBot/1.0; +https://dataforseo.com/dataforseo-bot)"
136.243.228.194 - - [14/Apr/2026:18:17:54 +0300] "GET /products/detail/21951536480 HTTP/1.1" 200 3831 "-" "Mozilla/5.0 (compatible; DataForSeoBot/1.0; +https://dataforseo.com/dataforseo-bot)"
136.243.228.194 - - [14/Apr/2026:18:17:58 +0300] "GET /products/detail/21972126430 HTTP/1.1" 200 3831 "-" "Mozilla/5.0 (compatible; DataForSeoBot/1.0; +https://dataforseo.com/dataforseo-bot)"
136.243.228.194 - - [14/Apr/2026:18:18:02 +0300] "GET /products/detail/21923309879 HTTP/1.1" 200 3836 "-" "Mozilla/5.0 (compatible; DataForSeoBot/1.0; +https://dataforseo.com/dataforseo-bot)"
