185.220.101.21 - - [14/Apr/2026:15:47:48 +0300] "GET /?fileloc=/home/rootliftron/public_html/readme.html&path=/home/rootliftron/public_html HTTP/1.1" 200 21864 "http://liftron.net/?fileloc=/home/rootliftron/public_html/readme.html&path=/home/rootliftron/public_html" "Mozilla/4.0 (compatible; MSIE 8.0; Windows NT 6.1; WOW64; Trident/4.0; SLCC2; .NET CLR 2.0.50727; .NET CLR 3.5.30729; .NET CLR 3.0.30729; Media Center PC 6.0; .NET4.0C; CIBA; GTB7.1)"
136.243.228.194 - - [14/Apr/2026:15:47:49 +0300] "GET /products/detail/21933623932 HTTP/1.1" 200 3831 "-" "Mozilla/5.0 (compatible; DataForSeoBot/1.0; +https://dataforseo.com/dataforseo-bot)"
185.220.101.21 - - [14/Apr/2026:15:47:49 +0300] "GET /?fileloc=/home/rootliftron/public_html/wp-activate.php&path=/home/rootliftron/public_html HTTP/1.1" 200 21516 "http://liftron.net/?fileloc=/home/rootliftron/public_html/wp-activate.php&path=/home/rootliftron/public_html" "Mozilla/4.0 (compatible; MSIE 8.0; Windows NT 6.1; WOW64; Trident/4.0; SLCC2; .NET CLR 2.0.50727; .NET CLR 3.5.30729; .NET CLR 3.0.30729; Media Center PC 6.0; .NET4.0C; CIBA; GTB7.1)"
185.220.101.21 - - [14/Apr/2026:15:47:51 +0300] "GET /?fileloc=/home/rootliftron/public_html/wp-blog-header.php&path=/home/rootliftron/public_html HTTP/1.1" 200 13096 "http://liftron.net/?fileloc=/home/rootliftron/public_html/wp-blog-header.php&path=/home/rootliftron/public_html" "Mozilla/4.0 (compatible; MSIE 8.0; Windows NT 6.1; WOW64; Trident/4.0; SLCC2; .NET CLR 2.0.50727; .NET CLR 3.5.30729; .NET CLR 3.0.30729; Media Center PC 6.0; .NET4.0C; CIBA; GTB7.1)"
185.220.101.21 - - [14/Apr/2026:15:47:52 +0300] "GET /?fileloc=/home/rootliftron/public_html/wp-comments-post.php&path=/home/rootliftron/public_html HTTP/1.1" 200 15207 "http://liftron.net/?fileloc=/home/rootliftron/public_html/wp-comments-post.php&path=/home/rootliftron/public_html" "Mozilla/4.0 (compatible; MSIE 8.0; Windows NT 6.1; WOW64; Trident/4.0; SLCC2; .NET CLR 2.0.50727; .NET CLR 3.5.30729; .NET CLR 3.0.30729; Media Center PC 6.0; .NET4.0C; CIBA; GTB7.1)"
136.243.228.194 - - [14/Apr/2026:15:47:53 +0300] "GET /products/detail/21972220196 HTTP/1.1" 200 3831 "-" "Mozilla/5.0 (compatible; DataForSeoBot/1.0; +https://dataforseo.com/dataforseo-bot)"
185.220.101.21 - - [14/Apr/2026:15:47:54 +0300] "GET /?fileloc=/home/rootliftron/public_html/wp-config-sample.php&path=/home/rootliftron/public_html HTTP/1.1" 200 16255 "http://liftron.net/?fileloc=/home/rootliftron/public_html/wp-config-sample.php&path=/home/rootliftron/public_html" "Mozilla/4.0 (compatible; MSIE 8.0; Windows NT 6.1; WOW64; Trident/4.0; SLCC2; .NET CLR 2.0.50727; .NET CLR 3.5.30729; .NET CLR 3.0.30729; Media Center PC 6.0; .NET4.0C; CIBA; GTB7.1)"
185.220.101.21 - - [14/Apr/2026:15:47:55 +0300] "GET /?fileloc=/home/rootliftron/public_html/wp-config.php&path=/home/rootliftron/public_html HTTP/1.1" 200 14691 "http://liftron.net/?fileloc=/home/rootliftron/public_html/wp-config.php&path=/home/rootliftron/public_html" "Mozilla/4.0 (compatible; MSIE 8.0; Windows NT 6.1; WOW64; Trident/4.0; SLCC2; .NET CLR 2.0.50727; .NET CLR 3.5.30729; .NET CLR 3.0.30729; Media Center PC 6.0; .NET4.0C; CIBA; GTB7.1)"
52.167.144.210 - - [14/Apr/2026:15:47:56 +0300] "GET /products/detail/219449434892 HTTP/1.1" 200 3831 "-" "Mozilla/5.0 AppleWebKit/537.36 (KHTML, like Gecko; compatible; bingbot/2.0; +http://www.bing.com/bingbot.htm) Chrome/116.0.1938.76 Safari/537.36"
185.220.101.21 - - [14/Apr/2026:15:47:57 +0300] "GET /?fileloc=/home/rootliftron/public_html/wp-cron.php&path=/home/rootliftron/public_html HTTP/1.1" 200 21548 "http://liftron.net/?fileloc=/home/rootliftron/public_html/wp-cron.php&path=/home/rootliftron/public_html" "Mozilla/4.0 (compatible; MSIE 8.0; Windows NT 6.1; WOW64; Trident/4.0; SLCC2; .NET CLR 2.0.50727; .NET CLR 3.5.30729; .NET CLR 3.0.30729; Media Center PC 6.0; .NET4.0C; CIBA; GTB7.1)"
136.243.228.194 - - [14/Apr/2026:15:47:57 +0300] "GET /products/detail/21936504961 HTTP/1.1" 200 3831 "-" "Mozilla/5.0 (compatible; DataForSeoBot/1.0; +https://dataforseo.com/dataforseo-bot)"
185.220.101.21 - - [14/Apr/2026:15:47:58 +0300] "GET /?fileloc=/home/rootliftron/public_html/wp-links-opml.php&path=/home/rootliftron/public_html HTTP/1.1" 200 15584 "http://liftron.net/?fileloc=/home/rootliftron/public_html/wp-links-opml.php&path=/home/rootliftron/public_html" "Mozilla/4.0 (compatible; MSIE 8.0; Windows NT 6.1; WOW64; Trident/4.0; SLCC2; .NET CLR 2.0.50727; .NET CLR 3.5.30729; .NET CLR 3.0.30729; Media Center PC 6.0; .NET4.0C; CIBA; GTB7.1)"
52.167.144.210 - - [14/Apr/2026:15:47:59 +0300] "GET /products/forms/nn175274306198 HTTP/1.1" 200 3831 "-" "Mozilla/5.0 AppleWebKit/537.36 (KHTML, like Gecko; compatible; bingbot/2.0; +http://www.bing.com/bingbot.htm) Chrome/116.0.1938.76 Safari/537.36"
185.220.101.21 - - [14/Apr/2026:15:47:59 +0300] "GET /?fileloc=/home/rootliftron/public_html/wp-load.php&path=/home/rootliftron/public_html HTTP/1.1" 200 17187 "http://liftron.net/?fileloc=/home/rootliftron/public_html/wp-load.php&path=/home/rootliftron/public_html" "Mozilla/4.0 (compatible; MSIE 8.0; Windows NT 6.1; WOW64; Trident/4.0; SLCC2; .NET CLR 2.0.50727; .NET CLR 3.5.30729; .NET CLR 3.0.30729; Media Center PC 6.0; .NET4.0C; CIBA; GTB7.1)"
136.243.228.194 - - [14/Apr/2026:15:48:01 +0300] "GET /products/detail/21926081241 HTTP/1.1" 200 3831 "-" "Mozilla/5.0 (compatible; DataForSeoBot/1.0; +https://dataforseo.com/dataforseo-bot)"
192.42.116.47 - - [14/Apr/2026:15:48:01 +0300] "GET /?fileloc=/home/rootliftron/public_html/wp-log1n.php&path=/home/rootliftron/public_html HTTP/1.1" 200 15015 "http://liftron.net/?fileloc=/home/rootliftron/public_html/wp-log1n.php&path=/home/rootliftron/public_html" "Mozilla/4.0 (compatible; MSIE 8.0; Windows NT 6.1; WOW64; Trident/4.0; SLCC2; .NET CLR 2.0.50727; .NET CLR 3.5.30729; .NET CLR 3.0.30729; Media Center PC 6.0; .NET4.0C; CIBA; GTB7.1)"
52.167.144.210 - - [14/Apr/2026:15:48:02 +0300] "GET /products/detail/21923209847 HTTP/1.1" 200 3831 "-" "Mozilla/5.0 AppleWebKit/537.36 (KHTML, like Gecko; compatible; bingbot/2.0; +http://www.bing.com/bingbot.htm) Chrome/116.0.1938.76 Safari/537.36"
142.44.225.28 - - [14/Apr/2026:15:48:03 +0300] "GET /products/detail/21957651418 HTTP/1.1" 200 3831 "-" "Mozilla/5.0 (compatible; AhrefsBot/7.0; +http://ahrefs.com/robot/)"
192.42.116.47 - - [14/Apr/2026:15:48:03 +0300] "GET /?fileloc=/home/rootliftron/public_html/wp-mail.php&path=/home/rootliftron/public_html HTTP/1.1" 200 22426 "http://liftron.net/?fileloc=/home/rootliftron/public_html/wp-mail.php&path=/home/rootliftron/public_html" "Mozilla/4.0 (compatible; MSIE 8.0; Windows NT 6.1; WOW64; Trident/4.0; SLCC2; .NET CLR 2.0.50727; .NET CLR 3.5.30729; .NET CLR 3.0.30729; Media Center PC 6.0; .NET4.0C; CIBA; GTB7.1)"
52.167.144.210 - - [14/Apr/2026:15:48:05 +0300] "GET /products/detail/21947437229 HTTP/1.1" 200 3836 "-" "Mozilla/5.0 AppleWebKit/537.36 (KHTML, like Gecko; compatible; bingbot/2.0; +http://www.bing.com/bingbot.htm) Chrome/116.0.1938.76 Safari/537.36"
136.243.228.194 - - [14/Apr/2026:15:48:05 +0300] "GET /products/detail/21957921234 HTTP/1.1" 200 3831 "-" "Mozilla/5.0 (compatible; DataForSeoBot/1.0; +https://dataforseo.com/dataforseo-bot)"
136.243.228.194 - - [14/Apr/2026:15:48:09 +0300] "GET /products/detail/21972218042 HTTP/1.1" 200 3836 "-" "Mozilla/5.0 (compatible; DataForSeoBot/1.0; +https://dataforseo.com/dataforseo-bot)"
192.42.116.47 - - [14/Apr/2026:15:48:10 +0300] "GET /?fileloc=/home/rootliftron/public_html/wp-settings.php&path=/home/rootliftron/public_html HTTP/1.1" 200 47132 "http://liftron.net/?fileloc=/home/rootliftron/public_html/wp-settings.php&path=/home/rootliftron/public_html" "Mozilla/4.0 (compatible; MSIE 8.0; Windows NT 6.1; WOW64; Trident/4.0; SLCC2; .NET CLR 2.0.50727; .NET CLR 3.5.30729; .NET CLR 3.0.30729; Media Center PC 6.0; .NET4.0C; CIBA; GTB7.1)"
52.167.144.210 - - [14/Apr/2026:15:48:13 +0300] "GET /products/detail/21982930586 HTTP/1.1" 200 3831 "-" "Mozilla/5.0 AppleWebKit/537.36 (KHTML, like Gecko; compatible; bingbot/2.0; +http://www.bing.com/bingbot.htm) Chrome/116.0.1938.76 Safari/537.36"
136.243.228.194 - - [14/Apr/2026:15:48:13 +0300] "GET /products/detail/21933569677 HTTP/1.1" 200 3831 "-" "Mozilla/5.0 (compatible; DataForSeoBot/1.0; +https://dataforseo.com/dataforseo-bot)"
192.42.116.49 - - [14/Apr/2026:15:48:14 +0300] "GET /?fileloc=/home/rootliftron/public_html/wp-signup.php&path=/home/rootliftron/public_html HTTP/1.1" 200 54059 "http://liftron.net/?fileloc=/home/rootliftron/public_html/wp-signup.php&path=/home/rootliftron/public_html" "Mozilla/4.0 (compatible; MSIE 8.0; Windows NT 6.1; WOW64; Trident/4.0; SLCC2; .NET CLR 2.0.50727; .NET CLR 3.5.30729; .NET CLR 3.0.30729; Media Center PC 6.0; .NET4.0C; CIBA; GTB7.1)"
52.167.144.210 - - [14/Apr/2026:15:48:16 +0300] "GET /products/detail/21933751929 HTTP/1.1" 200 3831 "-" "Mozilla/5.0 AppleWebKit/537.36 (KHTML, like Gecko; compatible; bingbot/2.0; +http://www.bing.com/bingbot.htm) Chrome/116.0.1938.76 Safari/537.36"
136.243.228.194 - - [14/Apr/2026:15:48:17 +0300] "GET /products/detail/21982823997 HTTP/1.1" 200 3831 "-" "Mozilla/5.0 (compatible; DataForSeoBot/1.0; +https://dataforseo.com/dataforseo-bot)"
192.42.116.49 - - [14/Apr/2026:15:48:18 +0300] "GET /?fileloc=/home/rootliftron/public_html/wp-trackback.php&path=/home/rootliftron/public_html HTTP/1.1" 200 18644 "http://liftron.net/?fileloc=/home/rootliftron/public_html/wp-trackback.php&path=/home/rootliftron/public_html" "Mozilla/4.0 (compatible; MSIE 8.0; Windows NT 6.1; WOW64; Trident/4.0; SLCC2; .NET CLR 2.0.50727; .NET CLR 3.5.30729; .NET CLR 3.0.30729; Media Center PC 6.0; .NET4.0C; CIBA; GTB7.1)"
136.243.228.194 - - [14/Apr/2026:15:48:21 +0300] "GET /products/detail/21929149092 HTTP/1.1" 200 3831 "-" "Mozilla/5.0 (compatible; DataForSeoBot/1.0; +https://dataforseo.com/dataforseo-bot)"
192.42.116.49 - - [14/Apr/2026:15:48:22 +0300] "GET /?fileloc=/home/rootliftron/public_html/xmlrpc.php&path=/home/rootliftron/public_html HTTP/1.1" 200 16401 "http://liftron.net/?fileloc=/home/rootliftron/public_html/xmlrpc.php&path=/home/rootliftron/public_html" "Mozilla/4.0 (compatible; MSIE 8.0; Windows NT 6.1; WOW64; Trident/4.0; SLCC2; .NET CLR 2.0.50727; .NET CLR 3.5.30729; .NET CLR 3.0.30729; Media Center PC 6.0; .NET4.0C; CIBA; GTB7.1)"
136.243.228.194 - - [14/Apr/2026:15:48:25 +0300] "GET /products/detail/21972390557 HTTP/1.1" 200 3831 "-" "Mozilla/5.0 (compatible; DataForSeoBot/1.0; +https://dataforseo.com/dataforseo-bot)"
52.167.144.210 - - [14/Apr/2026:15:47:50 +0300] "GET /products/detail/21957519280 HTTP/1.1" 200 187 "-" "Mozilla/5.0 AppleWebKit/537.36 (KHTML, like Gecko; compatible; bingbot/2.0; +http://www.bing.com/bingbot.htm) Chrome/116.0.1938.76 Safari/537.36"
136.243.228.194 - - [14/Apr/2026:15:48:29 +0300] "GET /products/detail/21947121434 HTTP/1.1" 200 3836 "-" "Mozilla/5.0 (compatible; DataForSeoBot/1.0; +https://dataforseo.com/dataforseo-bot)"
136.243.228.194 - - [14/Apr/2026:15:48:33 +0300] "GET /products/detail/21972308717 HTTP/1.1" 200 3836 "-" "Mozilla/5.0 (compatible; DataForSeoBot/1.0; +https://dataforseo.com/dataforseo-bot)"
185.220.101.27 - - [14/Apr/2026:15:48:36 +0300] "GET /?path= HTTP/1.1" 200 10257 "http://liftron.net/?path=" "Mozilla/4.0 (compatible; MSIE 8.0; Windows NT 6.1; WOW64; Trident/4.0; SLCC2; .NET CLR 2.0.50727; .NET CLR 3.5.30729; .NET CLR 3.0.30729; Media Center PC 6.0; .NET4.0C; CIBA; GTB7.1)"
185.220.101.27 - - [14/Apr/2026:15:48:37 +0300] "GET /?path=/home HTTP/1.1" 200 14125 "http://liftron.net/?path=/home" "Mozilla/4.0 (compatible; MSIE 8.0; Windows NT 6.1; WOW64; Trident/4.0; SLCC2; .NET CLR 2.0.50727; .NET CLR 3.5.30729; .NET CLR 3.0.30729; Media Center PC 6.0; .NET4.0C; CIBA; GTB7.1)"
136.243.228.194 - - [14/Apr/2026:15:48:37 +0300] "GET /products/detail/21926343636 HTTP/1.1" 200 3836 "-" "Mozilla/5.0 (compatible; DataForSeoBot/1.0; +https://dataforseo.com/dataforseo-bot)"
185.220.101.27 - - [14/Apr/2026:15:48:38 +0300] "GET /?path=/home/rootliftron HTTP/1.1" 200 60003 "http://liftron.net/?path=/home/rootliftron" "Mozilla/4.0 (compatible; MSIE 8.0; Windows NT 6.1; WOW64; Trident/4.0; SLCC2; .NET CLR 2.0.50727; .NET CLR 3.5.30729; .NET CLR 3.0.30729; Media Center PC 6.0; .NET4.0C; CIBA; GTB7.1)"
185.220.101.27 - - [14/Apr/2026:15:48:39 +0300] "GET /?path=/home/rootliftron/public_html HTTP/1.1" 200 74489 "http://liftron.net/?path=/home/rootliftron/public_html" "Mozilla/4.0 (compatible; MSIE 8.0; Windows NT 6.1; WOW64; Trident/4.0; SLCC2; .NET CLR 2.0.50727; .NET CLR 3.5.30729; .NET CLR 3.0.30729; Media Center PC 6.0; .NET4.0C; CIBA; GTB7.1)"
52.167.144.210 - - [14/Apr/2026:15:48:40 +0300] "GET /products/detail/2193624002 HTTP/1.1" 200 3831 "-" "Mozilla/5.0 AppleWebKit/537.36 (KHTML, like Gecko; compatible; bingbot/2.0; +http://www.bing.com/bingbot.htm) Chrome/116.0.1938.76 Safari/537.36"
185.220.101.27 - - [14/Apr/2026:15:48:41 +0300] "GET /?path=/home/rootliftron/public_html/.tmb HTTP/1.1" 200 12977 "http://liftron.net/?path=/home/rootliftron/public_html/.tmb" "Mozilla/4.0 (compatible; MSIE 8.0; Windows NT 6.1; WOW64; Trident/4.0; SLCC2; .NET CLR 2.0.50727; .NET CLR 3.5.30729; .NET CLR 3.0.30729; Media Center PC 6.0; .NET4.0C; CIBA; GTB7.1)"
136.243.228.194 - - [14/Apr/2026:15:48:41 +0300] "GET /products/detail/21972116759 HTTP/1.1" 200 3831 "-" "Mozilla/5.0 (compatible; DataForSeoBot/1.0; +https://dataforseo.com/dataforseo-bot)"
185.220.101.27 - - [14/Apr/2026:15:48:42 +0300] "GET /?path=/home/rootliftron/public_html/.well-known HTTP/1.1" 200 14423 "http://liftron.net/?path=/home/rootliftron/public_html/.well-known" "Mozilla/4.0 (compatible; MSIE 8.0; Windows NT 6.1; WOW64; Trident/4.0; SLCC2; .NET CLR 2.0.50727; .NET CLR 3.5.30729; .NET CLR 3.0.30729; Media Center PC 6.0; .NET4.0C; CIBA; GTB7.1)"
185.220.101.27 - - [14/Apr/2026:15:48:43 +0300] "GET /?path=/home/rootliftron/public_html/008af HTTP/1.1" 200 14485 "http://liftron.net/?path=/home/rootliftron/public_html/008af" "Mozilla/4.0 (compatible; MSIE 8.0; Windows NT 6.1; WOW64; Trident/4.0; SLCC2; .NET CLR 2.0.50727; .NET CLR 3.5.30729; .NET CLR 3.0.30729; Media Center PC 6.0; .NET4.0C; CIBA; GTB7.1)"
185.220.100.241 - - [14/Apr/2026:15:48:45 +0300] "GET /?path=/home/rootliftron/public_html/0b5900 HTTP/1.1" 200 14492 "http://liftron.net/?path=/home/rootliftron/public_html/0b5900" "Mozilla/4.0 (compatible; MSIE 8.0; Windows NT 6.1; WOW64; Trident/4.0; SLCC2; .NET CLR 2.0.50727; .NET CLR 3.5.30729; .NET CLR 3.0.30729; Media Center PC 6.0; .NET4.0C; CIBA; GTB7.1)"
136.243.228.194 - - [14/Apr/2026:15:48:45 +0300] "GET /products/detail/21982583526 HTTP/1.1" 200 3831 "-" "Mozilla/5.0 (compatible; DataForSeoBot/1.0; +https://dataforseo.com/dataforseo-bot)"
185.220.100.241 - - [14/Apr/2026:15:48:45 +0300] "GET /?path=/home/rootliftron/public_html/8cacac HTTP/1.1" 200 15892 "http://liftron.net/?path=/home/rootliftron/public_html/8cacac" "Mozilla/4.0 (compatible; MSIE 8.0; Windows NT 6.1; WOW64; Trident/4.0; SLCC2; .NET CLR 2.0.50727; .NET CLR 3.5.30729; .NET CLR 3.0.30729; Media Center PC 6.0; .NET4.0C; CIBA; GTB7.1)"
52.167.144.210 - - [14/Apr/2026:15:48:45 +0300] "GET /products/detail/21944339985 HTTP/1.1" 200 3831 "-" "Mozilla/5.0 AppleWebKit/537.36 (KHTML, like Gecko; compatible; bingbot/2.0; +http://www.bing.com/bingbot.htm) Chrome/116.0.1938.76 Safari/537.36"
185.220.100.241 - - [14/Apr/2026:15:48:47 +0300] "GET /?path=/home/rootliftron/public_html/cgi-bin HTTP/1.1" 200 17469 "http://liftron.net/?path=/home/rootliftron/public_html/cgi-bin" "Mozilla/4.0 (compatible; MSIE 8.0; Windows NT 6.1; WOW64; Trident/4.0; SLCC2; .NET CLR 2.0.50727; .NET CLR 3.5.30729; .NET CLR 3.0.30729; Media Center PC 6.0; .NET4.0C; CIBA; GTB7.1)"
185.220.100.241 - - [14/Apr/2026:15:48:48 +0300] "GET /?path=/home/rootliftron/public_html/images HTTP/1.1" 200 14524 "http://liftron.net/?path=/home/rootliftron/public_html/images" "Mozilla/4.0 (compatible; MSIE 8.0; Windows NT 6.1; WOW64; Trident/4.0; SLCC2; .NET CLR 2.0.50727; .NET CLR 3.5.30729; .NET CLR 3.0.30729; Media Center PC 6.0; .NET4.0C; CIBA; GTB7.1)"
136.243.228.194 - - [14/Apr/2026:15:48:49 +0300] "GET /products/detail/21978172406 HTTP/1.1" 200 3831 "-" "Mozilla/5.0 (compatible; DataForSeoBot/1.0; +https://dataforseo.com/dataforseo-bot)"
185.220.100.241 - - [14/Apr/2026:15:48:49 +0300] "GET /?path=/home/rootliftron/public_html/wp-admin HTTP/1.1" 200 169853 "http://liftron.net/?path=/home/rootliftron/public_html/wp-admin" "Mozilla/4.0 (compatible; MSIE 8.0; Windows NT 6.1; WOW64; Trident/4.0; SLCC2; .NET CLR 2.0.50727; .NET CLR 3.5.30729; .NET CLR 3.0.30729; Media Center PC 6.0; .NET4.0C; CIBA; GTB7.1)"
167.114.139.120 - - [14/Apr/2026:15:48:50 +0300] "GET /products/detail/21957617870 HTTP/1.1" 200 3831 "-" "Mozilla/5.0 (compatible; AhrefsBot/7.0; +http://ahrefs.com/robot/)"
185.220.100.241 - - [14/Apr/2026:15:48:51 +0300] "GET /?path=/home/rootliftron/public_html/wp-content HTTP/1.1" 200 61003 "http://liftron.net/?path=/home/rootliftron/public_html/wp-content" "Mozilla/4.0 (compatible; MSIE 8.0; Windows NT 6.1; WOW64; Trident/4.0; SLCC2; .NET CLR 2.0.50727; .NET CLR 3.5.30729; .NET CLR 3.0.30729; Media Center PC 6.0; .NET4.0C; CIBA; GTB7.1)"
52.167.144.210 - - [14/Apr/2026:15:48:52 +0300] "GET /products/detail/21988829395 HTTP/1.1" 200 3836 "-" "Mozilla/5.0 AppleWebKit/537.36 (KHTML, like Gecko; compatible; bingbot/2.0; +http://www.bing.com/bingbot.htm) Chrome/116.0.1938.76 Safari/537.36"
136.243.228.194 - - [14/Apr/2026:15:48:53 +0300] "GET /products/detail/21985953081 HTTP/1.1" 200 103 "-" "Mozilla/5.0 (compatible; DataForSeoBot/1.0; +https://dataforseo.com/dataforseo-bot)"
185.220.100.241 - - [14/Apr/2026:15:48:52 +0300] "GET /?path=/home/rootliftron/public_html/wp-includes HTTP/1.1" 200 485586 "http://liftron.net/?path=/home/rootliftron/public_html/wp-includes" "Mozilla/4.0 (compatible; MSIE 8.0; Windows NT 6.1; WOW64; Trident/4.0; SLCC2; .NET CLR 2.0.50727; .NET CLR 3.5.30729; .NET CLR 3.0.30729; Media Center PC 6.0; .NET4.0C; CIBA; GTB7.1)"
52.167.144.195 - - [14/Apr/2026:15:48:57 +0300] "GET /products/detail/219582816804 HTTP/1.1" 200 3831 "-" "Mozilla/5.0 AppleWebKit/537.36 (KHTML, like Gecko; compatible; bingbot/2.0; +http://www.bing.com/bingbot.htm) Chrome/116.0.1938.76 Safari/537.36"
136.243.228.194 - - [14/Apr/2026:15:48:57 +0300] "GET /products/detail/21947198822 HTTP/1.1" 200 3831 "-" "Mozilla/5.0 (compatible; DataForSeoBot/1.0; +https://dataforseo.com/dataforseo-bot)"
52.167.144.195 - - [14/Apr/2026:15:49:00 +0300] "GET /products/detail/219446276715 HTTP/1.1" 200 3831 "-" "Mozilla/5.0 AppleWebKit/537.36 (KHTML, like Gecko; compatible; bingbot/2.0; +http://www.bing.com/bingbot.htm) Chrome/116.0.1938.76 Safari/537.36"
136.243.228.194 - - [14/Apr/2026:15:49:01 +0300] "GET /products/detail/21923376759 HTTP/1.1" 200 3831 "-" "Mozilla/5.0 (compatible; DataForSeoBot/1.0; +https://dataforseo.com/dataforseo-bot)"
136.243.228.194 - - [14/Apr/2026:15:49:05 +0300] "GET /products/detail/21954854571 HTTP/1.1" 200 3831 "-" "Mozilla/5.0 (compatible; DataForSeoBot/1.0; +https://dataforseo.com/dataforseo-bot)"
157.55.39.204 - - [14/Apr/2026:15:49:08 +0300] "GET /products/evolved/onions169186293827 HTTP/1.1" 200 3831 "-" "Mozilla/5.0 AppleWebKit/537.36 (KHTML, like Gecko; compatible; bingbot/2.0; +http://www.bing.com/bingbot.htm) Chrome/116.0.1938.76 Safari/537.36"
136.243.228.194 - - [14/Apr/2026:15:49:09 +0300] "GET /products/detail/21972224531 HTTP/1.1" 200 3836 "-" "Mozilla/5.0 (compatible; DataForSeoBot/1.0; +https://dataforseo.com/dataforseo-bot)"
136.243.228.194 - - [14/Apr/2026:15:49:13 +0300] "GET /products/detail/21972231101 HTTP/1.1" 200 3831 "-" "Mozilla/5.0 (compatible; DataForSeoBot/1.0; +https://dataforseo.com/dataforseo-bot)"
157.55.39.204 - - [14/Apr/2026:15:49:14 +0300] "GET /products/resolve/dumb16911289556 HTTP/1.1" 200 3831 "-" "Mozilla/5.0 AppleWebKit/537.36 (KHTML, like Gecko; compatible; bingbot/2.0; +http://www.bing.com/bingbot.htm) Chrome/116.0.1938.76 Safari/537.36"
52.167.144.210 - - [14/Apr/2026:15:48:48 +0300] "GET /products/detail/21944002928 HTTP/1.1" 200 187 "-" "Mozilla/5.0 AppleWebKit/537.36 (KHTML, like Gecko; compatible; bingbot/2.0; +http://www.bing.com/bingbot.htm) Chrome/116.0.1938.76 Safari/537.36"
136.243.228.194 - - [14/Apr/2026:15:49:17 +0300] "GET /products/detail/21972363212 HTTP/1.1" 200 3836 "-" "Mozilla/5.0 (compatible; DataForSeoBot/1.0; +https://dataforseo.com/dataforseo-bot)"
136.243.228.194 - - [14/Apr/2026:15:49:21 +0300] "GET /products/detail/21933500491 HTTP/1.1" 200 3831 "-" "Mozilla/5.0 (compatible; DataForSeoBot/1.0; +https://dataforseo.com/dataforseo-bot)"
136.243.228.194 - - [14/Apr/2026:15:49:25 +0300] "GET /products/detail/21982627791 HTTP/1.1" 200 3831 "-" "Mozilla/5.0 (compatible; DataForSeoBot/1.0; +https://dataforseo.com/dataforseo-bot)"
52.167.144.195 - - [14/Apr/2026:15:49:29 +0300] "GET /products/detail/21926274751 HTTP/1.1" 200 3831 "-" "Mozilla/5.0 AppleWebKit/537.36 (KHTML, like Gecko; compatible; bingbot/2.0; +http://www.bing.com/bingbot.htm) Chrome/116.0.1938.76 Safari/537.36"
136.243.228.194 - - [14/Apr/2026:15:49:29 +0300] "GET /products/detail/21923121882 HTTP/1.1" 200 3831 "-" "Mozilla/5.0 (compatible; DataForSeoBot/1.0; +https://dataforseo.com/dataforseo-bot)"
52.167.144.195 - - [14/Apr/2026:15:49:32 +0300] "GET /products/detail/21926105555 HTTP/1.1" 200 3831 "-" "Mozilla/5.0 AppleWebKit/537.36 (KHTML, like Gecko; compatible; bingbot/2.0; +http://www.bing.com/bingbot.htm) Chrome/116.0.1938.76 Safari/537.36"
136.243.228.194 - - [14/Apr/2026:15:49:33 +0300] "GET /products/detail/21978193571 HTTP/1.1" 200 3831 "-" "Mozilla/5.0 (compatible; DataForSeoBot/1.0; +https://dataforseo.com/dataforseo-bot)"
52.167.144.195 - - [14/Apr/2026:15:49:35 +0300] "GET /products/detail/21944328603 HTTP/1.1" 200 3831 "-" "Mozilla/5.0 AppleWebKit/537.36 (KHTML, like Gecko; compatible; bingbot/2.0; +http://www.bing.com/bingbot.htm) Chrome/116.0.1938.76 Safari/537.36"
136.243.228.194 - - [14/Apr/2026:15:49:37 +0300] "GET /products/detail/21982804407 HTTP/1.1" 200 3831 "-" "Mozilla/5.0 (compatible; DataForSeoBot/1.0; +https://dataforseo.com/dataforseo-bot)"
136.243.228.194 - - [14/Apr/2026:15:49:41 +0300] "GET /products/detail/21944293076 HTTP/1.1" 200 3836 "-" "Mozilla/5.0 (compatible; DataForSeoBot/1.0; +https://dataforseo.com/dataforseo-bot)"
157.55.39.204 - - [14/Apr/2026:15:49:41 +0300] "GET /products/detail/219461296748 HTTP/1.1" 200 17 "-" "Mozilla/5.0 AppleWebKit/537.36 (KHTML, like Gecko; compatible; bingbot/2.0; +http://www.bing.com/bingbot.htm) Chrome/116.0.1938.76 Safari/537.36"
157.55.39.204 - - [14/Apr/2026:15:49:44 +0300] "GET /products/detail/2192265206 HTTP/1.1" 200 3836 "-" "Mozilla/5.0 AppleWebKit/537.36 (KHTML, like Gecko; compatible; bingbot/2.0; +http://www.bing.com/bingbot.htm) Chrome/116.0.1938.76 Safari/537.36"
54.39.210.204 - - [14/Apr/2026:15:49:44 +0300] "GET /products/detail/21957606718 HTTP/1.1" 200 3831 "-" "Mozilla/5.0 (compatible; AhrefsBot/7.0; +http://ahrefs.com/robot/)"
136.243.228.194 - - [14/Apr/2026:15:49:45 +0300] "GET /products/detail/21926414976 HTTP/1.1" 200 3831 "-" "Mozilla/5.0 (compatible; DataForSeoBot/1.0; +https://dataforseo.com/dataforseo-bot)"
157.55.39.204 - - [14/Apr/2026:15:49:47 +0300] "GET /products/detail/21954736784 HTTP/1.1" 200 3836 "-" "Mozilla/5.0 AppleWebKit/537.36 (KHTML, like Gecko; compatible; bingbot/2.0; +http://www.bing.com/bingbot.htm) Chrome/116.0.1938.76 Safari/537.36"
136.243.228.194 - - [14/Apr/2026:15:49:49 +0300] "GET /products/detail/21957962736 HTTP/1.1" 200 3831 "-" "Mozilla/5.0 (compatible; DataForSeoBot/1.0; +https://dataforseo.com/dataforseo-bot)"
52.167.144.195 - - [14/Apr/2026:15:49:38 +0300] "GET /products/detail/21923146183 HTTP/1.1" 200 17 "-" "Mozilla/5.0 AppleWebKit/537.36 (KHTML, like Gecko; compatible; bingbot/2.0; +http://www.bing.com/bingbot.htm) Chrome/116.0.1938.76 Safari/537.36"
136.243.228.194 - - [14/Apr/2026:15:49:53 +0300] "GET /products/detail/21933986434 HTTP/1.1" 200 3836 "-" "Mozilla/5.0 (compatible; DataForSeoBot/1.0; +https://dataforseo.com/dataforseo-bot)"
40.77.167.155 - - [14/Apr/2026:15:49:53 +0300] "GET /products/soaring/fritz169287056082 HTTP/1.1" 200 3831 "-" "Mozilla/5.0 AppleWebKit/537.36 (KHTML, like Gecko; compatible; bingbot/2.0; +http://www.bing.com/bingbot.htm) Chrome/116.0.1938.76 Safari/537.36"
40.77.167.155 - - [14/Apr/2026:15:49:56 +0300] "GET /products/detail/21936989622 HTTP/1.1" 200 3836 "-" "Mozilla/5.0 AppleWebKit/537.36 (KHTML, like Gecko; compatible; bingbot/2.0; +http://www.bing.com/bingbot.htm) Chrome/116.0.1938.76 Safari/537.36"
136.243.228.194 - - [14/Apr/2026:15:49:57 +0300] "GET /products/detail/21972490262 HTTP/1.1" 200 3831 "-" "Mozilla/5.0 (compatible; DataForSeoBot/1.0; +https://dataforseo.com/dataforseo-bot)"
40.77.167.155 - - [14/Apr/2026:15:49:59 +0300] "GET /products/detail/219262943640 HTTP/1.1" 200 3836 "-" "Mozilla/5.0 AppleWebKit/537.36 (KHTML, like Gecko; compatible; bingbot/2.0; +http://www.bing.com/bingbot.htm) Chrome/116.0.1938.76 Safari/537.36"
136.243.228.194 - - [14/Apr/2026:15:50:01 +0300] "GET /products/detail/21982648734 HTTP/1.1" 200 3831 "-" "Mozilla/5.0 (compatible; DataForSeoBot/1.0; +https://dataforseo.com/dataforseo-bot)"
40.77.167.155 - - [14/Apr/2026:15:50:02 +0300] "GET /products/detail/21941232210 HTTP/1.1" 200 3836 "-" "Mozilla/5.0 AppleWebKit/537.36 (KHTML, like Gecko; compatible; bingbot/2.0; +http://www.bing.com/bingbot.htm) Chrome/116.0.1938.76 Safari/537.36"
136.243.228.194 - - [14/Apr/2026:15:50:05 +0300] "GET /products/detail/21982499559 HTTP/1.1" 200 3831 "-" "Mozilla/5.0 (compatible; DataForSeoBot/1.0; +https://dataforseo.com/dataforseo-bot)"
40.77.167.155 - - [14/Apr/2026:15:50:05 +0300] "GET /products/detail/219497101282 HTTP/1.1" 200 3831 "-" "Mozilla/5.0 AppleWebKit/537.36 (KHTML, like Gecko; compatible; bingbot/2.0; +http://www.bing.com/bingbot.htm) Chrome/116.0.1938.76 Safari/537.36"
136.243.228.194 - - [14/Apr/2026:15:50:09 +0300] "GET /products/detail/21975288266 HTTP/1.1" 200 3831 "-" "Mozilla/5.0 (compatible; DataForSeoBot/1.0; +https://dataforseo.com/dataforseo-bot)"
136.243.228.194 - - [14/Apr/2026:15:50:13 +0300] "GET /products/detail/21944140184 HTTP/1.1" 200 3831 "-" "Mozilla/5.0 (compatible; DataForSeoBot/1.0; +https://dataforseo.com/dataforseo-bot)"
136.243.228.194 - - [14/Apr/2026:15:50:17 +0300] "GET /products/detail/21988811907 HTTP/1.1" 200 3831 "-" "Mozilla/5.0 (compatible; DataForSeoBot/1.0; +https://dataforseo.com/dataforseo-bot)"
136.243.228.194 - - [14/Apr/2026:15:50:21 +0300] "GET /products/detail/21972468884 HTTP/1.1" 200 3836 "-" "Mozilla/5.0 (compatible; DataForSeoBot/1.0; +https://dataforseo.com/dataforseo-bot)"
136.243.228.194 - - [14/Apr/2026:15:50:25 +0300] "GET /products/detail/21926159109 HTTP/1.1" 200 3831 "-" "Mozilla/5.0 (compatible; DataForSeoBot/1.0; +https://dataforseo.com/dataforseo-bot)"
157.55.39.204 - - [14/Apr/2026:15:50:24 +0300] "GET /products/detail/21982517166 HTTP/1.1" 200 17 "-" "Mozilla/5.0 AppleWebKit/537.36 (KHTML, like Gecko; compatible; bingbot/2.0; +http://www.bing.com/bingbot.htm) Chrome/116.0.1938.76 Safari/537.36"
157.55.39.204 - - [14/Apr/2026:15:50:29 +0300] "GET /products/detail/21936665890 HTTP/1.1" 200 3831 "-" "Mozilla/5.0 AppleWebKit/537.36 (KHTML, like Gecko; compatible; bingbot/2.0; +http://www.bing.com/bingbot.htm) Chrome/116.0.1938.76 Safari/537.36"
136.243.228.194 - - [14/Apr/2026:15:50:29 +0300] "GET /products/detail/21944358311 HTTP/1.1" 200 3831 "-" "Mozilla/5.0 (compatible; DataForSeoBot/1.0; +https://dataforseo.com/dataforseo-bot)"
157.55.39.204 - - [14/Apr/2026:15:50:32 +0300] "GET /products/detail/21982738459 HTTP/1.1" 200 3831 "-" "Mozilla/5.0 AppleWebKit/537.36 (KHTML, like Gecko; compatible; bingbot/2.0; +http://www.bing.com/bingbot.htm) Chrome/116.0.1938.76 Safari/537.36"
136.243.228.194 - - [14/Apr/2026:15:50:33 +0300] "GET /products/detail/21975389627 HTTP/1.1" 200 3831 "-" "Mozilla/5.0 (compatible; DataForSeoBot/1.0; +https://dataforseo.com/dataforseo-bot)"
142.44.233.152 - - [14/Apr/2026:15:50:35 +0300] "GET /products/detail/21957603090 HTTP/1.1" 200 3831 "-" "Mozilla/5.0 (compatible; AhrefsBot/7.0; +http://ahrefs.com/robot/)"
157.55.39.204 - - [14/Apr/2026:15:50:35 +0300] "GET /products/detail/2193814295 HTTP/1.1" 200 3831 "-" "Mozilla/5.0 AppleWebKit/537.36 (KHTML, like Gecko; compatible; bingbot/2.0; +http://www.bing.com/bingbot.htm) Chrome/116.0.1938.76 Safari/537.36"
136.243.228.194 - - [14/Apr/2026:15:50:37 +0300] "GET /products/detail/21978332021 HTTP/1.1" 200 3831 "-" "Mozilla/5.0 (compatible; DataForSeoBot/1.0; +https://dataforseo.com/dataforseo-bot)"
157.55.39.204 - - [14/Apr/2026:15:50:38 +0300] "GET /products/detail/219318602998 HTTP/1.1" 200 3836 "-" "Mozilla/5.0 AppleWebKit/537.36 (KHTML, like Gecko; compatible; bingbot/2.0; +http://www.bing.com/bingbot.htm) Chrome/116.0.1938.76 Safari/537.36"
136.243.228.194 - - [14/Apr/2026:15:50:41 +0300] "GET /products/detail/21954538941 HTTP/1.1" 200 3831 "-" "Mozilla/5.0 (compatible; DataForSeoBot/1.0; +https://dataforseo.com/dataforseo-bot)"
136.243.228.194 - - [14/Apr/2026:15:50:45 +0300] "GET /products/detail/21926185227 HTTP/1.1" 200 3831 "-" "Mozilla/5.0 (compatible; DataForSeoBot/1.0; +https://dataforseo.com/dataforseo-bot)"
136.243.228.194 - - [14/Apr/2026:15:50:49 +0300] "GET /products/detail/21933695809 HTTP/1.1" 200 3836 "-" "Mozilla/5.0 (compatible; DataForSeoBot/1.0; +https://dataforseo.com/dataforseo-bot)"
136.243.228.194 - - [14/Apr/2026:15:50:53 +0300] "GET /products/detail/21982702509 HTTP/1.1" 200 3831 "-" "Mozilla/5.0 (compatible; DataForSeoBot/1.0; +https://dataforseo.com/dataforseo-bot)"
52.167.144.195 - - [14/Apr/2026:15:50:47 +0300] "GET /products/detail/21923440963 HTTP/1.1" 200 17 "-" "Mozilla/5.0 AppleWebKit/537.36 (KHTML, like Gecko; compatible; bingbot/2.0; +http://www.bing.com/bingbot.htm) Chrome/116.0.1938.76 Safari/537.36"
52.167.144.195 - - [14/Apr/2026:15:50:57 +0300] "GET /products/detail/21975415265 HTTP/1.1" 200 3836 "-" "Mozilla/5.0 AppleWebKit/537.36 (KHTML, like Gecko; compatible; bingbot/2.0; +http://www.bing.com/bingbot.htm) Chrome/116.0.1938.76 Safari/537.36"
136.243.228.194 - - [14/Apr/2026:15:50:57 +0300] "GET /products/detail/21923356641 HTTP/1.1" 200 3831 "-" "Mozilla/5.0 (compatible; DataForSeoBot/1.0; +https://dataforseo.com/dataforseo-bot)"
52.167.144.195 - - [14/Apr/2026:15:50:58 +0300] "GET /products/detail/219732382706 HTTP/1.1" 200 3831 "-" "Mozilla/5.0 AppleWebKit/537.36 (KHTML, like Gecko; compatible; bingbot/2.0; +http://www.bing.com/bingbot.htm) Chrome/116.0.1938.76 Safari/537.36"
157.55.39.204 - - [14/Apr/2026:15:50:41 +0300] "GET /products/detail/21962079795 HTTP/1.1" 200 17 "-" "Mozilla/5.0 AppleWebKit/537.36 (KHTML, like Gecko; compatible; bingbot/2.0; +http://www.bing.com/bingbot.htm) Chrome/116.0.1938.76 Safari/537.36"
136.243.228.194 - - [14/Apr/2026:15:51:01 +0300] "GET /products/detail/21988945809 HTTP/1.1" 200 3831 "-" "Mozilla/5.0 (compatible; DataForSeoBot/1.0; +https://dataforseo.com/dataforseo-bot)"
40.77.167.155 - - [14/Apr/2026:15:50:08 +0300] "GET /products/detail/21941162243 HTTP/1.1" 200 19 "-" "Mozilla/5.0 AppleWebKit/537.36 (KHTML, like Gecko; compatible; bingbot/2.0; +http://www.bing.com/bingbot.htm) Chrome/116.0.1938.76 Safari/537.36"
136.243.228.194 - - [14/Apr/2026:15:51:05 +0300] "GET /products/detail/21985508472 HTTP/1.1" 200 3831 "-" "Mozilla/5.0 (compatible; DataForSeoBot/1.0; +https://dataforseo.com/dataforseo-bot)"
136.243.228.194 - - [14/Apr/2026:15:51:09 +0300] "GET /products/detail/21975218984 HTTP/1.1" 200 3831 "-" "Mozilla/5.0 (compatible; DataForSeoBot/1.0; +https://dataforseo.com/dataforseo-bot)"
136.243.228.194 - - [14/Apr/2026:15:51:13 +0300] "GET /products/detail/21982638222 HTTP/1.1" 200 3831 "-" "Mozilla/5.0 (compatible; DataForSeoBot/1.0; +https://dataforseo.com/dataforseo-bot)"
136.243.228.194 - - [14/Apr/2026:15:51:17 +0300] "GET /products/detail/21972184802 HTTP/1.1" 200 3831 "-" "Mozilla/5.0 (compatible; DataForSeoBot/1.0; +https://dataforseo.com/dataforseo-bot)"
136.243.228.194 - - [14/Apr/2026:15:51:21 +0300] "GET /products/detail/21982720884 HTTP/1.1" 200 3836 "-" "Mozilla/5.0 (compatible; DataForSeoBot/1.0; +https://dataforseo.com/dataforseo-bot)"
136.243.228.194 - - [14/Apr/2026:15:51:25 +0300] "GET /products/detail/21957766884 HTTP/1.1" 200 3831 "-" "Mozilla/5.0 (compatible; DataForSeoBot/1.0; +https://dataforseo.com/dataforseo-bot)"
157.55.39.204 - - [14/Apr/2026:15:51:29 +0300] "GET /products/detail/21962047251 HTTP/1.1" 200 3831 "-" "Mozilla/5.0 AppleWebKit/537.36 (KHTML, like Gecko; compatible; bingbot/2.0; +http://www.bing.com/bingbot.htm) Chrome/116.0.1938.76 Safari/537.36"
136.243.228.194 - - [14/Apr/2026:15:51:29 +0300] "GET /products/detail/21988537107 HTTP/1.1" 200 3831 "-" "Mozilla/5.0 (compatible; DataForSeoBot/1.0; +https://dataforseo.com/dataforseo-bot)"
157.55.39.204 - - [14/Apr/2026:15:51:32 +0300] "GET /products/detail/21947207366 HTTP/1.1" 200 3831 "-" "Mozilla/5.0 AppleWebKit/537.36 (KHTML, like Gecko; compatible; bingbot/2.0; +http://www.bing.com/bingbot.htm) Chrome/116.0.1938.76 Safari/537.36"
52.167.144.195 - - [14/Apr/2026:15:50:59 +0300] "GET /products/carrera/directional16963873711 HTTP/1.1" 200 187 "-" "Mozilla/5.0 AppleWebKit/537.36 (KHTML, like Gecko; compatible; bingbot/2.0; +http://www.bing.com/bingbot.htm) Chrome/116.0.1938.76 Safari/537.36"
136.243.228.194 - - [14/Apr/2026:15:51:33 +0300] "GET /products/detail/21975350462 HTTP/1.1" 200 3831 "-" "Mozilla/5.0 (compatible; DataForSeoBot/1.0; +https://dataforseo.com/dataforseo-bot)"
142.44.228.160 - - [14/Apr/2026:15:51:34 +0300] "GET /products/detail/21957596338 HTTP/1.1" 200 3831 "-" "Mozilla/5.0 (compatible; AhrefsBot/7.0; +http://ahrefs.com/robot/)"
157.55.39.204 - - [14/Apr/2026:15:51:35 +0300] "GET /products/headquartered/mallorca176781495993 HTTP/1.1" 200 3831 "-" "Mozilla/5.0 AppleWebKit/537.36 (KHTML, like Gecko; compatible; bingbot/2.0; +http://www.bing.com/bingbot.htm) Chrome/116.0.1938.76 Safari/537.36"
136.243.228.194 - - [14/Apr/2026:15:51:37 +0300] "GET /products/detail/21929001984 HTTP/1.1" 200 3836 "-" "Mozilla/5.0 (compatible; DataForSeoBot/1.0; +https://dataforseo.com/dataforseo-bot)"
157.55.39.204 - - [14/Apr/2026:15:51:38 +0300] "GET /products/detail/219717221880 HTTP/1.1" 200 3831 "-" "Mozilla/5.0 AppleWebKit/537.36 (KHTML, like Gecko; compatible; bingbot/2.0; +http://www.bing.com/bingbot.htm) Chrome/116.0.1938.76 Safari/537.36"
136.243.228.194 - - [14/Apr/2026:15:51:41 +0300] "GET /products/detail/21957952347 HTTP/1.1" 200 3831 "-" "Mozilla/5.0 (compatible; DataForSeoBot/1.0; +https://dataforseo.com/dataforseo-bot)"
136.243.228.194 - - [14/Apr/2026:15:51:45 +0300] "GET /products/detail/21954552582 HTTP/1.1" 200 3831 "-" "Mozilla/5.0 (compatible; DataForSeoBot/1.0; +https://dataforseo.com/dataforseo-bot)"
136.243.228.194 - - [14/Apr/2026:15:51:49 +0300] "GET /products/detail/21972172931 HTTP/1.1" 200 3831 "-" "Mozilla/5.0 (compatible; DataForSeoBot/1.0; +https://dataforseo.com/dataforseo-bot)"
136.243.228.194 - - [14/Apr/2026:15:51:53 +0300] "GET /products/detail/21988558884 HTTP/1.1" 200 3831 "-" "Mozilla/5.0 (compatible; DataForSeoBot/1.0; +https://dataforseo.com/dataforseo-bot)"
157.55.39.204 - - [14/Apr/2026:15:51:12 +0300] "GET /products/detail/21933795584 HTTP/1.1" 200 19 "-" "Mozilla/5.0 AppleWebKit/537.36 (KHTML, like Gecko; compatible; bingbot/2.0; +http://www.bing.com/bingbot.htm) Chrome/116.0.1938.76 Safari/537.36"
136.243.228.194 - - [14/Apr/2026:15:51:57 +0300] "GET /products/detail/21982713507 HTTP/1.1" 200 3831 "-" "Mozilla/5.0 (compatible; DataForSeoBot/1.0; +https://dataforseo.com/dataforseo-bot)"
136.243.228.194 - - [14/Apr/2026:15:52:01 +0300] "GET /products/detail/21972334172 HTTP/1.1" 200 3831 "-" "Mozilla/5.0 (compatible; DataForSeoBot/1.0; +https://dataforseo.com/dataforseo-bot)"
157.55.39.204 - - [14/Apr/2026:15:51:59 +0300] "GET /sitemap_341.xml HTTP/1.1" 200 17375 "-" "Mozilla/5.0 AppleWebKit/537.36 (KHTML, like Gecko; compatible; bingbot/2.0; +http://www.bing.com/bingbot.htm) Chrome/116.0.1938.76 Safari/537.36"
157.55.39.204 - - [14/Apr/2026:15:52:02 +0300] "GET /products/detail/21941126839 HTTP/1.1" 200 17 "-" "Mozilla/5.0 AppleWebKit/537.36 (KHTML, like Gecko; compatible; bingbot/2.0; +http://www.bing.com/bingbot.htm) Chrome/116.0.1938.76 Safari/537.36"
157.55.39.204 - - [14/Apr/2026:15:51:41 +0300] "GET /products/detail/21944454407 HTTP/1.1" 200 19 "-" "Mozilla/5.0 AppleWebKit/537.36 (KHTML, like Gecko; compatible; bingbot/2.0; +http://www.bing.com/bingbot.htm) Chrome/116.0.1938.76 Safari/537.36"
136.243.228.194 - - [14/Apr/2026:15:52:05 +0300] "GET /products/detail/21954804276 HTTP/1.1" 200 3831 "-" "Mozilla/5.0 (compatible; DataForSeoBot/1.0; +https://dataforseo.com/dataforseo-bot)"
157.55.39.204 - - [14/Apr/2026:15:52:05 +0300] "GET /products/detail/2193593405 HTTP/1.1" 200 17 "-" "Mozilla/5.0 AppleWebKit/537.36 (KHTML, like Gecko; compatible; bingbot/2.0; +http://www.bing.com/bingbot.htm) Chrome/116.0.1938.76 Safari/537.36"
136.243.228.194 - - [14/Apr/2026:15:52:09 +0300] "GET /products/detail/21954971187 HTTP/1.1" 200 3831 "-" "Mozilla/5.0 (compatible; DataForSeoBot/1.0; +https://dataforseo.com/dataforseo-bot)"
157.55.39.204 - - [14/Apr/2026:15:52:11 +0300] "GET /products/detail/21933929066 HTTP/1.1" 200 3831 "-" "Mozilla/5.0 AppleWebKit/537.36 (KHTML, like Gecko; compatible; bingbot/2.0; +http://www.bing.com/bingbot.htm) Chrome/116.0.1938.76 Safari/537.36"
136.243.228.194 - - [14/Apr/2026:15:52:13 +0300] "GET /products/detail/21954559416 HTTP/1.1" 200 3831 "-" "Mozilla/5.0 (compatible; DataForSeoBot/1.0; +https://dataforseo.com/dataforseo-bot)"
136.243.228.194 - - [14/Apr/2026:15:52:24 +0300] "GET /products/detail/21985670082 HTTP/1.1" 200 3831 "-" "Mozilla/5.0 (compatible; DataForSeoBot/1.0; +https://dataforseo.com/dataforseo-bot)"
136.243.228.194 - - [14/Apr/2026:15:52:28 +0300] "GET /products/detail/21957554196 HTTP/1.1" 200 3831 "-" "Mozilla/5.0 (compatible; DataForSeoBot/1.0; +https://dataforseo.com/dataforseo-bot)"
157.55.39.204 - - [14/Apr/2026:15:52:17 +0300] "GET /products/detail/219871431325 HTTP/1.1" 200 17 "-" "Mozilla/5.0 AppleWebKit/537.36 (KHTML, like Gecko; compatible; bingbot/2.0; +http://www.bing.com/bingbot.htm) Chrome/116.0.1938.76 Safari/537.36"
136.243.228.194 - - [14/Apr/2026:15:52:32 +0300] "GET /products/detail/21972174887 HTTP/1.1" 200 3836 "-" "Mozilla/5.0 (compatible; DataForSeoBot/1.0; +https://dataforseo.com/dataforseo-bot)"
136.243.228.194 - - [14/Apr/2026:15:52:36 +0300] "GET /products/detail/21988867542 HTTP/1.1" 200 3836 "-" "Mozilla/5.0 (compatible; DataForSeoBot/1.0; +https://dataforseo.com/dataforseo-bot)"
136.243.228.194 - - [14/Apr/2026:15:52:40 +0300] "GET /products/detail/21968046172 HTTP/1.1" 200 3831 "-" "Mozilla/5.0 (compatible; DataForSeoBot/1.0; +https://dataforseo.com/dataforseo-bot)"
54.39.210.173 - - [14/Apr/2026:15:52:40 +0300] "GET /products/detail/21957587805 HTTP/1.1" 200 3831 "-" "Mozilla/5.0 (compatible; AhrefsBot/7.0; +http://ahrefs.com/robot/)"
136.243.228.194 - - [14/Apr/2026:15:52:44 +0300] "GET /products/detail/21972121817 HTTP/1.1" 200 3831 "-" "Mozilla/5.0 (compatible; DataForSeoBot/1.0; +https://dataforseo.com/dataforseo-bot)"
136.243.228.194 - - [14/Apr/2026:15:52:48 +0300] "GET /products/detail/21954912591 HTTP/1.1" 200 3831 "-" "Mozilla/5.0 (compatible; DataForSeoBot/1.0; +https://dataforseo.com/dataforseo-bot)"
136.243.228.194 - - [14/Apr/2026:15:52:52 +0300] "GET /products/detail/21975265091 HTTP/1.1" 200 3831 "-" "Mozilla/5.0 (compatible; DataForSeoBot/1.0; +https://dataforseo.com/dataforseo-bot)"
40.77.167.155 - - [14/Apr/2026:15:52:55 +0300] "GET /products/detail/21957633364 HTTP/1.1" 200 3831 "-" "Mozilla/5.0 AppleWebKit/537.36 (KHTML, like Gecko; compatible; bingbot/2.0; +http://www.bing.com/bingbot.htm) Chrome/116.0.1938.76 Safari/537.36"
136.243.228.194 - - [14/Apr/2026:15:52:56 +0300] "GET /products/detail/21982641717 HTTP/1.1" 200 3831 "-" "Mozilla/5.0 (compatible; DataForSeoBot/1.0; +https://dataforseo.com/dataforseo-bot)"
136.243.228.194 - - [14/Apr/2026:15:53:00 +0300] "GET /products/detail/21926055447 HTTP/1.1" 200 3831 "-" "Mozilla/5.0 (compatible; DataForSeoBot/1.0; +https://dataforseo.com/dataforseo-bot)"
157.55.39.204 - - [14/Apr/2026:15:53:04 +0300] "GET /products/detail/21944246938 HTTP/1.1" 200 3831 "-" "Mozilla/5.0 AppleWebKit/537.36 (KHTML, like Gecko; compatible; bingbot/2.0; +http://www.bing.com/bingbot.htm) Chrome/116.0.1938.76 Safari/537.36"
136.243.228.194 - - [14/Apr/2026:15:53:04 +0300] "GET /products/detail/21944286602 HTTP/1.1" 200 3831 "-" "Mozilla/5.0 (compatible; DataForSeoBot/1.0; +https://dataforseo.com/dataforseo-bot)"
136.243.228.194 - - [14/Apr/2026:15:53:08 +0300] "GET /products/detail/21923341647 HTTP/1.1" 200 3831 "-" "Mozilla/5.0 (compatible; DataForSeoBot/1.0; +https://dataforseo.com/dataforseo-bot)"
157.55.39.204 - - [14/Apr/2026:15:53:08 +0300] "GET /products/detail/21933511795 HTTP/1.1" 200 3831 "-" "Mozilla/5.0 AppleWebKit/537.36 (KHTML, like Gecko; compatible; bingbot/2.0; +http://www.bing.com/bingbot.htm) Chrome/116.0.1938.76 Safari/537.36"
157.55.39.204 - - [14/Apr/2026:15:53:11 +0300] "GET /products/detail/21923169822 HTTP/1.1" 200 3836 "-" "Mozilla/5.0 AppleWebKit/537.36 (KHTML, like Gecko; compatible; bingbot/2.0; +http://www.bing.com/bingbot.htm) Chrome/116.0.1938.76 Safari/537.36"
136.243.228.194 - - [14/Apr/2026:15:53:12 +0300] "GET /products/detail/21933769207 HTTP/1.1" 200 3831 "-" "Mozilla/5.0 (compatible; DataForSeoBot/1.0; +https://dataforseo.com/dataforseo-bot)"
157.55.39.204 - - [14/Apr/2026:15:53:14 +0300] "GET /products/detail/21936945661 HTTP/1.1" 200 17 "-" "Mozilla/5.0 AppleWebKit/537.36 (KHTML, like Gecko; compatible; bingbot/2.0; +http://www.bing.com/bingbot.htm) Chrome/116.0.1938.76 Safari/537.36"
136.243.228.194 - - [14/Apr/2026:15:53:16 +0300] "GET /products/detail/21982769712 HTTP/1.1" 200 3831 "-" "Mozilla/5.0 (compatible; DataForSeoBot/1.0; +https://dataforseo.com/dataforseo-bot)"
157.55.39.204 - - [14/Apr/2026:15:53:17 +0300] "GET /products/detail/219381603556 HTTP/1.1" 200 3831 "-" "Mozilla/5.0 AppleWebKit/537.36 (KHTML, like Gecko; compatible; bingbot/2.0; +http://www.bing.com/bingbot.htm) Chrome/116.0.1938.76 Safari/537.36"
136.243.228.194 - - [14/Apr/2026:15:53:20 +0300] "GET /products/detail/21962097337 HTTP/1.1" 200 3831 "-" "Mozilla/5.0 (compatible; DataForSeoBot/1.0; +https://dataforseo.com/dataforseo-bot)"
157.55.39.204 - - [14/Apr/2026:15:53:20 +0300] "GET /products/detail/21954945949 HTTP/1.1" 200 3831 "-" "Mozilla/5.0 AppleWebKit/537.36 (KHTML, like Gecko; compatible; bingbot/2.0; +http://www.bing.com/bingbot.htm) Chrome/116.0.1938.76 Safari/537.36"
157.55.39.204 - - [14/Apr/2026:15:53:23 +0300] "GET /products/detail/21926367149 HTTP/1.1" 200 3831 "-" "Mozilla/5.0 AppleWebKit/537.36 (KHTML, like Gecko; compatible; bingbot/2.0; +http://www.bing.com/bingbot.htm) Chrome/116.0.1938.76 Safari/537.36"
136.243.228.194 - - [14/Apr/2026:15:53:24 +0300] "GET /products/detail/21972471911 HTTP/1.1" 200 3831 "-" "Mozilla/5.0 (compatible; DataForSeoBot/1.0; +https://dataforseo.com/dataforseo-bot)"
136.243.228.194 - - [14/Apr/2026:15:53:28 +0300] "GET /products/detail/21954498234 HTTP/1.1" 200 3831 "-" "Mozilla/5.0 (compatible; DataForSeoBot/1.0; +https://dataforseo.com/dataforseo-bot)"
157.55.39.204 - - [14/Apr/2026:15:53:29 +0300] "GET /products/detail/219284323109 HTTP/1.1" 200 17 "-" "Mozilla/5.0 AppleWebKit/537.36 (KHTML, like Gecko; compatible; bingbot/2.0; +http://www.bing.com/bingbot.htm) Chrome/116.0.1938.76 Safari/537.36"
136.243.228.194 - - [14/Apr/2026:15:53:32 +0300] "GET /products/detail/21985629342 HTTP/1.1" 200 3831 "-" "Mozilla/5.0 (compatible; DataForSeoBot/1.0; +https://dataforseo.com/dataforseo-bot)"
157.55.39.204 - - [14/Apr/2026:15:53:32 +0300] "GET /products/detail/219711191230 HTTP/1.1" 200 3831 "-" "Mozilla/5.0 AppleWebKit/537.36 (KHTML, like Gecko; compatible; bingbot/2.0; +http://www.bing.com/bingbot.htm) Chrome/116.0.1938.76 Safari/537.36"
142.44.225.104 - - [14/Apr/2026:15:53:33 +0300] "GET /products/detail/21957555387 HTTP/1.1" 200 3831 "-" "Mozilla/5.0 (compatible; AhrefsBot/7.0; +http://ahrefs.com/robot/)"
136.243.228.194 - - [14/Apr/2026:15:53:36 +0300] "GET /products/detail/21972401747 HTTP/1.1" 200 3831 "-" "Mozilla/5.0 (compatible; DataForSeoBot/1.0; +https://dataforseo.com/dataforseo-bot)"
136.243.228.194 - - [14/Apr/2026:15:53:40 +0300] "GET /products/detail/21926211426 HTTP/1.1" 200 3831 "-" "Mozilla/5.0 (compatible; DataForSeoBot/1.0; +https://dataforseo.com/dataforseo-bot)"
136.243.228.194 - - [14/Apr/2026:15:53:44 +0300] "GET /products/detail/21975460691 HTTP/1.1" 200 3836 "-" "Mozilla/5.0 (compatible; DataForSeoBot/1.0; +https://dataforseo.com/dataforseo-bot)"
157.55.39.204 - - [14/Apr/2026:15:53:47 +0300] "GET /products/dryers/cca16995138905 HTTP/1.1" 200 3831 "-" "Mozilla/5.0 AppleWebKit/537.36 (KHTML, like Gecko; compatible; bingbot/2.0; +http://www.bing.com/bingbot.htm) Chrome/116.0.1938.76 Safari/537.36"
136.243.228.194 - - [14/Apr/2026:15:53:48 +0300] "GET /products/detail/21923191452 HTTP/1.1" 200 3831 "-" "Mozilla/5.0 (compatible; DataForSeoBot/1.0; +https://dataforseo.com/dataforseo-bot)"
157.55.39.204 - - [14/Apr/2026:15:53:49 +0300] "GET /products/detail/219564896525 HTTP/1.1" 200 3836 "-" "Mozilla/5.0 AppleWebKit/537.36 (KHTML, like Gecko; compatible; bingbot/2.0; +http://www.bing.com/bingbot.htm) Chrome/116.0.1938.76 Safari/537.36"
136.243.228.194 - - [14/Apr/2026:15:53:52 +0300] "GET /products/detail/21944121437 HTTP/1.1" 200 3831 "-" "Mozilla/5.0 (compatible; DataForSeoBot/1.0; +https://dataforseo.com/dataforseo-bot)"
136.243.228.194 - - [14/Apr/2026:15:53:56 +0300] "GET /products/detail/21947306171 HTTP/1.1" 200 3831 "-" "Mozilla/5.0 (compatible; DataForSeoBot/1.0; +https://dataforseo.com/dataforseo-bot)"
136.243.228.194 - - [14/Apr/2026:15:54:00 +0300] "GET /products/detail/21933526921 HTTP/1.1" 200 3836 "-" "Mozilla/5.0 (compatible; DataForSeoBot/1.0; +https://dataforseo.com/dataforseo-bot)"
136.243.228.194 - - [14/Apr/2026:15:54:04 +0300] "GET /products/detail/21936771007 HTTP/1.1" 200 3831 "-" "Mozilla/5.0 (compatible; DataForSeoBot/1.0; +https://dataforseo.com/dataforseo-bot)"
136.243.228.194 - - [14/Apr/2026:15:54:08 +0300] "GET /products/detail/21933505759 HTTP/1.1" 200 3831 "-" "Mozilla/5.0 (compatible; DataForSeoBot/1.0; +https://dataforseo.com/dataforseo-bot)"
136.243.228.194 - - [14/Apr/2026:15:54:12 +0300] "GET /products/detail/21936968386 HTTP/1.1" 200 3831 "-" "Mozilla/5.0 (compatible; DataForSeoBot/1.0; +https://dataforseo.com/dataforseo-bot)"
136.243.228.194 - - [14/Apr/2026:15:54:16 +0300] "GET /products/detail/21923272746 HTTP/1.1" 200 3831 "-" "Mozilla/5.0 (compatible; DataForSeoBot/1.0; +https://dataforseo.com/dataforseo-bot)"
136.243.228.194 - - [14/Apr/2026:15:54:20 +0300] "GET /products/detail/21975421121 HTTP/1.1" 200 3831 "-" "Mozilla/5.0 (compatible; DataForSeoBot/1.0; +https://dataforseo.com/dataforseo-bot)"
136.243.228.194 - - [14/Apr/2026:15:54:24 +0300] "GET /products/detail/21988668309 HTTP/1.1" 200 3836 "-" "Mozilla/5.0 (compatible; DataForSeoBot/1.0; +https://dataforseo.com/dataforseo-bot)"
136.243.228.194 - - [14/Apr/2026:15:54:28 +0300] "GET /products/detail/21972159491 HTTP/1.1" 200 3831 "-" "Mozilla/5.0 (compatible; DataForSeoBot/1.0; +https://dataforseo.com/dataforseo-bot)"
15.235.27.45 - - [14/Apr/2026:15:54:28 +0300] "GET /products/detail/21957536004 HTTP/1.1" 200 3831 "-" "Mozilla/5.0 (compatible; AhrefsBot/7.0; +http://ahrefs.com/robot/)"
136.243.228.194 - - [14/Apr/2026:15:54:32 +0300] "GET /products/detail/21944096567 HTTP/1.1" 200 3831 "-" "Mozilla/5.0 (compatible; DataForSeoBot/1.0; +https://dataforseo.com/dataforseo-bot)"
136.243.228.194 - - [14/Apr/2026:15:54:36 +0300] "GET /products/detail/21936761707 HTTP/1.1" 200 3831 "-" "Mozilla/5.0 (compatible; DataForSeoBot/1.0; +https://dataforseo.com/dataforseo-bot)"
136.243.228.194 - - [14/Apr/2026:15:54:40 +0300] "GET /products/detail/21978225386 HTTP/1.1" 200 3831 "-" "Mozilla/5.0 (compatible; DataForSeoBot/1.0; +https://dataforseo.com/dataforseo-bot)"
136.243.228.194 - - [14/Apr/2026:15:54:44 +0300] "GET /products/detail/21978278591 HTTP/1.1" 200 3831 "-" "Mozilla/5.0 (compatible; DataForSeoBot/1.0; +https://dataforseo.com/dataforseo-bot)"
40.77.167.155 - - [14/Apr/2026:15:54:44 +0300] "GET /products/detail/2194100297082 HTTP/1.1" 200 3831 "-" "Mozilla/5.0 AppleWebKit/537.36 (KHTML, like Gecko; compatible; bingbot/2.0; +http://www.bing.com/bingbot.htm) Chrome/116.0.1938.76 Safari/537.36"
40.77.167.155 - - [14/Apr/2026:15:54:47 +0300] "GET /products/detail/21923165825 HTTP/1.1" 200 3831 "-" "Mozilla/5.0 AppleWebKit/537.36 (KHTML, like Gecko; compatible; bingbot/2.0; +http://www.bing.com/bingbot.htm) Chrome/116.0.1938.76 Safari/537.36"
136.243.228.194 - - [14/Apr/2026:15:54:48 +0300] "GET /products/detail/21933542887 HTTP/1.1" 200 3831 "-" "Mozilla/5.0 (compatible; DataForSeoBot/1.0; +https://dataforseo.com/dataforseo-bot)"
136.243.228.194 - - [14/Apr/2026:15:54:52 +0300] "GET /products/detail/21936883309 HTTP/1.1" 200 3831 "-" "Mozilla/5.0 (compatible; DataForSeoBot/1.0; +https://dataforseo.com/dataforseo-bot)"
40.77.167.155 - - [14/Apr/2026:15:54:53 +0300] "GET /products/detail/21957828989 HTTP/1.1" 200 3831 "-" "Mozilla/5.0 AppleWebKit/537.36 (KHTML, like Gecko; compatible; bingbot/2.0; +http://www.bing.com/bingbot.htm) Chrome/116.0.1938.76 Safari/537.36"
40.77.167.155 - - [14/Apr/2026:15:54:50 +0300] "GET /products/detail/21923218006 HTTP/1.1" 200 17 "-" "Mozilla/5.0 AppleWebKit/537.36 (KHTML, like Gecko; compatible; bingbot/2.0; +http://www.bing.com/bingbot.htm) Chrome/116.0.1938.76 Safari/537.36"
136.243.228.194 - - [14/Apr/2026:15:54:56 +0300] "GET /products/detail/21972237752 HTTP/1.1" 200 3831 "-" "Mozilla/5.0 (compatible; DataForSeoBot/1.0; +https://dataforseo.com/dataforseo-bot)"
