40.77.167.155 - - [14/Apr/2026:15:54:59 +0300] "GET /products/detail/21923486394 HTTP/1.1" 200 17 "-" "Mozilla/5.0 AppleWebKit/537.36 (KHTML, like Gecko; compatible; bingbot/2.0; +http://www.bing.com/bingbot.htm) Chrome/116.0.1938.76 Safari/537.36"
136.243.228.194 - - [14/Apr/2026:15:55:00 +0300] "GET /products/detail/21962103667 HTTP/1.1" 200 3836 "-" "Mozilla/5.0 (compatible; DataForSeoBot/1.0; +https://dataforseo.com/dataforseo-bot)"
40.77.167.155 - - [14/Apr/2026:15:55:02 +0300] "GET /products/detail/21923116317 HTTP/1.1" 200 17 "-" "Mozilla/5.0 AppleWebKit/537.36 (KHTML, like Gecko; compatible; bingbot/2.0; +http://www.bing.com/bingbot.htm) Chrome/116.0.1938.76 Safari/537.36"
136.243.228.194 - - [14/Apr/2026:15:55:04 +0300] "GET /products/detail/21982762101 HTTP/1.1" 200 3831 "-" "Mozilla/5.0 (compatible; DataForSeoBot/1.0; +https://dataforseo.com/dataforseo-bot)"
136.243.228.194 - - [14/Apr/2026:15:55:08 +0300] "GET /products/detail/21954511767 HTTP/1.1" 200 3831 "-" "Mozilla/5.0 (compatible; DataForSeoBot/1.0; +https://dataforseo.com/dataforseo-bot)"
40.77.167.155 - - [14/Apr/2026:15:55:08 +0300] "GET /products/detail/21926392273 HTTP/1.1" 200 3831 "-" "Mozilla/5.0 AppleWebKit/537.36 (KHTML, like Gecko; compatible; bingbot/2.0; +http://www.bing.com/bingbot.htm) Chrome/116.0.1938.76 Safari/537.36"
136.243.228.194 - - [14/Apr/2026:15:55:12 +0300] "GET /products/detail/21972228902 HTTP/1.1" 200 3836 "-" "Mozilla/5.0 (compatible; DataForSeoBot/1.0; +https://dataforseo.com/dataforseo-bot)"
40.77.167.155 - - [14/Apr/2026:15:55:14 +0300] "GET /products/detail/21975437299 HTTP/1.1" 200 3831 "-" "Mozilla/5.0 AppleWebKit/537.36 (KHTML, like Gecko; compatible; bingbot/2.0; +http://www.bing.com/bingbot.htm) Chrome/116.0.1938.76 Safari/537.36"
136.243.228.194 - - [14/Apr/2026:15:55:16 +0300] "GET /products/detail/21985768776 HTTP/1.1" 200 3831 "-" "Mozilla/5.0 (compatible; DataForSeoBot/1.0; +https://dataforseo.com/dataforseo-bot)"
54.39.136.26 - - [14/Apr/2026:15:55:19 +0300] "GET /products/detail/21957525894 HTTP/1.1" 200 3831 "-" "Mozilla/5.0 (compatible; AhrefsBot/7.0; +http://ahrefs.com/robot/)"
136.243.228.194 - - [14/Apr/2026:15:55:20 +0300] "GET /products/detail/21954978552 HTTP/1.1" 200 3831 "-" "Mozilla/5.0 (compatible; DataForSeoBot/1.0; +https://dataforseo.com/dataforseo-bot)"
40.77.167.155 - - [14/Apr/2026:15:55:17 +0300] "GET /products/detail/21954768459 HTTP/1.1" 200 17 "-" "Mozilla/5.0 AppleWebKit/537.36 (KHTML, like Gecko; compatible; bingbot/2.0; +http://www.bing.com/bingbot.htm) Chrome/116.0.1938.76 Safari/537.36"
40.77.167.155 - - [14/Apr/2026:15:55:23 +0300] "GET /products/detail/21978317686 HTTP/1.1" 200 3831 "-" "Mozilla/5.0 AppleWebKit/537.36 (KHTML, like Gecko; compatible; bingbot/2.0; +http://www.bing.com/bingbot.htm) Chrome/116.0.1938.76 Safari/537.36"
136.243.228.194 - - [14/Apr/2026:15:55:24 +0300] "GET /products/detail/21988778634 HTTP/1.1" 200 3831 "-" "Mozilla/5.0 (compatible; DataForSeoBot/1.0; +https://dataforseo.com/dataforseo-bot)"
40.77.167.155 - - [14/Apr/2026:15:55:26 +0300] "GET /products/gadget/manuscript16921730668 HTTP/1.1" 200 3831 "-" "Mozilla/5.0 AppleWebKit/537.36 (KHTML, like Gecko; compatible; bingbot/2.0; +http://www.bing.com/bingbot.htm) Chrome/116.0.1938.76 Safari/537.36"
136.243.228.194 - - [14/Apr/2026:15:55:28 +0300] "GET /products/detail/21926432901 HTTP/1.1" 200 3831 "-" "Mozilla/5.0 (compatible; DataForSeoBot/1.0; +https://dataforseo.com/dataforseo-bot)"
40.77.167.155 - - [14/Apr/2026:15:55:29 +0300] "GET /products/detail/21923144941 HTTP/1.1" 200 3831 "-" "Mozilla/5.0 AppleWebKit/537.36 (KHTML, like Gecko; compatible; bingbot/2.0; +http://www.bing.com/bingbot.htm) Chrome/116.0.1938.76 Safari/537.36"
136.243.228.194 - - [14/Apr/2026:15:55:32 +0300] "GET /products/detail/21954782856 HTTP/1.1" 200 3831 "-" "Mozilla/5.0 (compatible; DataForSeoBot/1.0; +https://dataforseo.com/dataforseo-bot)"
40.77.167.155 - - [14/Apr/2026:15:55:33 +0300] "GET /products/detail/219428337899 HTTP/1.1" 200 3831 "-" "Mozilla/5.0 AppleWebKit/537.36 (KHTML, like Gecko; compatible; bingbot/2.0; +http://www.bing.com/bingbot.htm) Chrome/116.0.1938.76 Safari/537.36"
40.77.167.155 - - [14/Apr/2026:15:55:36 +0300] "GET /products/act/bizjournalshire168985439999 HTTP/1.1" 200 17 "-" "Mozilla/5.0 AppleWebKit/537.36 (KHTML, like Gecko; compatible; bingbot/2.0; +http://www.bing.com/bingbot.htm) Chrome/116.0.1938.76 Safari/537.36"
136.243.228.194 - - [14/Apr/2026:15:55:36 +0300] "GET /products/detail/21933640384 HTTP/1.1" 200 3831 "-" "Mozilla/5.0 (compatible; DataForSeoBot/1.0; +https://dataforseo.com/dataforseo-bot)"
40.77.167.155 - - [14/Apr/2026:15:55:39 +0300] "GET /products/detail/219811523445 HTTP/1.1" 200 3831 "-" "Mozilla/5.0 AppleWebKit/537.36 (KHTML, like Gecko; compatible; bingbot/2.0; +http://www.bing.com/bingbot.htm) Chrome/116.0.1938.76 Safari/537.36"
136.243.228.194 - - [14/Apr/2026:15:55:40 +0300] "GET /products/detail/21936752416 HTTP/1.1" 200 3831 "-" "Mozilla/5.0 (compatible; DataForSeoBot/1.0; +https://dataforseo.com/dataforseo-bot)"
136.243.228.194 - - [14/Apr/2026:15:55:44 +0300] "GET /products/detail/21933558934 HTTP/1.1" 200 3831 "-" "Mozilla/5.0 (compatible; DataForSeoBot/1.0; +https://dataforseo.com/dataforseo-bot)"
136.243.228.194 - - [14/Apr/2026:15:55:48 +0300] "GET /products/detail/21972284162 HTTP/1.1" 200 3831 "-" "Mozilla/5.0 (compatible; DataForSeoBot/1.0; +https://dataforseo.com/dataforseo-bot)"
40.77.167.155 - - [14/Apr/2026:15:55:48 +0300] "GET /products/detail/21936984011 HTTP/1.1" 200 3831 "-" "Mozilla/5.0 AppleWebKit/537.36 (KHTML, like Gecko; compatible; bingbot/2.0; +http://www.bing.com/bingbot.htm) Chrome/116.0.1938.76 Safari/537.36"
40.77.167.155 - - [14/Apr/2026:15:55:51 +0300] "GET /products/scrutiny/largo174427418587 HTTP/1.1" 200 3836 "-" "Mozilla/5.0 AppleWebKit/537.36 (KHTML, like Gecko; compatible; bingbot/2.0; +http://www.bing.com/bingbot.htm) Chrome/116.0.1938.76 Safari/537.36"
136.243.228.194 - - [14/Apr/2026:15:55:52 +0300] "GET /products/detail/21954545757 HTTP/1.1" 200 3831 "-" "Mozilla/5.0 (compatible; DataForSeoBot/1.0; +https://dataforseo.com/dataforseo-bot)"
40.77.167.155 - - [14/Apr/2026:15:55:54 +0300] "GET /products/detail/21923243781 HTTP/1.1" 200 3831 "-" "Mozilla/5.0 AppleWebKit/537.36 (KHTML, like Gecko; compatible; bingbot/2.0; +http://www.bing.com/bingbot.htm) Chrome/116.0.1938.76 Safari/537.36"
136.243.228.194 - - [14/Apr/2026:15:55:56 +0300] "GET /products/detail/21982684359 HTTP/1.1" 200 3831 "-" "Mozilla/5.0 (compatible; DataForSeoBot/1.0; +https://dataforseo.com/dataforseo-bot)"
40.77.167.155 - - [14/Apr/2026:15:55:57 +0300] "GET /products/detail/219555487353 HTTP/1.1" 200 3831 "-" "Mozilla/5.0 AppleWebKit/537.36 (KHTML, like Gecko; compatible; bingbot/2.0; +http://www.bing.com/bingbot.htm) Chrome/116.0.1938.76 Safari/537.36"
136.243.228.194 - - [14/Apr/2026:15:56:00 +0300] "GET /products/detail/21957494157 HTTP/1.1" 200 3831 "-" "Mozilla/5.0 (compatible; DataForSeoBot/1.0; +https://dataforseo.com/dataforseo-bot)"
40.77.167.155 - - [14/Apr/2026:15:56:03 +0300] "GET /products/detail/21941239078 HTTP/1.1" 200 3831 "-" "Mozilla/5.0 AppleWebKit/537.36 (KHTML, like Gecko; compatible; bingbot/2.0; +http://www.bing.com/bingbot.htm) Chrome/116.0.1938.76 Safari/537.36"
136.243.228.194 - - [14/Apr/2026:15:56:04 +0300] "GET /products/detail/21972267509 HTTP/1.1" 200 3831 "-" "Mozilla/5.0 (compatible; DataForSeoBot/1.0; +https://dataforseo.com/dataforseo-bot)"
40.77.167.155 - - [14/Apr/2026:15:56:06 +0300] "GET /products/detail/21933971757 HTTP/1.1" 200 17 "-" "Mozilla/5.0 AppleWebKit/537.36 (KHTML, like Gecko; compatible; bingbot/2.0; +http://www.bing.com/bingbot.htm) Chrome/116.0.1938.76 Safari/537.36"
136.243.228.194 - - [14/Apr/2026:15:56:08 +0300] "GET /products/detail/21923422551 HTTP/1.1" 200 3831 "-" "Mozilla/5.0 (compatible; DataForSeoBot/1.0; +https://dataforseo.com/dataforseo-bot)"
136.243.228.194 - - [14/Apr/2026:15:56:12 +0300] "GET /products/detail/21923219847 HTTP/1.1" 200 3831 "-" "Mozilla/5.0 (compatible; DataForSeoBot/1.0; +https://dataforseo.com/dataforseo-bot)"
40.77.167.155 - - [14/Apr/2026:15:56:12 +0300] "GET /products/detail/219324660867 HTTP/1.1" 200 3831 "-" "Mozilla/5.0 AppleWebKit/537.36 (KHTML, like Gecko; compatible; bingbot/2.0; +http://www.bing.com/bingbot.htm) Chrome/116.0.1938.76 Safari/537.36"
148.113.128.148 - - [14/Apr/2026:15:56:12 +0300] "GET /products/detail/21957520187 HTTP/1.1" 200 3831 "-" "Mozilla/5.0 (compatible; AhrefsBot/7.0; +http://ahrefs.com/robot/)"
40.77.167.155 - - [14/Apr/2026:15:56:15 +0300] "GET /products/detail/21933665373 HTTP/1.1" 200 3831 "-" "Mozilla/5.0 AppleWebKit/537.36 (KHTML, like Gecko; compatible; bingbot/2.0; +http://www.bing.com/bingbot.htm) Chrome/116.0.1938.76 Safari/537.36"
136.243.228.194 - - [14/Apr/2026:15:56:16 +0300] "GET /products/detail/21972321332 HTTP/1.1" 200 3831 "-" "Mozilla/5.0 (compatible; DataForSeoBot/1.0; +https://dataforseo.com/dataforseo-bot)"
40.77.167.155 - - [14/Apr/2026:15:56:18 +0300] "GET /products/detail/219765081661 HTTP/1.1" 200 3836 "-" "Mozilla/5.0 AppleWebKit/537.36 (KHTML, like Gecko; compatible; bingbot/2.0; +http://www.bing.com/bingbot.htm) Chrome/116.0.1938.76 Safari/537.36"
136.243.228.194 - - [14/Apr/2026:15:56:20 +0300] "GET /products/detail/21936523066 HTTP/1.1" 200 3831 "-" "Mozilla/5.0 (compatible; DataForSeoBot/1.0; +https://dataforseo.com/dataforseo-bot)"
136.243.228.194 - - [14/Apr/2026:15:56:24 +0300] "GET /products/detail/21985637472 HTTP/1.1" 200 3836 "-" "Mozilla/5.0 (compatible; DataForSeoBot/1.0; +https://dataforseo.com/dataforseo-bot)"
136.243.228.194 - - [14/Apr/2026:15:56:28 +0300] "GET /products/detail/21944078009 HTTP/1.1" 200 3831 "-" "Mozilla/5.0 (compatible; DataForSeoBot/1.0; +https://dataforseo.com/dataforseo-bot)"
136.243.228.194 - - [14/Apr/2026:15:56:32 +0300] "GET /products/detail/21978396434 HTTP/1.1" 200 3831 "-" "Mozilla/5.0 (compatible; DataForSeoBot/1.0; +https://dataforseo.com/dataforseo-bot)"
136.243.228.194 - - [14/Apr/2026:15:56:36 +0300] "GET /products/detail/21988657326 HTTP/1.1" 200 3836 "-" "Mozilla/5.0 (compatible; DataForSeoBot/1.0; +https://dataforseo.com/dataforseo-bot)"
136.243.228.194 - - [14/Apr/2026:15:56:40 +0300] "GET /products/detail/21944165306 HTTP/1.1" 200 3836 "-" "Mozilla/5.0 (compatible; DataForSeoBot/1.0; +https://dataforseo.com/dataforseo-bot)"
136.243.228.194 - - [14/Apr/2026:15:56:44 +0300] "GET /products/detail/21923427684 HTTP/1.1" 200 3831 "-" "Mozilla/5.0 (compatible; DataForSeoBot/1.0; +https://dataforseo.com/dataforseo-bot)"
136.243.228.194 - - [14/Apr/2026:15:56:48 +0300] "GET /products/detail/21944004587 HTTP/1.1" 200 3831 "-" "Mozilla/5.0 (compatible; DataForSeoBot/1.0; +https://dataforseo.com/dataforseo-bot)"
136.243.228.194 - - [14/Apr/2026:15:56:52 +0300] "GET /products/detail/21933591271 HTTP/1.1" 200 3831 "-" "Mozilla/5.0 (compatible; DataForSeoBot/1.0; +https://dataforseo.com/dataforseo-bot)"
136.243.228.194 - - [14/Apr/2026:15:56:56 +0300] "GET /products/detail/21975296009 HTTP/1.1" 200 3831 "-" "Mozilla/5.0 (compatible; DataForSeoBot/1.0; +https://dataforseo.com/dataforseo-bot)"
136.243.228.194 - - [14/Apr/2026:15:57:00 +0300] "GET /products/detail/21923306976 HTTP/1.1" 200 3836 "-" "Mozilla/5.0 (compatible; DataForSeoBot/1.0; +https://dataforseo.com/dataforseo-bot)"
136.243.228.194 - - [14/Apr/2026:15:57:04 +0300] "GET /products/detail/21975112661 HTTP/1.1" 200 3831 "-" "Mozilla/5.0 (compatible; DataForSeoBot/1.0; +https://dataforseo.com/dataforseo-bot)"
136.243.228.194 - - [14/Apr/2026:15:57:08 +0300] "GET /products/detail/21972413081 HTTP/1.1" 200 3836 "-" "Mozilla/5.0 (compatible; DataForSeoBot/1.0; +https://dataforseo.com/dataforseo-bot)"
136.243.228.194 - - [14/Apr/2026:15:57:12 +0300] "GET /products/detail/21954985926 HTTP/1.1" 200 3831 "-" "Mozilla/5.0 (compatible; DataForSeoBot/1.0; +https://dataforseo.com/dataforseo-bot)"
54.39.0.199 - - [14/Apr/2026:15:57:12 +0300] "GET /products/detail/21957515022 HTTP/1.1" 200 3831 "-" "Mozilla/5.0 (compatible; AhrefsBot/7.0; +http://ahrefs.com/robot/)"
136.243.228.194 - - [14/Apr/2026:15:57:16 +0300] "GET /products/detail/21972459857 HTTP/1.1" 200 3831 "-" "Mozilla/5.0 (compatible; DataForSeoBot/1.0; +https://dataforseo.com/dataforseo-bot)"
136.243.228.194 - - [14/Apr/2026:15:57:20 +0300] "GET /products/detail/21944071841 HTTP/1.1" 200 3836 "-" "Mozilla/5.0 (compatible; DataForSeoBot/1.0; +https://dataforseo.com/dataforseo-bot)"
136.243.228.194 - - [14/Apr/2026:15:57:24 +0300] "GET /products/detail/21923453484 HTTP/1.1" 200 3831 "-" "Mozilla/5.0 (compatible; DataForSeoBot/1.0; +https://dataforseo.com/dataforseo-bot)"
136.243.228.194 - - [14/Apr/2026:15:57:28 +0300] "GET /products/detail/21923381811 HTTP/1.1" 200 3831 "-" "Mozilla/5.0 (compatible; DataForSeoBot/1.0; +https://dataforseo.com/dataforseo-bot)"
136.243.228.194 - - [14/Apr/2026:15:57:32 +0300] "GET /products/detail/21972272222 HTTP/1.1" 200 3840 "-" "Mozilla/5.0 (compatible; DataForSeoBot/1.0; +https://dataforseo.com/dataforseo-bot)"
136.243.228.194 - - [14/Apr/2026:15:57:36 +0300] "GET /products/detail/21954927186 HTTP/1.1" 200 3836 "-" "Mozilla/5.0 (compatible; DataForSeoBot/1.0; +https://dataforseo.com/dataforseo-bot)"
136.243.228.194 - - [14/Apr/2026:15:57:40 +0300] "GET /products/detail/21985516467 HTTP/1.1" 200 3836 "-" "Mozilla/5.0 (compatible; DataForSeoBot/1.0; +https://dataforseo.com/dataforseo-bot)"
157.55.39.204 - - [14/Apr/2026:15:57:42 +0300] "GET /products/detail/2192277214 HTTP/1.1" 200 17 "-" "Mozilla/5.0 AppleWebKit/537.36 (KHTML, like Gecko; compatible; bingbot/2.0; +http://www.bing.com/bingbot.htm) Chrome/116.0.1938.76 Safari/537.36"
136.243.228.194 - - [14/Apr/2026:15:57:44 +0300] "GET /products/detail/21923351634 HTTP/1.1" 200 3836 "-" "Mozilla/5.0 (compatible; DataForSeoBot/1.0; +https://dataforseo.com/dataforseo-bot)"
136.243.228.194 - - [14/Apr/2026:15:57:48 +0300] "GET /products/detail/21944215982 HTTP/1.1" 200 3836 "-" "Mozilla/5.0 (compatible; DataForSeoBot/1.0; +https://dataforseo.com/dataforseo-bot)"
157.55.39.204 - - [14/Apr/2026:15:57:48 +0300] "GET /products/detail/21933539034 HTTP/1.1" 200 3836 "-" "Mozilla/5.0 AppleWebKit/537.36 (KHTML, like Gecko; compatible; bingbot/2.0; +http://www.bing.com/bingbot.htm) Chrome/116.0.1938.76 Safari/537.36"
157.55.39.204 - - [14/Apr/2026:15:57:51 +0300] "GET /products/detail/21985712223 HTTP/1.1" 200 3831 "-" "Mozilla/5.0 AppleWebKit/537.36 (KHTML, like Gecko; compatible; bingbot/2.0; +http://www.bing.com/bingbot.htm) Chrome/116.0.1938.76 Safari/537.36"
136.243.228.194 - - [14/Apr/2026:15:57:52 +0300] "GET /products/detail/21936930484 HTTP/1.1" 200 3831 "-" "Mozilla/5.0 (compatible; DataForSeoBot/1.0; +https://dataforseo.com/dataforseo-bot)"
157.55.39.204 - - [14/Apr/2026:15:57:54 +0300] "GET /products/detail/219723174021 HTTP/1.1" 200 3831 "-" "Mozilla/5.0 AppleWebKit/537.36 (KHTML, like Gecko; compatible; bingbot/2.0; +http://www.bing.com/bingbot.htm) Chrome/116.0.1938.76 Safari/537.36"
43.164.197.209 - - [14/Apr/2026:15:57:55 +0300] "GET /$fullpath?fileloc=/home/rootliftron/public_html/wp-cron.php&path=/home/rootliftron/public_html HTTP/1.1" 200 21548 "-" "Mozilla/5.0 (iPhone; CPU iPhone OS 13_2_3 like Mac OS X) AppleWebKit/605.1.15 (KHTML, like Gecko) Version/13.0.3 Mobile/15E148 Safari/604.1"
136.243.228.194 - - [14/Apr/2026:15:57:56 +0300] "GET /products/detail/21947464259 HTTP/1.1" 200 3831 "-" "Mozilla/5.0 (compatible; DataForSeoBot/1.0; +https://dataforseo.com/dataforseo-bot)"
157.55.39.204 - - [14/Apr/2026:15:57:57 +0300] "GET /products/detail/21936646355 HTTP/1.1" 200 3836 "-" "Mozilla/5.0 AppleWebKit/537.36 (KHTML, like Gecko; compatible; bingbot/2.0; +http://www.bing.com/bingbot.htm) Chrome/116.0.1938.76 Safari/537.36"
157.55.39.204 - - [14/Apr/2026:15:58:00 +0300] "GET /products/detail/219215151891 HTTP/1.1" 200 17 "-" "Mozilla/5.0 AppleWebKit/537.36 (KHTML, like Gecko; compatible; bingbot/2.0; +http://www.bing.com/bingbot.htm) Chrome/116.0.1938.76 Safari/537.36"
136.243.228.194 - - [14/Apr/2026:15:58:00 +0300] "GET /products/detail/21972274592 HTTP/1.1" 200 3836 "-" "Mozilla/5.0 (compatible; DataForSeoBot/1.0; +https://dataforseo.com/dataforseo-bot)"
157.55.39.204 - - [14/Apr/2026:15:58:03 +0300] "GET /products/detail/219491367540 HTTP/1.1" 200 17 "-" "Mozilla/5.0 AppleWebKit/537.36 (KHTML, like Gecko; compatible; bingbot/2.0; +http://www.bing.com/bingbot.htm) Chrome/116.0.1938.76 Safari/537.36"
136.243.228.194 - - [14/Apr/2026:15:58:04 +0300] "GET /products/detail/21947160056 HTTP/1.1" 200 3836 "-" "Mozilla/5.0 (compatible; DataForSeoBot/1.0; +https://dataforseo.com/dataforseo-bot)"
51.222.168.165 - - [14/Apr/2026:15:58:05 +0300] "GET /products/detail/21957509694 HTTP/1.1" 200 3836 "-" "Mozilla/5.0 (compatible; AhrefsBot/7.0; +http://ahrefs.com/robot/)"
136.243.228.194 - - [14/Apr/2026:15:58:08 +0300] "GET /products/detail/21936604984 HTTP/1.1" 200 3831 "-" "Mozilla/5.0 (compatible; DataForSeoBot/1.0; +https://dataforseo.com/dataforseo-bot)"
136.243.228.194 - - [14/Apr/2026:15:58:13 +0300] "GET /products/detail/21944444462 HTTP/1.1" 200 3831 "-" "Mozilla/5.0 (compatible; DataForSeoBot/1.0; +https://dataforseo.com/dataforseo-bot)"
157.55.39.204 - - [14/Apr/2026:15:58:19 +0300] "GET /products/detail/21982545644 HTTP/1.1" 200 17 "-" "Mozilla/5.0 AppleWebKit/537.36 (KHTML, like Gecko; compatible; bingbot/2.0; +http://www.bing.com/bingbot.htm) Chrome/116.0.1938.76 Safari/537.36"
157.55.39.204 - - [14/Apr/2026:15:58:24 +0300] "GET /products/detail/21929277911 HTTP/1.1" 200 17 "-" "Mozilla/5.0 AppleWebKit/537.36 (KHTML, like Gecko; compatible; bingbot/2.0; +http://www.bing.com/bingbot.htm) Chrome/116.0.1938.76 Safari/537.36"
157.55.39.204 - - [14/Apr/2026:15:58:31 +0300] "GET /products/detail/219425205424 HTTP/1.1" 200 17 "-" "Mozilla/5.0 AppleWebKit/537.36 (KHTML, like Gecko; compatible; bingbot/2.0; +http://www.bing.com/bingbot.htm) Chrome/116.0.1938.76 Safari/537.36"
157.55.39.204 - - [14/Apr/2026:15:58:34 +0300] "GET /products/detail/219422132956 HTTP/1.1" 200 3836 "-" "Mozilla/5.0 AppleWebKit/537.36 (KHTML, like Gecko; compatible; bingbot/2.0; +http://www.bing.com/bingbot.htm) Chrome/116.0.1938.76 Safari/537.36"
157.55.39.204 - - [14/Apr/2026:15:58:37 +0300] "GET /products/detail/21982670199 HTTP/1.1" 200 3831 "-" "Mozilla/5.0 AppleWebKit/537.36 (KHTML, like Gecko; compatible; bingbot/2.0; +http://www.bing.com/bingbot.htm) Chrome/116.0.1938.76 Safari/537.36"
157.55.39.204 - - [14/Apr/2026:15:58:40 +0300] "GET /products/detail/219555669430 HTTP/1.1" 200 17 "-" "Mozilla/5.0 AppleWebKit/537.36 (KHTML, like Gecko; compatible; bingbot/2.0; +http://www.bing.com/bingbot.htm) Chrome/116.0.1938.76 Safari/537.36"
157.55.39.204 - - [14/Apr/2026:15:58:43 +0300] "GET /products/detail/21926064522 HTTP/1.1" 200 3831 "-" "Mozilla/5.0 AppleWebKit/537.36 (KHTML, like Gecko; compatible; bingbot/2.0; +http://www.bing.com/bingbot.htm) Chrome/116.0.1938.76 Safari/537.36"
157.55.39.204 - - [14/Apr/2026:15:58:49 +0300] "GET /products/detail/21982533309 HTTP/1.1" 200 3836 "-" "Mozilla/5.0 AppleWebKit/537.36 (KHTML, like Gecko; compatible; bingbot/2.0; +http://www.bing.com/bingbot.htm) Chrome/116.0.1938.76 Safari/537.36"
157.55.39.204 - - [14/Apr/2026:15:58:55 +0300] "GET /products/detail/21957526042 HTTP/1.1" 200 17 "-" "Mozilla/5.0 AppleWebKit/537.36 (KHTML, like Gecko; compatible; bingbot/2.0; +http://www.bing.com/bingbot.htm) Chrome/116.0.1938.76 Safari/537.36"
157.55.39.204 - - [14/Apr/2026:15:59:01 +0300] "GET /products/detail/21985848694 HTTP/1.1" 200 17 "-" "Mozilla/5.0 AppleWebKit/537.36 (KHTML, like Gecko; compatible; bingbot/2.0; +http://www.bing.com/bingbot.htm) Chrome/116.0.1938.76 Safari/537.36"
136.243.228.194 - - [14/Apr/2026:15:59:03 +0300] "GET /products/detail/21972453884 HTTP/1.1" 200 3831 "-" "Mozilla/5.0 (compatible; DataForSeoBot/1.0; +https://dataforseo.com/dataforseo-bot)"
157.55.39.204 - - [14/Apr/2026:15:59:04 +0300] "GET /products/loader/brokerage16921651407 HTTP/1.1" 200 3831 "-" "Mozilla/5.0 AppleWebKit/537.36 (KHTML, like Gecko; compatible; bingbot/2.0; +http://www.bing.com/bingbot.htm) Chrome/116.0.1938.76 Safari/537.36"
136.243.228.194 - - [14/Apr/2026:15:59:07 +0300] "GET /products/detail/21982758309 HTTP/1.1" 200 3831 "-" "Mozilla/5.0 (compatible; DataForSeoBot/1.0; +https://dataforseo.com/dataforseo-bot)"
136.243.228.194 - - [14/Apr/2026:15:59:11 +0300] "GET /products/detail/21933950371 HTTP/1.1" 200 3831 "-" "Mozilla/5.0 (compatible; DataForSeoBot/1.0; +https://dataforseo.com/dataforseo-bot)"
142.44.233.168 - - [14/Apr/2026:15:59:11 +0300] "GET /products/detail/21957500232 HTTP/1.1" 200 3831 "-" "Mozilla/5.0 (compatible; AhrefsBot/7.0; +http://ahrefs.com/robot/)"
136.243.228.194 - - [14/Apr/2026:15:59:15 +0300] "GET /products/detail/21965052697 HTTP/1.1" 200 3831 "-" "Mozilla/5.0 (compatible; DataForSeoBot/1.0; +https://dataforseo.com/dataforseo-bot)"
157.55.39.204 - - [14/Apr/2026:15:59:16 +0300] "GET /products/siding/seems16942881487 HTTP/1.1" 200 3831 "-" "Mozilla/5.0 AppleWebKit/537.36 (KHTML, like Gecko; compatible; bingbot/2.0; +http://www.bing.com/bingbot.htm) Chrome/116.0.1938.76 Safari/537.36"
157.55.39.204 - - [14/Apr/2026:15:59:19 +0300] "GET /products/detail/219312545480 HTTP/1.1" 200 17 "-" "Mozilla/5.0 AppleWebKit/537.36 (KHTML, like Gecko; compatible; bingbot/2.0; +http://www.bing.com/bingbot.htm) Chrome/116.0.1938.76 Safari/537.36"
136.243.228.194 - - [14/Apr/2026:15:59:19 +0300] "GET /products/detail/21923014782 HTTP/1.1" 200 3831 "-" "Mozilla/5.0 (compatible; DataForSeoBot/1.0; +https://dataforseo.com/dataforseo-bot)"
157.55.39.204 - - [14/Apr/2026:15:59:22 +0300] "GET /products/detail/21947164104 HTTP/1.1" 200 3831 "-" "Mozilla/5.0 AppleWebKit/537.36 (KHTML, like Gecko; compatible; bingbot/2.0; +http://www.bing.com/bingbot.htm) Chrome/116.0.1938.76 Safari/537.36"
136.243.228.194 - - [14/Apr/2026:15:59:23 +0300] "GET /products/detail/21923386872 HTTP/1.1" 200 3836 "-" "Mozilla/5.0 (compatible; DataForSeoBot/1.0; +https://dataforseo.com/dataforseo-bot)"
157.55.39.204 - - [14/Apr/2026:15:59:25 +0300] "GET /products/detail/219543856599 HTTP/1.1" 200 3831 "-" "Mozilla/5.0 AppleWebKit/537.36 (KHTML, like Gecko; compatible; bingbot/2.0; +http://www.bing.com/bingbot.htm) Chrome/116.0.1938.76 Safari/537.36"
136.243.228.194 - - [14/Apr/2026:15:59:27 +0300] "GET /products/detail/21978151277 HTTP/1.1" 200 3836 "-" "Mozilla/5.0 (compatible; DataForSeoBot/1.0; +https://dataforseo.com/dataforseo-bot)"
136.243.228.194 - - [14/Apr/2026:15:59:31 +0300] "GET /products/detail/21936678412 HTTP/1.1" 200 3836 "-" "Mozilla/5.0 (compatible; DataForSeoBot/1.0; +https://dataforseo.com/dataforseo-bot)"
157.55.39.204 - - [14/Apr/2026:15:59:27 +0300] "GET /products/detail/219384578783 HTTP/1.1" 200 17 "-" "Mozilla/5.0 AppleWebKit/537.36 (KHTML, like Gecko; compatible; bingbot/2.0; +http://www.bing.com/bingbot.htm) Chrome/116.0.1938.76 Safari/537.36"
136.243.228.194 - - [14/Apr/2026:15:59:35 +0300] "GET /products/detail/21982709832 HTTP/1.1" 200 3836 "-" "Mozilla/5.0 (compatible; DataForSeoBot/1.0; +https://dataforseo.com/dataforseo-bot)"
136.243.228.194 - - [14/Apr/2026:15:59:39 +0300] "GET /products/detail/21975342656 HTTP/1.1" 200 3836 "-" "Mozilla/5.0 (compatible; DataForSeoBot/1.0; +https://dataforseo.com/dataforseo-bot)"
136.243.228.194 - - [14/Apr/2026:15:59:43 +0300] "GET /products/detail/21982631259 HTTP/1.1" 200 3831 "-" "Mozilla/5.0 (compatible; DataForSeoBot/1.0; +https://dataforseo.com/dataforseo-bot)"
136.243.228.194 - - [14/Apr/2026:15:59:47 +0300] "GET /products/detail/21982502676 HTTP/1.1" 200 3831 "-" "Mozilla/5.0 (compatible; DataForSeoBot/1.0; +https://dataforseo.com/dataforseo-bot)"
136.243.228.194 - - [14/Apr/2026:15:59:51 +0300] "GET /products/detail/21923458671 HTTP/1.1" 200 3831 "-" "Mozilla/5.0 (compatible; DataForSeoBot/1.0; +https://dataforseo.com/dataforseo-bot)"
136.243.228.194 - - [14/Apr/2026:15:59:55 +0300] "GET /products/detail/21975436922 HTTP/1.1" 200 3831 "-" "Mozilla/5.0 (compatible; DataForSeoBot/1.0; +https://dataforseo.com/dataforseo-bot)"
136.243.228.194 - - [14/Apr/2026:15:59:59 +0300] "GET /products/detail/21982566906 HTTP/1.1" 200 3831 "-" "Mozilla/5.0 (compatible; DataForSeoBot/1.0; +https://dataforseo.com/dataforseo-bot)"
136.243.228.194 - - [14/Apr/2026:16:00:03 +0300] "GET /products/detail/21982695222 HTTP/1.1" 200 3836 "-" "Mozilla/5.0 (compatible; DataForSeoBot/1.0; +https://dataforseo.com/dataforseo-bot)"
136.243.228.194 - - [14/Apr/2026:16:00:07 +0300] "GET /products/detail/21972407396 HTTP/1.1" 200 3836 "-" "Mozilla/5.0 (compatible; DataForSeoBot/1.0; +https://dataforseo.com/dataforseo-bot)"
51.161.37.133 - - [14/Apr/2026:16:00:10 +0300] "GET /products/detail/21954995316 HTTP/1.1" 200 3836 "-" "Mozilla/5.0 (compatible; AhrefsBot/7.0; +http://ahrefs.com/robot/)"
136.243.228.194 - - [14/Apr/2026:16:00:11 +0300] "GET /products/detail/21982687971 HTTP/1.1" 200 3836 "-" "Mozilla/5.0 (compatible; DataForSeoBot/1.0; +https://dataforseo.com/dataforseo-bot)"
136.243.228.194 - - [14/Apr/2026:16:00:15 +0300] "GET /products/detail/21972289001 HTTP/1.1" 200 3831 "-" "Mozilla/5.0 (compatible; DataForSeoBot/1.0; +https://dataforseo.com/dataforseo-bot)"
136.243.228.194 - - [14/Apr/2026:16:00:19 +0300] "GET /products/detail/21985987059 HTTP/1.1" 200 3831 "-" "Mozilla/5.0 (compatible; DataForSeoBot/1.0; +https://dataforseo.com/dataforseo-bot)"
136.243.228.194 - - [14/Apr/2026:16:00:24 +0300] "GET /products/detail/21944345192 HTTP/1.1" 200 3831 "-" "Mozilla/5.0 (compatible; DataForSeoBot/1.0; +https://dataforseo.com/dataforseo-bot)"
136.243.228.194 - - [14/Apr/2026:16:00:27 +0300] "GET /products/detail/21923495232 HTTP/1.1" 200 3831 "-" "Mozilla/5.0 (compatible; DataForSeoBot/1.0; +https://dataforseo.com/dataforseo-bot)"
40.77.167.68 - - [14/Apr/2026:16:00:29 +0300] "GET /products/detail/219434334475 HTTP/1.1" 200 17 "-" "Mozilla/5.0 AppleWebKit/537.36 (KHTML, like Gecko; compatible; bingbot/2.0; +http://www.bing.com/bingbot.htm) Chrome/116.0.1938.76 Safari/537.36"
136.243.228.194 - - [14/Apr/2026:16:00:31 +0300] "GET /products/detail/21988547991 HTTP/1.1" 200 3831 "-" "Mozilla/5.0 (compatible; DataForSeoBot/1.0; +https://dataforseo.com/dataforseo-bot)"
136.243.228.194 - - [14/Apr/2026:16:00:36 +0300] "GET /products/detail/21933707002 HTTP/1.1" 200 3831 "-" "Mozilla/5.0 (compatible; DataForSeoBot/1.0; +https://dataforseo.com/dataforseo-bot)"
40.77.167.68 - - [14/Apr/2026:16:00:37 +0300] "GET /products/detail/219212137093 HTTP/1.1" 200 3836 "-" "Mozilla/5.0 AppleWebKit/537.36 (KHTML, like Gecko; compatible; bingbot/2.0; +http://www.bing.com/bingbot.htm) Chrome/116.0.1938.76 Safari/537.36"
136.243.228.194 - - [14/Apr/2026:16:00:39 +0300] "GET /products/detail/21926141742 HTTP/1.1" 200 3831 "-" "Mozilla/5.0 (compatible; DataForSeoBot/1.0; +https://dataforseo.com/dataforseo-bot)"
136.243.228.194 - - [14/Apr/2026:16:00:43 +0300] "GET /products/detail/21929069691 HTTP/1.1" 200 3831 "-" "Mozilla/5.0 (compatible; DataForSeoBot/1.0; +https://dataforseo.com/dataforseo-bot)"
136.243.228.194 - - [14/Apr/2026:16:00:47 +0300] "GET /products/detail/21923094621 HTTP/1.1" 200 3831 "-" "Mozilla/5.0 (compatible; DataForSeoBot/1.0; +https://dataforseo.com/dataforseo-bot)"
40.77.167.68 - - [14/Apr/2026:16:00:48 +0300] "GET /products/detail/21951876572 HTTP/1.1" 200 17 "-" "Mozilla/5.0 AppleWebKit/537.36 (KHTML, like Gecko; compatible; bingbot/2.0; +http://www.bing.com/bingbot.htm) Chrome/116.0.1938.76 Safari/537.36"
136.243.228.194 - - [14/Apr/2026:16:00:51 +0300] "GET /products/detail/21936541207 HTTP/1.1" 200 3831 "-" "Mozilla/5.0 (compatible; DataForSeoBot/1.0; +https://dataforseo.com/dataforseo-bot)"
136.243.228.194 - - [14/Apr/2026:16:00:55 +0300] "GET /products/detail/21923391942 HTTP/1.1" 200 3836 "-" "Mozilla/5.0 (compatible; DataForSeoBot/1.0; +https://dataforseo.com/dataforseo-bot)"
136.243.228.194 - - [14/Apr/2026:16:00:59 +0300] "GET /products/detail/21972258191 HTTP/1.1" 200 3831 "-" "Mozilla/5.0 (compatible; DataForSeoBot/1.0; +https://dataforseo.com/dataforseo-bot)"
54.39.0.241 - - [14/Apr/2026:16:01:01 +0300] "GET /products/detail/21954990940 HTTP/1.1" 200 3831 "-" "Mozilla/5.0 (compatible; AhrefsBot/7.0; +http://ahrefs.com/robot/)"
136.243.228.194 - - [14/Apr/2026:16:01:03 +0300] "GET /products/detail/21988679301 HTTP/1.1" 200 3831 "-" "Mozilla/5.0 (compatible; DataForSeoBot/1.0; +https://dataforseo.com/dataforseo-bot)"
157.55.39.204 - - [14/Apr/2026:16:01:04 +0300] "GET /products/jet/periodicals16995230608 HTTP/1.1" 200 3831 "-" "Mozilla/5.0 AppleWebKit/537.36 (KHTML, like Gecko; compatible; bingbot/2.0; +http://www.bing.com/bingbot.htm) Chrome/116.0.1938.76 Safari/537.36"
157.55.39.204 - - [14/Apr/2026:16:01:07 +0300] "GET /products/detail/219768268688 HTTP/1.1" 200 3831 "-" "Mozilla/5.0 AppleWebKit/537.36 (KHTML, like Gecko; compatible; bingbot/2.0; +http://www.bing.com/bingbot.htm) Chrome/116.0.1938.76 Safari/537.36"
136.243.228.194 - - [14/Apr/2026:16:01:07 +0300] "GET /products/detail/21923336667 HTTP/1.1" 200 3836 "-" "Mozilla/5.0 (compatible; DataForSeoBot/1.0; +https://dataforseo.com/dataforseo-bot)"
157.55.39.204 - - [14/Apr/2026:16:01:10 +0300] "GET /products/detail/21957695027 HTTP/1.1" 200 3831 "-" "Mozilla/5.0 AppleWebKit/537.36 (KHTML, like Gecko; compatible; bingbot/2.0; +http://www.bing.com/bingbot.htm) Chrome/116.0.1938.76 Safari/537.36"
157.55.39.204 - - [14/Apr/2026:16:01:13 +0300] "GET /products/detail/21957826769 HTTP/1.1" 200 3831 "-" "Mozilla/5.0 AppleWebKit/537.36 (KHTML, like Gecko; compatible; bingbot/2.0; +http://www.bing.com/bingbot.htm) Chrome/116.0.1938.76 Safari/537.36"
157.55.39.204 - - [14/Apr/2026:16:01:16 +0300] "GET /products/detail/219714117121 HTTP/1.1" 200 3831 "-" "Mozilla/5.0 AppleWebKit/537.36 (KHTML, like Gecko; compatible; bingbot/2.0; +http://www.bing.com/bingbot.htm) Chrome/116.0.1938.76 Safari/537.36"
136.243.228.194 - - [14/Apr/2026:16:01:16 +0300] "GET /products/detail/21975327071 HTTP/1.1" 200 3836 "-" "Mozilla/5.0 (compatible; DataForSeoBot/1.0; +https://dataforseo.com/dataforseo-bot)"
157.55.39.204 - - [14/Apr/2026:16:01:19 +0300] "GET /products/detail/21939898051 HTTP/1.1" 200 3831 "-" "Mozilla/5.0 AppleWebKit/537.36 (KHTML, like Gecko; compatible; bingbot/2.0; +http://www.bing.com/bingbot.htm) Chrome/116.0.1938.76 Safari/537.36"
136.243.228.194 - - [14/Apr/2026:16:01:20 +0300] "GET /products/detail/21985500486 HTTP/1.1" 200 3831 "-" "Mozilla/5.0 (compatible; DataForSeoBot/1.0; +https://dataforseo.com/dataforseo-bot)"
157.55.39.204 - - [14/Apr/2026:16:01:21 +0300] "GET /products/detail/21944417936 HTTP/1.1" 200 3831 "-" "Mozilla/5.0 AppleWebKit/537.36 (KHTML, like Gecko; compatible; bingbot/2.0; +http://www.bing.com/bingbot.htm) Chrome/116.0.1938.76 Safari/537.36"
136.243.228.194 - - [14/Apr/2026:16:01:24 +0300] "GET /products/detail/21978130184 HTTP/1.1" 200 3831 "-" "Mozilla/5.0 (compatible; DataForSeoBot/1.0; +https://dataforseo.com/dataforseo-bot)"
157.55.39.204 - - [14/Apr/2026:16:01:24 +0300] "GET /products/detail/2193622610 HTTP/1.1" 200 3836 "-" "Mozilla/5.0 AppleWebKit/537.36 (KHTML, like Gecko; compatible; bingbot/2.0; +http://www.bing.com/bingbot.htm) Chrome/116.0.1938.76 Safari/537.36"
136.243.228.194 - - [14/Apr/2026:16:01:28 +0300] "GET /products/detail/21962111782 HTTP/1.1" 200 3836 "-" "Mozilla/5.0 (compatible; DataForSeoBot/1.0; +https://dataforseo.com/dataforseo-bot)"
136.243.228.194 - - [14/Apr/2026:16:01:32 +0300] "GET /products/detail/21975158012 HTTP/1.1" 200 3831 "-" "Mozilla/5.0 (compatible; DataForSeoBot/1.0; +https://dataforseo.com/dataforseo-bot)"
136.243.228.194 - - [14/Apr/2026:16:01:36 +0300] "GET /products/detail/21982724586 HTTP/1.1" 200 3831 "-" "Mozilla/5.0 (compatible; DataForSeoBot/1.0; +https://dataforseo.com/dataforseo-bot)"
136.243.228.194 - - [14/Apr/2026:16:01:40 +0300] "GET /products/detail/21985978551 HTTP/1.1" 200 3831 "-" "Mozilla/5.0 (compatible; DataForSeoBot/1.0; +https://dataforseo.com/dataforseo-bot)"
40.77.167.68 - - [14/Apr/2026:16:01:42 +0300] "GET /products/detail/219287065954 HTTP/1.1" 200 3831 "-" "Mozilla/5.0 AppleWebKit/537.36 (KHTML, like Gecko; compatible; bingbot/2.0; +http://www.bing.com/bingbot.htm) Chrome/116.0.1938.76 Safari/537.36"
136.243.228.194 - - [14/Apr/2026:16:01:44 +0300] "GET /products/detail/21988701312 HTTP/1.1" 200 3831 "-" "Mozilla/5.0 (compatible; DataForSeoBot/1.0; +https://dataforseo.com/dataforseo-bot)"
40.77.167.68 - - [14/Apr/2026:16:01:47 +0300] "GET /products/detail/21923048561 HTTP/1.1" 200 17 "-" "Mozilla/5.0 AppleWebKit/537.36 (KHTML, like Gecko; compatible; bingbot/2.0; +http://www.bing.com/bingbot.htm) Chrome/116.0.1938.76 Safari/537.36"
136.243.228.194 - - [14/Apr/2026:16:01:48 +0300] "GET /products/detail/21954825777 HTTP/1.1" 200 3831 "-" "Mozilla/5.0 (compatible; DataForSeoBot/1.0; +https://dataforseo.com/dataforseo-bot)"
136.243.228.194 - - [14/Apr/2026:16:01:52 +0300] "GET /products/detail/21972376772 HTTP/1.1" 200 3831 "-" "Mozilla/5.0 (compatible; DataForSeoBot/1.0; +https://dataforseo.com/dataforseo-bot)"
136.243.228.194 - - [14/Apr/2026:16:01:56 +0300] "GET /products/detail/21982812216 HTTP/1.1" 200 3831 "-" "Mozilla/5.0 (compatible; DataForSeoBot/1.0; +https://dataforseo.com/dataforseo-bot)"
136.243.228.194 - - [14/Apr/2026:16:02:00 +0300] "GET /products/detail/21954832962 HTTP/1.1" 200 3831 "-" "Mozilla/5.0 (compatible; DataForSeoBot/1.0; +https://dataforseo.com/dataforseo-bot)"
136.243.228.194 - - [14/Apr/2026:16:02:04 +0300] "GET /products/detail/21972163286 HTTP/1.1" 200 3831 "-" "Mozilla/5.0 (compatible; DataForSeoBot/1.0; +https://dataforseo.com/dataforseo-bot)"
65.108.125.120 - - [14/Apr/2026:16:02:06 +0300] "GET /robots.txt HTTP/1.1" 200 347 "-" "Mozilla/5.0 (compatible; MJ12bot/v1.4.8; http://mj12bot.com/)"
167.114.139.196 - - [14/Apr/2026:16:02:07 +0300] "GET /products/detail/21954990699 HTTP/1.1" 200 3833 "-" "Mozilla/5.0 (compatible; AhrefsBot/7.0; +http://ahrefs.com/robot/)"
65.108.125.120 - - [14/Apr/2026:16:02:08 +0300] "GET /?fileloc=/home/rootliftron/public_html/008af/index.php&path=/home/rootliftron/public_html/008af HTTP/1.1" 200 2877 "-" "Mozilla/5.0 (compatible; MJ12bot/v1.4.8; http://mj12bot.com/)"
136.243.228.194 - - [14/Apr/2026:16:02:08 +0300] "GET /products/detail/21975196052 HTTP/1.1" 200 3831 "-" "Mozilla/5.0 (compatible; DataForSeoBot/1.0; +https://dataforseo.com/dataforseo-bot)"
40.77.167.68 - - [14/Apr/2026:16:02:11 +0300] "GET /products/detail/21923317505 HTTP/1.1" 200 3836 "-" "Mozilla/5.0 AppleWebKit/537.36 (KHTML, like Gecko; compatible; bingbot/2.0; +http://www.bing.com/bingbot.htm) Chrome/116.0.1938.76 Safari/537.36"
65.108.125.120 - - [14/Apr/2026:16:02:11 +0300] "GET /?fileloc=/home/rootliftron/public_html/0b5900/index.php&path=/home/rootliftron/public_html/0b5900 HTTP/1.1" 200 15194 "-" "Mozilla/5.0 (compatible; MJ12bot/v1.4.8; http://mj12bot.com/)"
136.243.228.194 - - [14/Apr/2026:16:02:59 +0300] "GET /products/detail/21985621221 HTTP/1.1" 200 3831 "-" "Mozilla/5.0 (compatible; DataForSeoBot/1.0; +https://dataforseo.com/dataforseo-bot)"
136.243.228.194 - - [14/Apr/2026:16:03:03 +0300] "GET /products/detail/21923331696 HTTP/1.1" 200 3831 "-" "Mozilla/5.0 (compatible; DataForSeoBot/1.0; +https://dataforseo.com/dataforseo-bot)"
54.39.203.38 - - [14/Apr/2026:16:03:04 +0300] "GET /products/detail/21954983714 HTTP/1.1" 200 3831 "-" "Mozilla/5.0 (compatible; AhrefsBot/7.0; +http://ahrefs.com/robot/)"
136.243.228.194 - - [14/Apr/2026:16:03:07 +0300] "GET /products/detail/21972387782 HTTP/1.1" 200 3831 "-" "Mozilla/5.0 (compatible; DataForSeoBot/1.0; +https://dataforseo.com/dataforseo-bot)"
136.243.228.194 - - [14/Apr/2026:16:03:11 +0300] "GET /products/detail/21936911587 HTTP/1.1" 200 3836 "-" "Mozilla/5.0 (compatible; DataForSeoBot/1.0; +https://dataforseo.com/dataforseo-bot)"
136.243.228.194 - - [14/Apr/2026:16:03:15 +0300] "GET /products/detail/21978267932 HTTP/1.1" 200 3836 "-" "Mozilla/5.0 (compatible; DataForSeoBot/1.0; +https://dataforseo.com/dataforseo-bot)"
136.243.228.194 - - [14/Apr/2026:16:03:19 +0300] "GET /products/detail/21923489982 HTTP/1.1" 200 3831 "-" "Mozilla/5.0 (compatible; DataForSeoBot/1.0; +https://dataforseo.com/dataforseo-bot)"
136.243.228.194 - - [14/Apr/2026:16:03:23 +0300] "GET /products/detail/21923321781 HTTP/1.1" 200 3831 "-" "Mozilla/5.0 (compatible; DataForSeoBot/1.0; +https://dataforseo.com/dataforseo-bot)"
136.243.228.194 - - [14/Apr/2026:16:03:27 +0300] "GET /products/detail/21936743134 HTTP/1.1" 200 3831 "-" "Mozilla/5.0 (compatible; DataForSeoBot/1.0; +https://dataforseo.com/dataforseo-bot)"
136.243.228.194 - - [14/Apr/2026:16:03:31 +0300] "GET /products/detail/21972194942 HTTP/1.1" 200 3836 "-" "Mozilla/5.0 (compatible; DataForSeoBot/1.0; +https://dataforseo.com/dataforseo-bot)"
136.243.228.194 - - [14/Apr/2026:16:03:35 +0300] "GET /products/detail/21933511036 HTTP/1.1" 200 3831 "-" "Mozilla/5.0 (compatible; DataForSeoBot/1.0; +https://dataforseo.com/dataforseo-bot)"
136.243.228.194 - - [14/Apr/2026:16:03:39 +0300] "GET /products/detail/21944090372 HTTP/1.1" 200 3831 "-" "Mozilla/5.0 (compatible; DataForSeoBot/1.0; +https://dataforseo.com/dataforseo-bot)"
136.243.228.194 - - [14/Apr/2026:16:03:43 +0300] "GET /products/detail/21944010656 HTTP/1.1" 200 3831 "-" "Mozilla/5.0 (compatible; DataForSeoBot/1.0; +https://dataforseo.com/dataforseo-bot)"
136.243.228.194 - - [14/Apr/2026:16:03:47 +0300] "GET /products/detail/21972418802 HTTP/1.1" 200 3831 "-" "Mozilla/5.0 (compatible; DataForSeoBot/1.0; +https://dataforseo.com/dataforseo-bot)"
136.243.228.194 - - [14/Apr/2026:16:03:51 +0300] "GET /products/detail/21923010432 HTTP/1.1" 200 3831 "-" "Mozilla/5.0 (compatible; DataForSeoBot/1.0; +https://dataforseo.com/dataforseo-bot)"
136.243.228.194 - - [14/Apr/2026:16:03:55 +0300] "GET /products/detail/21975492509 HTTP/1.1" 200 3831 "-" "Mozilla/5.0 (compatible; DataForSeoBot/1.0; +https://dataforseo.com/dataforseo-bot)"
136.243.228.194 - - [14/Apr/2026:16:03:59 +0300] "GET /products/detail/21944464559 HTTP/1.1" 200 3831 "-" "Mozilla/5.0 (compatible; DataForSeoBot/1.0; +https://dataforseo.com/dataforseo-bot)"
136.243.228.194 - - [14/Apr/2026:16:04:03 +0300] "GET /products/detail/21923099142 HTTP/1.1" 200 3831 "-" "Mozilla/5.0 (compatible; DataForSeoBot/1.0; +https://dataforseo.com/dataforseo-bot)"
142.44.225.58 - - [14/Apr/2026:16:04:06 +0300] "GET /products/detail/21954976864 HTTP/1.1" 200 3831 "-" "Mozilla/5.0 (compatible; AhrefsBot/7.0; +http://ahrefs.com/robot/)"
136.243.228.194 - - [14/Apr/2026:16:04:07 +0300] "GET /products/detail/21972148322 HTTP/1.1" 200 3831 "-" "Mozilla/5.0 (compatible; DataForSeoBot/1.0; +https://dataforseo.com/dataforseo-bot)"
136.243.228.194 - - [14/Apr/2026:16:04:11 +0300] "GET /products/detail/21926038296 HTTP/1.1" 200 3836 "-" "Mozilla/5.0 (compatible; DataForSeoBot/1.0; +https://dataforseo.com/dataforseo-bot)"
136.243.228.194 - - [14/Apr/2026:16:04:15 +0300] "GET /products/detail/21985919247 HTTP/1.1" 200 3836 "-" "Mozilla/5.0 (compatible; DataForSeoBot/1.0; +https://dataforseo.com/dataforseo-bot)"
136.243.228.194 - - [14/Apr/2026:16:04:19 +0300] "GET /products/detail/21975429017 HTTP/1.1" 200 3831 "-" "Mozilla/5.0 (compatible; DataForSeoBot/1.0; +https://dataforseo.com/dataforseo-bot)"
136.243.228.194 - - [14/Apr/2026:16:04:23 +0300] "GET /products/detail/21972474947 HTTP/1.1" 200 3831 "-" "Mozilla/5.0 (compatible; DataForSeoBot/1.0; +https://dataforseo.com/dataforseo-bot)"
136.243.228.194 - - [14/Apr/2026:16:04:27 +0300] "GET /products/detail/21982950477 HTTP/1.1" 200 3831 "-" "Mozilla/5.0 (compatible; DataForSeoBot/1.0; +https://dataforseo.com/dataforseo-bot)"
136.243.228.194 - - [14/Apr/2026:16:04:31 +0300] "GET /products/detail/21944471276 HTTP/1.1" 200 3831 "-" "Mozilla/5.0 (compatible; DataForSeoBot/1.0; +https://dataforseo.com/dataforseo-bot)"
136.243.228.194 - - [14/Apr/2026:16:04:35 +0300] "GET /products/detail/21947111801 HTTP/1.1" 200 3831 "-" "Mozilla/5.0 (compatible; DataForSeoBot/1.0; +https://dataforseo.com/dataforseo-bot)"
136.243.228.194 - - [14/Apr/2026:16:04:39 +0300] "GET /products/detail/21957879876 HTTP/1.1" 200 3831 "-" "Mozilla/5.0 (compatible; DataForSeoBot/1.0; +https://dataforseo.com/dataforseo-bot)"
136.243.228.194 - - [14/Apr/2026:16:04:43 +0300] "GET /products/detail/21947474216 HTTP/1.1" 200 3831 "-" "Mozilla/5.0 (compatible; DataForSeoBot/1.0; +https://dataforseo.com/dataforseo-bot)"
136.243.228.194 - - [14/Apr/2026:16:04:47 +0300] "GET /products/detail/21954919884 HTTP/1.1" 200 3831 "-" "Mozilla/5.0 (compatible; DataForSeoBot/1.0; +https://dataforseo.com/dataforseo-bot)"
40.77.167.68 - - [14/Apr/2026:16:04:48 +0300] "GET /products/detail/21978410067 HTTP/1.1" 200 3836 "-" "Mozilla/5.0 AppleWebKit/537.36 (KHTML, like Gecko; compatible; bingbot/2.0; +http://www.bing.com/bingbot.htm) Chrome/116.0.1938.76 Safari/537.36"
136.243.228.194 - - [14/Apr/2026:16:04:51 +0300] "GET /products/detail/21936595846 HTTP/1.1" 200 3836 "-" "Mozilla/5.0 (compatible; DataForSeoBot/1.0; +https://dataforseo.com/dataforseo-bot)"
136.243.228.194 - - [14/Apr/2026:16:04:55 +0300] "GET /products/detail/21968098612 HTTP/1.1" 200 3831 "-" "Mozilla/5.0 (compatible; DataForSeoBot/1.0; +https://dataforseo.com/dataforseo-bot)"
136.243.228.194 - - [14/Apr/2026:16:04:59 +0300] "GET /products/detail/21933596692 HTTP/1.1" 200 3831 "-" "Mozilla/5.0 (compatible; DataForSeoBot/1.0; +https://dataforseo.com/dataforseo-bot)"
142.44.228.132 - - [14/Apr/2026:16:05:00 +0300] "GET /products/detail/21954976256 HTTP/1.1" 200 3831 "-" "Mozilla/5.0 (compatible; AhrefsBot/7.0; +http://ahrefs.com/robot/)"
136.243.228.194 - - [14/Apr/2026:16:05:03 +0300] "GET /products/detail/21972450911 HTTP/1.1" 200 3836 "-" "Mozilla/5.0 (compatible; DataForSeoBot/1.0; +https://dataforseo.com/dataforseo-bot)"
136.243.228.194 - - [14/Apr/2026:16:05:07 +0300] "GET /products/detail/21923182059 HTTP/1.1" 200 3831 "-" "Mozilla/5.0 (compatible; DataForSeoBot/1.0; +https://dataforseo.com/dataforseo-bot)"
136.243.228.194 - - [14/Apr/2026:16:05:11 +0300] "GET /products/detail/21957838662 HTTP/1.1" 200 3831 "-" "Mozilla/5.0 (compatible; DataForSeoBot/1.0; +https://dataforseo.com/dataforseo-bot)"
136.243.228.194 - - [14/Apr/2026:16:05:15 +0300] "GET /products/detail/21933553576 HTTP/1.1" 200 3831 "-" "Mozilla/5.0 (compatible; DataForSeoBot/1.0; +https://dataforseo.com/dataforseo-bot)"
136.243.228.194 - - [14/Apr/2026:16:05:19 +0300] "GET /products/detail/21923032272 HTTP/1.1" 200 3831 "-" "Mozilla/5.0 (compatible; DataForSeoBot/1.0; +https://dataforseo.com/dataforseo-bot)"
49.51.245.241 - - [14/Apr/2026:16:05:22 +0300] "GET /$fullpath?path=/home/rootliftron HTTP/1.1" 200 60003 "-" "Mozilla/5.0 (iPhone; CPU iPhone OS 13_2_3 like Mac OS X) AppleWebKit/605.1.15 (KHTML, like Gecko) Version/13.0.3 Mobile/15E148 Safari/604.1"
136.243.228.194 - - [14/Apr/2026:16:05:23 +0300] "GET /products/detail/21972379511 HTTP/1.1" 200 3831 "-" "Mozilla/5.0 (compatible; DataForSeoBot/1.0; +https://dataforseo.com/dataforseo-bot)"
136.243.228.194 - - [14/Apr/2026:16:05:27 +0300] "GET /products/detail/21982754526 HTTP/1.1" 200 3831 "-" "Mozilla/5.0 (compatible; DataForSeoBot/1.0; +https://dataforseo.com/dataforseo-bot)"
136.243.228.194 - - [14/Apr/2026:16:05:31 +0300] "GET /products/detail/21968077609 HTTP/1.1" 200 3831 "-" "Mozilla/5.0 (compatible; DataForSeoBot/1.0; +https://dataforseo.com/dataforseo-bot)"
136.243.228.194 - - [14/Apr/2026:16:05:35 +0300] "GET /products/detail/21947296367 HTTP/1.1" 200 3831 "-" "Mozilla/5.0 (compatible; DataForSeoBot/1.0; +https://dataforseo.com/dataforseo-bot)"
136.243.228.194 - - [14/Apr/2026:16:05:39 +0300] "GET /products/detail/21957524136 HTTP/1.1" 200 3831 "-" "Mozilla/5.0 (compatible; DataForSeoBot/1.0; +https://dataforseo.com/dataforseo-bot)"
136.243.228.194 - - [14/Apr/2026:16:05:43 +0300] "GET /products/detail/21965015512 HTTP/1.1" 200 3831 "-" "Mozilla/5.0 (compatible; DataForSeoBot/1.0; +https://dataforseo.com/dataforseo-bot)"
136.243.228.194 - - [14/Apr/2026:16:05:47 +0300] "GET /products/detail/21988624431 HTTP/1.1" 200 3836 "-" "Mozilla/5.0 (compatible; DataForSeoBot/1.0; +https://dataforseo.com/dataforseo-bot)"
136.243.228.194 - - [14/Apr/2026:16:05:51 +0300] "GET /products/detail/21978407201 HTTP/1.1" 200 3831 "-" "Mozilla/5.0 (compatible; DataForSeoBot/1.0; +https://dataforseo.com/dataforseo-bot)"
136.243.228.194 - - [14/Apr/2026:16:05:55 +0300] "GET /products/detail/21978257282 HTTP/1.1" 200 3831 "-" "Mozilla/5.0 (compatible; DataForSeoBot/1.0; +https://dataforseo.com/dataforseo-bot)"
136.243.228.194 - - [14/Apr/2026:16:05:59 +0300] "GET /products/detail/21936921031 HTTP/1.1" 200 3836 "-" "Mozilla/5.0 (compatible; DataForSeoBot/1.0; +https://dataforseo.com/dataforseo-bot)"
40.77.167.68 - - [14/Apr/2026:16:06:02 +0300] "GET /products/detail/21936757138 HTTP/1.1" 200 17 "-" "Mozilla/5.0 AppleWebKit/537.36 (KHTML, like Gecko; compatible; bingbot/2.0; +http://www.bing.com/bingbot.htm) Chrome/116.0.1938.76 Safari/537.36"
136.243.228.194 - - [14/Apr/2026:16:06:03 +0300] "GET /products/detail/21946996907 HTTP/1.1" 200 3831 "-" "Mozilla/5.0 (compatible; DataForSeoBot/1.0; +https://dataforseo.com/dataforseo-bot)"
136.243.228.194 - - [14/Apr/2026:16:06:07 +0300] "GET /products/detail/21962095777 HTTP/1.1" 200 3836 "-" "Mozilla/5.0 (compatible; DataForSeoBot/1.0; +https://dataforseo.com/dataforseo-bot)"
136.243.228.194 - - [14/Apr/2026:16:06:11 +0300] "GET /products/detail/21985719267 HTTP/1.1" 200 3831 "-" "Mozilla/5.0 (compatible; DataForSeoBot/1.0; +https://dataforseo.com/dataforseo-bot)"
40.77.167.68 - - [14/Apr/2026:16:06:11 +0300] "GET /products/detail/21947103900 HTTP/1.1" 200 3831 "-" "Mozilla/5.0 AppleWebKit/537.36 (KHTML, like Gecko; compatible; bingbot/2.0; +http://www.bing.com/bingbot.htm) Chrome/116.0.1938.76 Safari/537.36"
51.222.168.109 - - [14/Apr/2026:16:06:13 +0300] "GET /products/detail/21954967480 HTTP/1.1" 200 3836 "-" "Mozilla/5.0 (compatible; AhrefsBot/7.0; +http://ahrefs.com/robot/)"
136.243.228.194 - - [14/Apr/2026:16:06:15 +0300] "GET /products/detail/21933651397 HTTP/1.1" 200 3831 "-" "Mozilla/5.0 (compatible; DataForSeoBot/1.0; +https://dataforseo.com/dataforseo-bot)"
136.243.228.194 - - [14/Apr/2026:16:06:19 +0300] "GET /products/detail/21985893966 HTTP/1.1" 200 3831 "-" "Mozilla/5.0 (compatible; DataForSeoBot/1.0; +https://dataforseo.com/dataforseo-bot)"
136.243.228.194 - - [14/Apr/2026:16:06:24 +0300] "GET /products/detail/21972249017 HTTP/1.1" 200 3831 "-" "Mozilla/5.0 (compatible; DataForSeoBot/1.0; +https://dataforseo.com/dataforseo-bot)"
136.243.228.194 - - [14/Apr/2026:16:06:27 +0300] "GET /products/detail/21923103672 HTTP/1.1" 200 3831 "-" "Mozilla/5.0 (compatible; DataForSeoBot/1.0; +https://dataforseo.com/dataforseo-bot)"
157.55.39.7 - - [14/Apr/2026:16:06:28 +0300] "GET /products/detail/21968027187 HTTP/1.1" 200 3831 "-" "Mozilla/5.0 AppleWebKit/537.36 (KHTML, like Gecko; compatible; bingbot/2.0; +http://www.bing.com/bingbot.htm) Chrome/116.0.1938.76 Safari/537.36"
136.243.228.194 - - [14/Apr/2026:16:06:31 +0300] "GET /products/detail/21982570212 HTTP/1.1" 200 3831 "-" "Mozilla/5.0 (compatible; DataForSeoBot/1.0; +https://dataforseo.com/dataforseo-bot)"
157.55.39.7 - - [14/Apr/2026:16:06:34 +0300] "GET /products/nu/bst17026692121 HTTP/1.1" 200 3836 "-" "Mozilla/5.0 AppleWebKit/537.36 (KHTML, like Gecko; compatible; bingbot/2.0; +http://www.bing.com/bingbot.htm) Chrome/116.0.1938.76 Safari/537.36"
136.243.228.194 - - [14/Apr/2026:16:06:35 +0300] "GET /products/detail/21954775734 HTTP/1.1" 200 3831 "-" "Mozilla/5.0 (compatible; DataForSeoBot/1.0; +https://dataforseo.com/dataforseo-bot)"
52.167.144.20 - - [14/Apr/2026:16:06:37 +0300] "GET /products/detail/21933954416 HTTP/1.1" 200 3831 "-" "Mozilla/5.0 AppleWebKit/537.36 (KHTML, like Gecko; compatible; bingbot/2.0; +http://www.bing.com/bingbot.htm) Chrome/116.0.1938.76 Safari/537.36"
136.243.228.194 - - [14/Apr/2026:16:06:40 +0300] "GET /products/detail/21982971687 HTTP/1.1" 200 3831 "-" "Mozilla/5.0 (compatible; DataForSeoBot/1.0; +https://dataforseo.com/dataforseo-bot)"
52.167.144.20 - - [14/Apr/2026:16:06:40 +0300] "GET /products/detail/219369805955 HTTP/1.1" 200 3831 "-" "Mozilla/5.0 AppleWebKit/537.36 (KHTML, like Gecko; compatible; bingbot/2.0; +http://www.bing.com/bingbot.htm) Chrome/116.0.1938.76 Safari/537.36"
136.243.228.194 - - [14/Apr/2026:16:06:43 +0300] "GET /products/detail/21954669984 HTTP/1.1" 200 3831 "-" "Mozilla/5.0 (compatible; DataForSeoBot/1.0; +https://dataforseo.com/dataforseo-bot)"
52.167.144.20 - - [14/Apr/2026:16:06:43 +0300] "GET /products/detail/219482311581 HTTP/1.1" 200 3831 "-" "Mozilla/5.0 AppleWebKit/537.36 (KHTML, like Gecko; compatible; bingbot/2.0; +http://www.bing.com/bingbot.htm) Chrome/116.0.1938.76 Safari/537.36"
52.167.144.20 - - [14/Apr/2026:16:06:46 +0300] "GET /products/detail/21926115762 HTTP/1.1" 200 17 "-" "Mozilla/5.0 AppleWebKit/537.36 (KHTML, like Gecko; compatible; bingbot/2.0; +http://www.bing.com/bingbot.htm) Chrome/116.0.1938.76 Safari/537.36"
136.243.228.194 - - [14/Apr/2026:16:06:47 +0300] "GET /products/detail/21962110141 HTTP/1.1" 200 3831 "-" "Mozilla/5.0 (compatible; DataForSeoBot/1.0; +https://dataforseo.com/dataforseo-bot)"
52.167.144.20 - - [14/Apr/2026:16:06:49 +0300] "GET /products/detail/21941157695 HTTP/1.1" 200 3831 "-" "Mozilla/5.0 AppleWebKit/537.36 (KHTML, like Gecko; compatible; bingbot/2.0; +http://www.bing.com/bingbot.htm) Chrome/116.0.1938.76 Safari/537.36"
136.243.228.194 - - [14/Apr/2026:16:06:51 +0300] "GET /products/detail/21923463867 HTTP/1.1" 200 3831 "-" "Mozilla/5.0 (compatible; DataForSeoBot/1.0; +https://dataforseo.com/dataforseo-bot)"
52.167.144.20 - - [14/Apr/2026:16:06:52 +0300] "GET /products/detail/21933578899 HTTP/1.1" 200 3836 "-" "Mozilla/5.0 AppleWebKit/537.36 (KHTML, like Gecko; compatible; bingbot/2.0; +http://www.bing.com/bingbot.htm) Chrome/116.0.1938.76 Safari/537.36"
